000
CXUS55 KLBF 011200
CF6LBF
PRELIMINARY LOCAL CLIMATOLOGICAL DATA (WS FORM: F-6)
STATION: NORTH PLATTE
MONTH: SEPTEMBER
YEAR: 2020
LATITUDE: 41 7 N
LONGITUDE: 100 41 W
TEMPERATURE IN F: :PCPN: SNOW: WIND :SUNSHINE: SKY :PK WND
================================================================================
1 2 3 4 5 6A 6B 7 8 9 10 11 12 13 14 15 16 17 18
12Z AVG MX 2MIN
DY MAX MIN AVG DEP HDD CDD WTR SNW DPTH SPD SPD DIR MIN PSBL S-S WX SPD DR
================================================================================
1 86 50 68 0 0 3 T 0.0 0 4.3 16 270 M M 3 23 250
2 91 43 67 -1 0 2 0.00 0.0 0 5.0 13 170 M M 0 21 210
3 83 52 68 0 0 3 0.00 0.0 0 9.1 26 20 M M 0 39 10
4 92 52 72 5 0 7 0.00 0.0 0 8.1 17 240 M M 0 25 240
5 101 52 77 10 0 12 0.00 0.0 0 8.4 20 180 M M 0 30 170
6 97 55 76 9 0 11 0.00 0.0 0 8.6 20 60 M M 0 32 50
7 77 47 62 -4 3 0 0.00 0.0 0 13.7 31 30 M M 1 3 47 30
8 48 40 44 -22 21 0 0.29 0.0 0 15.6 29 30 M M 9 3 40 10
9 49 38 44 -21 21 0 0.08 T 0 6.5 15 10 M M 10 4 22 360
10 64 40 52 -13 13 0 0.00 0.0 0 3.7 15 120 M M 6 19 110
11 68 51 60 -4 5 0 0.16 0.0 0 6.1 20 260 M M 10 1 26 250
12 79 42 61 -3 4 0 0.00 0.0 0 6.3 18 310 M M 1 24 300
13 89 41 65 1 0 0 0.00 0.0 0 3.3 10 110 M M 0 1 17 130
14 86 47 67 4 0 2 0.00 0.0 0 7.4 18 180 M M 0 25 160
15 88 50 69 6 0 4 0.00 0.0 0 6.2 17 170 M M 0 24 200
16 74 47 61 -1 4 0 0.00 0.0 0 7.1 20 30 M M 0 29 30
17 80 39 60 -2 5 0 0.00 0.0 0 5.9 15 170 M M 0 1 24 190
18 82 48 65 4 0 0 0.00 0.0 0 9.9 18 120 M M 1 1 29 150
19 87 55 71 10 0 6 0.00 0.0 0 13.4 26 160 M M 0 39 150
20 85 60 73 13 0 8 T 0.0 0 6.0 17 170 M M 0 28 170
21 86 56 71 11 0 6 0.06 0.0 0 6.8 22 120 M M 0 28 110
22 89 49 69 10 0 4 0.00 0.0 0 6.8 16 200 M M 0 8 21 180
23 95 47 71 12 0 6 0.00 0.0 0 4.3 13 290 M M 0 17 300
24 90 45 68 10 0 3 0.00 0.0 0 5.7 12 10 M M 0 14 10
25 87 47 67 9 0 2 0.00 0.0 0 6.0 17 320 M M 0 25 320
26 90 48 69 11 0 4 0.00 0.0 0 7.1 26 30 M M 2 8 35 360
27 69 40 55 -2 10 0 T 0.0 0 12.6 29 310 M M 4 41 320
28 68 34 51 -6 14 0 0.00 0.0 0 13.6 31 330 M M 0 43 310
29 85 30 58 2 7 0 0.00 0.0 0 7.6 22 300 M M 0 30 300
30 70 40 55 -1 10 0 0.00 0.0 0 12.7 28 330 M M 1 39 320
================================================================================
SM 2435 1385 117 83 0.59 T 237.8 M 48
================================================================================
AV 81.2 46.2 7.9 FASTST M M 2 MAX(MPH)
MISC ----> # 31 30 # 47 30
================================================================================
NOTES:
# LAST OF SEVERAL OCCURRENCES
COLUMN 17 PEAK WIND IN M.P.H.
PRELIMINARY LOCAL CLIMATOLOGICAL DATA (WS FORM: F-6) , PAGE 2
STATION: NORTH PLATTE
MONTH: SEPTEMBER
YEAR: 2020
LATITUDE: 41 7 N
LONGITUDE: 100 41 W
[TEMPERATURE DATA] [PRECIPITATION DATA] SYMBOLS USED IN COLUMN 16
AVERAGE MONTHLY: 63.7 TOTAL FOR MONTH: 0.59 1 = FOG OR MIST
DPTR FM NORMAL: 1.4 DPTR FM NORMAL: -0.82 2 = FOG REDUCING VISIBILITY
HIGHEST: 101 ON 5 GRTST 24HR 0.29 ON 8- 8 TO 1/4 MILE OR LESS
LOWEST: 30 ON 29 3 = THUNDER
SNOW, ICE PELLETS, HAIL 4 = ICE PELLETS
TOTAL MONTH: T 5 = HAIL
GRTST 24HR T ON 9- 9 6 = FREEZING RAIN OR DRIZZLE
GRTST DEPTH: 0 7 = DUSTSTORM OR SANDSTORM:
VSBY 1/2 MILE OR LESS
8 = SMOKE OR HAZE
[NO. OF DAYS WITH] [WEATHER - DAYS WITH] 9 = BLOWING SNOW
X = TORNADO
MAX 32 OR BELOW: 0 0.01 INCH OR MORE: 4
MAX 90 OR ABOVE: 7 0.10 INCH OR MORE: 2
MIN 32 OR BELOW: 1 0.50 INCH OR MORE: 0
MIN 0 OR BELOW: 0 1.00 INCH OR MORE: 0
[HDD (BASE 65) ]
TOTAL THIS MO. 117 CLEAR (SCALE 0-3) 25
DPTR FM NORMAL -34 PTCLDY (SCALE 4-7) 2
TOTAL FM JUL 1 117 CLOUDY (SCALE 8-10) 3
DPTR FM NORMAL -54
[CDD (BASE 65) ]
TOTAL THIS MO. 83
DPTR FM NORMAL 13 [PRESSURE DATA]
TOTAL FM JAN 1 1116 HIGHEST SLP 30.50 ON 9
DPTR FM NORMAL 351 LOWEST SLP 29.59 ON 26
[REMARKS]
#FINAL-09-20#