000
CXUS55 KLBF 011200
CF6LBF
PRELIMINARY LOCAL CLIMATOLOGICAL DATA (WS FORM: F-6)
STATION: NORTH PLATTE
MONTH: FEBRUARY
YEAR: 2020
LATITUDE: 41 7 N
LONGITUDE: 100 41 W
TEMPERATURE IN F: :PCPN: SNOW: WIND :SUNSHINE: SKY :PK WND
================================================================================
1 2 3 4 5 6A 6B 7 8 9 10 11 12 13 14 15 16 17 18
12Z AVG MX 2MIN
DY MAX MIN AVG DEP HDD CDD WTR SNW DPTH SPD SPD DIR MIN PSBL S-S WX SPD DR
================================================================================
1 65 22 44 18 21 0 0.00 0.0 0 10.7 25 310 M M 0 33 310
2 74 28 51 25 14 0 0.00 0.0 0 11.1 24 70 M M 0 35 90
3 33 24 29 3 36 0 0.00 0.0 0 20.3 36 60 M M 10 50 60
4 28 21 25 -1 40 0 0.01 0.1 0 11.8 23 50 M M 9 1 29 60
5 33 13 23 -4 42 0 0.01 0.2 T 6.3 17 270 M M 6 1 24 250
6 44 12 28 1 37 0 0.00 0.0 0 9.3 20 330 M M 4 25 320
7 38 19 29 2 36 0 T T T 3.7 13 40 M M 8 1 17 40
8 56 16 36 9 29 0 0.00 0.0 0 7.2 23 200 M M 3 29 200
9 40 20 30 3 35 0 0.00 0.0 0 12.4 29 10 M M 6 41 10
10 47 15 31 3 34 0 0.00 0.0 0 8.0 22 340 M M 2 29 340
11 44 11 28 0 37 0 0.00 0.0 0 9.6 24 240 M M 0 36 230
12 45 11 28 0 37 0 0.00 0.0 0 14.5 32 10 M M 4 45 10
13 26 6 16 -12 49 0 T T 0 6.8 15 210 M M 7 20 190
14 48 13 31 2 34 0 0.00 0.0 0 14.0 23 200 M M 0 32 200
15 52 17 35 6 30 0 0.00 0.0 0 7.1 15 330 M M 2 21 330
16 55 17 36 7 29 0 T 0.0 0 7.3 21 200 M M 5 29 210
17 45 23 34 5 31 0 T 0.0 0 9.1 22 20 M M 5 29 360
18 45 19 32 2 33 0 0.00 0.0 0 5.5 20 60 M M 5 26 70
19 24 -5 10 -20 55 0 0.14 4.1 0 10.6 20 60 M M 9 1 25 70
20 37 -9 14 -16 51 0 0.00 0.0 4 6.9 16 210 M M 2 8 22 220
21 57 10 34 3 31 0 0.00 0.0 T 5.1 12 270 M M 0 15 260
22 63 16 40 9 25 0 0.00 0.0 0 5.8 21 330 M M 0 29 330
23 57 23 40 9 25 0 0.00 0.0 0 6.2 25 50 M M 2 32 50
24 53 20 37 5 28 0 0.01 0.2 T 7.8 21 330 M M 7 1 31 340
25 33 13 23 -9 42 0 0.17 2.4 1 15.7 26 60 M M 9 1 35 50
26 34 4 19 -13 46 0 0.00 0.0 2 6.7 16 250 M M 3 1 21 240
27 43 17 30 -2 35 0 0.01 T T 7.9 22 340 M M 6 1 30 20
28 56 19 38 5 27 0 0.00 0.0 0 9.1 25 340 M M 0 35 340
29 69 22 46 13 19 0 0.00 0.0 0 4.9 17 300 M M 0 21 310
================================================================================
SM 1344 437 988 0 0.35 7.0 261.4 M 114
================================================================================
AV 46.3 15.1 9.0 FASTST M M 4 MAX(MPH)
MISC ----> # 36 60 # 50 60
================================================================================
NOTES:
# LAST OF SEVERAL OCCURRENCES
COLUMN 17 PEAK WIND IN M.P.H.
PRELIMINARY LOCAL CLIMATOLOGICAL DATA (WS FORM: F-6) , PAGE 2
STATION: NORTH PLATTE
MONTH: FEBRUARY
YEAR: 2020
LATITUDE: 41 7 N
LONGITUDE: 100 41 W
[TEMPERATURE DATA] [PRECIPITATION DATA] SYMBOLS USED IN COLUMN 16
AVERAGE MONTHLY: 30.7 TOTAL FOR MONTH: 0.35 1 = FOG OR MIST
DPTR FM NORMAL: 1.7 DPTR FM NORMAL: -0.15 2 = FOG REDUCING VISIBILITY
HIGHEST: 74 ON 2 GRTST 24HR 0.17 ON 25-25 TO 1/4 MILE OR LESS
LOWEST: -9 ON 20 3 = THUNDER
SNOW, ICE PELLETS, HAIL 4 = ICE PELLETS
TOTAL MONTH: 7.0 INCHES 5 = HAIL
GRTST 24HR 4.1 ON 19-19 6 = FREEZING RAIN OR DRIZZLE
GRTST DEPTH: 4 ON 20 7 = DUSTSTORM OR SANDSTORM:
VSBY 1/2 MILE OR LESS
8 = SMOKE OR HAZE
[NO. OF DAYS WITH] [WEATHER - DAYS WITH] 9 = BLOWING SNOW
X = TORNADO
MAX 32 OR BELOW: 3 0.01 INCH OR MORE: 6
MAX 90 OR ABOVE: 0 0.10 INCH OR MORE: 2
MIN 32 OR BELOW: 29 0.50 INCH OR MORE: 0
MIN 0 OR BELOW: 2 1.00 INCH OR MORE: 0
[HDD (BASE 65) ]
TOTAL THIS MO. 988 CLEAR (SCALE 0-3) 13
DPTR FM NORMAL -20 PTCLDY (SCALE 4-7) 12
TOTAL FM JUL 1 4719 CLOUDY (SCALE 8-10) 4
DPTR FM NORMAL -341
[CDD (BASE 65) ]
TOTAL THIS MO. 0
DPTR FM NORMAL 0 [PRESSURE DATA]
TOTAL FM JAN 1 0 HIGHEST SLP 30.86 ON 20
DPTR FM NORMAL 0 LOWEST SLP 29.55 ON 6
[REMARKS]
#FINAL-02-20#