000
CXUS53 KLBF 011434
CF6LBF
PRELIMINARY LOCAL CLIMATOLOGICAL DATA (WS FORM: F-6)
STATION: NORTH PLATTE
MONTH: JULY
YEAR: 2023
LATITUDE: 41 7 N
LONGITUDE: 100 41 W
TEMPERATURE IN F: :PCPN: SNOW: WIND :SUNSHINE: SKY :PK WND
================================================================================
1 2 3 4 5 6A 6B 7 8 9 10 11 12 13 14 15 16 17 18
12Z AVG MX 2MIN
DY MAX MIN AVG DEP HDD CDD WTR SNW DPTH SPD SPD DIR MIN PSBL S-S WX SPD DR
================================================================================
1 80 56 68 -6 0 3 0.10 0.0 0 5.8 14 30 M M 3 13 20 10
2 88 55 72 -2 0 7 0.00 0.0 0 4.9 13 170 M M 0 12 19 190
3 89 63 76 2 0 11 0.00 0.0 0 7.9 17 160 M M 0 25 160
4 84 61 73 -1 0 8 0.02 0.0 0 9.9 23 30 M M 2 31 20
5 65 57 61 -14 4 0 T 0.0 0 7.2 16 50 M M 9 21 20
6 68 55 62 -13 3 0 0.04 0.0 0 7.4 14 160 M M 10 138 19 130
7 82 59 71 -4 0 6 0.29 0.0 0 7.8 20 320 M M 5 13 29 320
8 69 53 61 -14 4 0 0.08 0.0 0 3.0 12 150 M M 6 1 18 160
9 81 51 66 -9 0 1 0.00 0.0 0 5.9 14 220 M M 1 12 19 220
10 92 63 78 3 0 13 0.94 T 0 6.3 38 360 M M 1 1235 53 360
11 89 60 75 -1 0 10 0.02 0.0 0 7.4 32 280 M M 0 3 49 300
12 89 66 78 2 0 13 0.00 0.0 0 5.1 21 30 M M 0 1 30 20
13 86 61 74 -2 0 9 0.49 0.0 0 8.6 38 270 M M 4 138 58 250
14 83 60 72 -4 0 7 0.46 T 0 6.5 26 20 M M 3 13 40 20
15 87 58 73 -3 0 8 0.00 0.0 0 4.3 10 290 M M 0 18 15 270
16 88 62 75 -1 0 10 0.09 0.0 0 4.6 17 350 M M 1 138 28 360
17 82 65 74 -2 0 9 0.11 0.0 0 9.6 23 300 M M 1 138 31 110
18 84 61 73 -3 0 8 T 0.0 0 8.9 21 180 M M 6 1 31 180
19 82 68 75 -1 0 10 T 0.0 0 5.1 15 110 M M 4 1 21 100
20 76 63 70 -6 0 5 0.11 0.0 0 4.1 14 30 M M 5 12 19 30
21 82 56 69 -7 0 4 0.00 0.0 0 3.3 9 240 M M 3 12 15 250
22 92 60 76 0 0 11 0.33 T 0 3.5 39 10 M M 1 13 54 10
23 93 59 76 0 0 11 0.10 0.0 0 5.8 36 300 M M 1 3 51 350
24 95 64 80 4 0 15 T 0.0 0 7.1 16 190 M M 0 23 200
25 98 70 84 8 0 19 0.00 0.0 0 6.3 20 120 M M 0 1 28 90
26 100 63 82 6 0 17 0.00 0.0 0 4.9 21 160 M M 0 3 32 150
27 102 63 83 7 0 18 0.00 0.0 0 5.7 24 290 M M 0 34 300
28 97 63 80 4 0 15 T 0.0 0 6.3 15 360 M M 0 22 340
29 90 64 77 1 0 12 0.01 0.0 0 9.7 31 10 M M 2 3 44 10
30 94 67 81 5 0 16 0.00 0.0 0 9.9 21 60 M M 3 13 30 60
31 89 68 79 3 0 14 0.08 0.0 0 7.9 22 40 M M 2 3 31 40
================================================================================
SM 2676 1894 11 290 3.27 T 200.7 M 73
================================================================================
AV 86.3 61.1 6.5 FASTST M M 2 MAX(MPH)
MISC ----> 39 10 58 250
================================================================================
NOTES:
# LAST OF SEVERAL OCCURRENCES
COLUMN 17 PEAK WIND IN M.P.H.
PRELIMINARY LOCAL CLIMATOLOGICAL DATA (WS FORM: F-6) , PAGE 2
STATION: NORTH PLATTE
MONTH: JULY
YEAR: 2023
LATITUDE: 41 7 N
LONGITUDE: 100 41 W
[TEMPERATURE DATA] [PRECIPITATION DATA] SYMBOLS USED IN COLUMN 16
AVERAGE MONTHLY: 73.7 TOTAL FOR MONTH: 3.27 1 = FOG OR MIST
DPTR FM NORMAL: -1.9 DPTR FM NORMAL: 0.09 2 = FOG REDUCING VISIBILITY
HIGHEST: 102 ON 27 GRTST 24HR 0.94 ON 10-10 TO 1/4 MILE OR LESS
LOWEST: 51 ON 9 3 = THUNDER
SNOW, ICE PELLETS, HAIL 4 = ICE PELLETS
TOTAL MONTH: T 5 = HAIL
GRTST 24HR T ON 10-10 6 = FREEZING RAIN OR DRIZZLE
GRTST DEPTH: 0 7 = DUSTSTORM OR SANDSTORM:
VSBY 1/2 MILE OR LESS
8 = SMOKE OR HAZE
[NO. OF DAYS WITH] [WEATHER - DAYS WITH] 9 = BLOWING SNOW
X = TORNADO
MAX 32 OR BELOW: 0 0.01 INCH OR MORE: 16
MAX 90 OR ABOVE: 10 0.10 INCH OR MORE: 9
MIN 32 OR BELOW: 0 0.50 INCH OR MORE: 1
MIN 0 OR BELOW: 0 1.00 INCH OR MORE: 0
[HDD (BASE 65) ]
TOTAL THIS MO. 11 CLEAR (SCALE 0-3) 23
DPTR FM NORMAL 8 PTCLDY (SCALE 4-7) 6
TOTAL FM JUL 1 11 CLOUDY (SCALE 8-10) 2
DPTR FM NORMAL 11
[CDD (BASE 65) ]
TOTAL THIS MO. 290
DPTR FM NORMAL -40 [PRESSURE DATA]
TOTAL FM JAN 1 478 HIGHEST SLP 30.23 ON 20
DPTR FM NORMAL -66 LOWEST SLP 29.70 ON 12
[REMARKS]
#FINAL-07-23#