000
CXUS52 KILM 022138
CLMLBT
CLIMATE REPORT
NATIONAL WEATHER SERVICE WILMINGTON NC
538 PM EDT THU NOV 02 2023
...................................
...THE LUMBERTON NORTH CAROLINA CLIMATE SUMMARY FOR THE MONTH OF OCTOBER 2023...
CLIMATE NORMAL PERIOD 1991 TO 2020
CLIMATE RECORD PERIOD 1903 TO 2023
WEATHER OBSERVED NORMAL DEPART LAST YEAR`S
VALUE DATE(S) VALUE FROM VALUE DATE(S)
NORMAL
................................................................
TEMPERATURE (F)
RECORD
HIGH 99 10/03/2019
10/05/1954
06/26/1952
LOW 20 10/27/1962
HIGHEST 86 10/30 MM MM 85
LOWEST 35 10/24 MM MM 32
AVG. MAXIMUM 77.5 75.9 1.6 74.8
AVG. MINIMUM 50.0 52.5 -2.5 50.4
MEAN 63.8 64.2 -0.4 62.6
DAYS MAX >= 90 0 0.6 -0.6 0
DAYS MAX <= 32 0 0.0 0.0 0
DAYS MIN <= 32 0 0.7 -0.7 1
DAYS MIN <= 0 0 0.0 0.0 0
PRECIPITATION (INCHES)
RECORD
MAXIMUM 12.77 2016
MINIMUM 0.00 1953
TOTALS 0.91 2.29 -1.38
DAILY AVG. 0.03 0.07 -0.04
DAYS >= .01 3 7.8 -4.8
DAYS >= .10 2 3.6 -1.6
DAYS >= .50 1 1.2 -0.2
DAYS >= 1.00 0 0.5 -0.5
GREATEST
24 HR. TOTAL 0.66 10/12 TO 10/12 0.16 10/13 TO 10/13
STORM TOTAL 0.66
(MM/DD(HH))
DEGREE DAYS
HEATING TOTAL 95 110 -15 105
SINCE 7/1 96 116 -20
COOLING TOTAL 65 85 -20 37
SINCE 1/1 1975 2070 -95
FREEZE DATES
RECORD
EARLIEST 10/03/1981
LATEST 05/10/1980
EARLIEST MM
LATEST 03/21
................................................................
WIND (MPH)
AVERAGE WIND SPEED 4.7
RESULTANT WIND SPEED/DIRECTION 1/330
HIGHEST WIND SPEED/DIRECTION 24/300 DATE 10/20
24/030 10/31
HIGHEST GUST SPEED/DIRECTION 36/300 DATE 10/20
SKY COVER
AVERAGE SKY COVER 0.25
AVERAGE RH (PERCENT) 72
WEATHER CONDITIONS. NUMBER OF DAYS WITH
THUNDERSTORM 1 MIXED PRECIP MM
HEAVY RAIN 0 RAIN 2
LIGHT RAIN 6 FREEZING RAIN 0
LT FREEZING RAIN 0 HAIL MM
HEAVY SNOW 0 SNOW 0
LIGHT SNOW 0 SLEET MM
FOG 14 FOG W/VIS <= 1/4 MILE 5
HAZE 0
- INDICATES NEGATIVE NUMBERS.
R INDICATES RECORD WAS SET OR TIED.
MM INDICATES DATA IS MISSING.
T INDICATES TRACE AMOUNT.
$$