000
CXUS54 KHGX 021158
CF6LBX
PRELIMINARY LOCAL CLIMATOLOGICAL DATA (WS FORM: F-6)
STATION: ANGLETON/LAKE_JACKS
MONTH: FEBRUARY
YEAR: 2023
LATITUDE: 29 6 N
LONGITUDE: 95 28 W
TEMPERATURE IN F: :PCPN: SNOW: WIND :SUNSHINE: SKY :PK WND
================================================================================
1 2 3 4 5 6A 6B 7 8 9 10 11 12 13 14 15 16 17 18
12Z AVG MX 2MIN
DY MAX MIN AVG DEP HDD CDD WTR SNW DPTH SPD SPD DIR MIN PSBL S-S WX SPD DR
================================================================================
1 45 39 42 -14 23 0 0.13 0.0 0 10.9 17 20 M M 10 1 25 360
2 43 40 42 -14 23 0 0.03 0.0 0 8.9 18 350 M M 10 1 29 350
3 60 40 50 -7 15 0 0.00 0.0 0 7.2 15 360 M M 5 1 21 20
4 65 32 49 -8 16 0 0.00 0.0 0 5.2 14 150 M M 1 1 22 200
5 75 47 61 4 4 0 0.00 0.0 0 4.8 17 180 M M 5 12 23 180
6 75 53 64 7 1 0 0.00 0.0 0 11.5 24 170 M M 5 1 31 170
7 78 67 73 16 0 8 0.00 0.0 0 12.4 25 160 M M 10 36 190
8 79 44 62 4 3 0 0.14 0.0 0 10.3 21 200 M M 8 18 35 310
9 72 38 55 -3 10 0 0.00 0.0 0 2.9 13 130 M M 1 12 24 200
10 65 44 55 -3 10 0 0.00 0.0 0 9.6 20 340 M M 6 12 31 310
11 56 37 47 -11 18 0 0.00 0.0 0 8.4 21 350 M M 1 30 320
12 66 33 50 -8 15 0 0.00 0.0 0 2.7 16 170 M M 0 1 20 170
13 73 40 57 -1 8 0 0.00 0.0 0 5.0 21 170 M M 3 12 29 170
14 79 66 73 14 0 8 0.10 0.0 0 18.0 30 180 M M 5 18 41 180
15 76 66 71 12 0 6 0.00 0.0 0 14.7 25 170 M M 4 1 33 160
16 70 50 60 1 5 0 0.09 0.0 0 13.6 25 350 M M 5 1 35 350
17 56 39 48 -11 17 0 0.00 0.0 0 17.1 24 360 M M 0 34 10
18 58 M M M M M 0.00 0.0 0 9.2 16 100 M M 0 24 110
19 76 M M M M M 0.00 0.0 0 9.1 16 180 M M 2 24 190
20 79 62 71 11 0 6 0.00 0.0 0 9.1 20 200 M M 4 1 31 200
21 80 70 75 15 0 10 0.00 0.0 0 13.5 25 180 M M 4 33 170
22 79 70 75 15 0 10 0.00 0.0 0 14.6 28 170 M M 7 18 39 160
23 86 70 78 18 0 13 0.00 0.0 0 7.6 17 160 M M 9 18 21 160
24 82 69 76 16 0 11 0.00 0.0 0 6.7 18 150 M M 9 12 22 140
25 82 69 76 15 0 11 T 0.0 0 7.1 16 150 M M 8 1 25 150
26 81 69 75 14 0 10 0.00 0.0 M 16.2 26 170 M M 7 1 34 180
27 80 67 74 13 0 9 0.00 0.0 0 8.3 25 190 M M 10 18 37 180
28 84 64 74 13 0 9 0.00 0.0 0 7.6 20 170 M M 8 128 25 180
================================================================================
SM 2000 1385 168 111 0.49 0.0 272.2 M 147
================================================================================
AV 71.4 53.3 9.7 FASTST M M 5 MAX(MPH)
MISC ----> 30 180 41 180
================================================================================
NOTES:
# LAST OF SEVERAL OCCURRENCES
COLUMN 17 PEAK WIND IN M.P.H.
PRELIMINARY LOCAL CLIMATOLOGICAL DATA (WS FORM: F-6) , PAGE 2
STATION: ANGLETON/LAKE_JACKS
MONTH: FEBRUARY
YEAR: 2023
LATITUDE: 29 6 N
LONGITUDE: 95 28 W
[TEMPERATURE DATA] [PRECIPITATION DATA] SYMBOLS USED IN COLUMN 16
AVERAGE MONTHLY: 62.3 TOTAL FOR MONTH: 0.49 1 = FOG OR MIST
DPTR FM NORMAL: 3.6 DPTR FM NORMAL: -1.74 2 = FOG REDUCING VISIBILITY
HIGHEST: 86 ON 23 GRTST 24HR 0.14 ON 1- 2 TO 1/4 MILE OR LESS
LOWEST: 32 ON 4 3 = THUNDER
SNOW, ICE PELLETS, HAIL 4 = ICE PELLETS
TOTAL MONTH: 0.0 INCH 5 = HAIL
GRTST 24HR 0.0 6 = FREEZING RAIN OR DRIZZLE
GRTST DEPTH: 0 7 = DUSTSTORM OR SANDSTORM:
VSBY 1/2 MILE OR LESS
8 = SMOKE OR HAZE
[NO. OF DAYS WITH] [WEATHER - DAYS WITH] 9 = BLOWING SNOW
X = TORNADO
MAX 32 OR BELOW: 0 0.01 INCH OR MORE: 5
MAX 90 OR ABOVE: 0 0.10 INCH OR MORE: 3
MIN 32 OR BELOW: 1 0.50 INCH OR MORE: 0
MIN 0 OR BELOW: 0 1.00 INCH OR MORE: 0
[HDD (BASE 65) ]
TOTAL THIS MO. 168 CLEAR (SCALE 0-3) 8
DPTR FM NORMAL -46 PTCLDY (SCALE 4-7) 13
TOTAL FM JUL 1 872 CLOUDY (SCALE 8-10) 7
DPTR FM NORMAL -111
[CDD (BASE 65) ]
TOTAL THIS MO. 111
DPTR FM NORMAL 72 [PRESSURE DATA]
TOTAL FM JAN 1 164 HIGHEST SLP 30.54 ON 3
DPTR FM NORMAL 104 LOWEST SLP 29.65 ON 22
[REMARKS]
#FINAL-02-23#