027
CXUS53 KLMK 010810
CF6LEX
PRELIMINARY LOCAL CLIMATOLOGICAL DATA (WS FORM: F-6)
STATION: LEXINGTON KY
MONTH: JANUARY
YEAR: 2021
LATITUDE: 38 1 N
LONGITUDE: 84 36 W
TEMPERATURE IN F: :PCPN: SNOW: WIND :SUNSHINE: SKY :PK WND
================================================================================
1 2 3 4 5 6A 6B 7 8 9 10 11 12 13 14 15 16 17 18
12Z AVG MX 2MIN
DY MAX MIN AVG DEP HDD CDD WTR SNW DPTH SPD SPD DIR MIN PSBL S-S WX SPD DR
================================================================================
1 65 33 49 16 16 0 1.17 0.0 0 14.2 25 250 M M 9 1 38 250
2 44 39 42 9 23 0 0.01 0.0 0 4.8 21 240 M M 10 1 29 240
3 40 34 37 4 28 0 0.14 0.0 0 6.1 17 270 M M 10 1 25 260
4 47 28 38 5 27 0 0.00 0.0 0 4.6 12 220 M M 3 1 17 160
5 41 31 36 3 29 0 T T 0 7.5 16 280 M M 10 12 24 270
6 37 32 35 2 30 0 0.00 0.0 0 5.8 17 70 M M 10 22 70
7 40 30 35 2 30 0 T T 0 12.8 24 90 M M 8 1 30 70
8 35 29 32 -1 33 0 0.01 T T 10.5 16 30 M M 10 1 21 30
9 31 24 28 -5 37 0 0.00 0.0 0 4.5 10 20 M M 10 14 20
10 38 17 28 -5 37 0 0.00 0.0 0 2.3 8 340 M M 0 18 10 310
11 32 19 26 -7 39 0 0.00 0.0 0 2.5 10 240 M M 4 18 15 240
12 35 18 27 -6 38 0 0.00 0.0 0 7.4 14 210 M M 5 18 18 220
13 46 24 35 2 30 0 0.00 0.0 0 9.9 17 220 M M 0 18 22 190
14 53 30 42 9 23 0 0.00 0.0 0 11.7 18 180 M M 1 26 180
15 45 31 38 5 27 0 0.11 T 0 10.8 26 220 M M 7 1 37 210
16 33 30 32 -1 33 0 0.18 2.5 2 9.7 18 260 M M 10 12 26 250
17 34 30 32 -1 33 0 0.05 T T 9.7 17 240 M M 10 1 27 220
18 35 28 32 -1 33 0 0.01 0.3 T 7.5 14 250 M M 10 1 19 250
19 48 31 40 7 25 0 0.00 0.0 0 5.2 16 250 M M 5 22 260
20 38 26 32 -1 33 0 0.00 0.0 0 9.0 18 270 M M 2 25 280
21 45 33 39 6 26 0 0.02 T 0 11.4 22 230 M M 6 1 34 230
22 41 25 33 0 32 0 0.00 0.0 0 7.3 16 320 M M 0 1 23 270
23 35 14 25 -8 40 0 0.00 0.0 0 8.6 14 80 M M 0 19 90
24 39 29 34 1 31 0 0.03 T 0 5.4 15 120 M M 9 12 19 110
25 45 34 40 7 25 0 1.99 0.0 0 9.5 23 80 M M 10 123 29 90
26 51 35 43 10 22 0 0.01 0.0 0 12.2 24 260 M M 10 1 35 260
27 36 26 31 -2 34 0 0.22 3.5 0 10.1 18 360 M M 10 1 28 360
28 27 15 21 -12 44 0 T T 3 5.9 17 350 M M 4 1 26 340
29 33 12 23 -11 42 0 0.00 0.0 1 2.1 10 100 M M 0 18 12 110
30 38 23 31 -3 34 0 0.46 T T 10.3 22 120 M M 5 1 31 120
31 48 32 40 6 25 0 0.37 T 0 13.8 22 260 M M 10 1 34 260
================================================================================
SM 1255 842 959 0 4.78 6.3 253.1 M 198
================================================================================
AV 40.5 27.2 8.2 FASTST M M 6 MAX(MPH)
MISC ----> 26 220 38 250
================================================================================
NOTES:
# LAST OF SEVERAL OCCURRENCES
COLUMN 17 PEAK WIND IN M.P.H.
PRELIMINARY LOCAL CLIMATOLOGICAL DATA (WS FORM: F-6) , PAGE 2
STATION: LEXINGTON KY
MONTH: JANUARY
YEAR: 2021
LATITUDE: 38 1 N
LONGITUDE: 84 36 W
[TEMPERATURE DATA] [PRECIPITATION DATA] SYMBOLS USED IN COLUMN 16
AVERAGE MONTHLY: 33.8 TOTAL FOR MONTH: 4.78 1 = FOG OR MIST
DPTR FM NORMAL: 0.9 DPTR FM NORMAL: 1.58 2 = FOG REDUCING VISIBILITY
HIGHEST: 65 ON 1 GRTST 24HR 1.99 ON 25-25 TO 1/4 MILE OR LESS
LOWEST: 12 ON 29 3 = THUNDER
SNOW, ICE PELLETS, HAIL 4 = ICE PELLETS
TOTAL MONTH: 6.3 INCHES 5 = HAIL
GRTST 24HR 3.5 ON 27-27 6 = FREEZING RAIN OR DRIZZLE
GRTST DEPTH: 3 ON 28 7 = DUSTSTORM OR SANDSTORM:
VSBY 1/2 MILE OR LESS
8 = SMOKE OR HAZE
[NO. OF DAYS WITH] [WEATHER - DAYS WITH] 9 = BLOWING SNOW
X = TORNADO
MAX 32 OR BELOW: 3 0.01 INCH OR MORE: 15
MAX 90 OR ABOVE: 0 0.10 INCH OR MORE: 8
MIN 32 OR BELOW: 25 0.50 INCH OR MORE: 2
MIN 0 OR BELOW: 0 1.00 INCH OR MORE: 2
[HDD (BASE 65) ]
TOTAL THIS MO. 959 CLEAR (SCALE 0-3) 8
DPTR FM NORMAL -36 PTCLDY (SCALE 4-7) 8
TOTAL FM JUL 1 2694 CLOUDY (SCALE 8-10) 15
DPTR FM NORMAL -84
[CDD (BASE 65) ]
TOTAL THIS MO. 0
DPTR FM NORMAL 0 [PRESSURE DATA]
TOTAL FM JAN 1 0 HIGHEST SLP 30.63 ON 28
DPTR FM NORMAL 0 LOWEST SLP 29.57 ON 15
[REMARKS]
#FINAL-01-21#