000
CXUS54 KSHV 011300
CF6LFK
PRELIMINARY LOCAL CLIMATOLOGICAL DATA (WS FORM: F-6)
STATION: LUFKIN
MONTH: MARCH
YEAR: 2022
LATITUDE: 31 14 N
LONGITUDE: 94 45 W
TEMPERATURE IN F: :PCPN: SNOW: WIND :SUNSHINE: SKY :PK WND
================================================================================
1 2 3 4 5 6A 6B 7 8 9 10 11 12 13 14 15 16 17 18
12Z AVG MX 2MIN
DY MAX MIN AVG DEP HDD CDD WTR SNW DPTH SPD SPD DIR MIN PSBL S-S WX SPD DR
================================================================================
1 71 32 52 -4 13 0 0.00 0.0 0 1.6 9 220 M M 0 12 170
2 75 42 59 3 6 0 0.00 0.0 0 3.1 10 180 M M 0 14 130
3 77 45 61 5 4 0 0.00 0.0 0 3.1 9 250 M M 0 1 12 170
4 74 47 61 4 4 0 T 0.0 0 6.1 16 160 M M 5 1 22 160
5 82 62 72 15 0 7 0.00 0.0 0 12.6 22 170 M M 7 30 160
6 82 66 74 17 0 9 0.05 0.0 0 9.8 23 160 M M 9 1 31 150
7 71 45 58 1 7 0 0.18 0.0 0 8.5 20 330 M M 10 1 27 310
8 46 41 44 -14 21 0 1.17 0.0 0 7.1 20 70 M M 10 13 26 60
9 57 38 48 -10 17 0 0.00 0.0 0 3.8 13 10 M M 3 18 18 10
10 70 39 55 -3 10 0 0.00 0.0 0 4.3 14 90 M M 1 17 80
11 63 36 50 -8 15 0 0.02 0.0 0 9.1 23 320 M M 9 1 33 300
12 56 28 42 -16 23 0 0.00 0.0 0 5.8 16 20 M M 0 24 320
13 66 31 49 -10 16 0 0.00 0.0 0 8.7 18 150 M M 1 24 150
14 72 48 60 1 5 0 0.67 0.0 0 11.7 26 250 M M 8 138 38 300
15 70 48 59 0 6 0 0.00 0.0 0 4.7 15 310 M M 4 12 22 350
16 78 43 61 1 4 0 0.00 0.0 0 2.9 10 200 M M 0 1 13 200
17 77 49 63 3 2 0 0.14 0.0 0 10.3 23 150 M M 6 123 30 150
18 69 46 58 -2 7 0 0.00 0.0 0 9.8 24 290 M M 2 3 36 280
19 75 37 56 -4 9 0 0.00 0.0 0 3.4 14 10 M M 0 23 360
20 80 40 60 0 5 0 0.00 0.0 0 M 17 120 M M M 22 120
21 73 58 66 6 0 1 0.09 0.0 0 14.0 25 140 M M 10 13 36 140
22 73 48 61 0 4 0 0.24 0.0 0 9.9 23 160 M M 10 13 36 150
23 66 41 54 -7 11 0 0.00 0.0 0 7.6 21 290 M M 0 30 340
24 67 40 54 -7 11 0 0.00 0.0 0 4.4 16 250 M M 1 21 250
25 80 38 59 -2 6 0 0.00 0.0 0 2.6 13 320 M M 0 18 20 280
26 84 44 64 2 1 0 0.00 0.0 0 5.7 15 200 M M 0 20 210
27 86 52 69 7 0 4 0.00 0.0 0 6.2 17 210 M M 1 12 25 200
28 83 57 70 8 0 5 0.00 0.0 0 8.9 18 180 M M 2 1 24 150
29 83 68 76 14 0 11 0.00 0.0 0 15.0 21 160 M M 8 37 160
30 77 54 66 4 0 1 0.55 0.0 0 8.0 29 300 M M 3 13 40 280
31 72 42 57 -6 8 0 0.00 0.0 0 3.2 14 280 M M 0 21 260
================================================================================
SM 2255 1405 215 38 3.11 0.0 211.9 M 110
================================================================================
AV 72.7 45.3 7.1 FASTST M M 4 MAX(MPH)
MISC ----> 29 300 40 280
================================================================================
NOTES:
# LAST OF SEVERAL OCCURRENCES
COLUMN 17 PEAK WIND IN M.P.H.
PRELIMINARY LOCAL CLIMATOLOGICAL DATA (WS FORM: F-6) , PAGE 2
STATION: LUFKIN
MONTH: MARCH
YEAR: 2022
LATITUDE: 31 14 N
LONGITUDE: 94 45 W
[TEMPERATURE DATA] [PRECIPITATION DATA] SYMBOLS USED IN COLUMN 16
AVERAGE MONTHLY: 59.0 TOTAL FOR MONTH: 3.11 1 = FOG OR MIST
DPTR FM NORMAL: -0.4 DPTR FM NORMAL: -1.10 2 = FOG REDUCING VISIBILITY
HIGHEST: 86 ON 27 GRTST 24HR 1.17 ON 8- 8 TO 1/4 MILE OR LESS
LOWEST: 28 ON 12 3 = THUNDER
SNOW, ICE PELLETS, HAIL 4 = ICE PELLETS
TOTAL MONTH: 0.0 INCH 5 = HAIL
GRTST 24HR 0.0 6 = FREEZING RAIN OR DRIZZLE
GRTST DEPTH: 0 7 = DUSTSTORM OR SANDSTORM:
VSBY 1/2 MILE OR LESS
8 = SMOKE OR HAZE
[NO. OF DAYS WITH] [WEATHER - DAYS WITH] 9 = BLOWING SNOW
X = TORNADO
MAX 32 OR BELOW: 0 0.01 INCH OR MORE: 9
MAX 90 OR ABOVE: 0 0.10 INCH OR MORE: 6
MIN 32 OR BELOW: 3 0.50 INCH OR MORE: 3
MIN 0 OR BELOW: 0 1.00 INCH OR MORE: 1
[HDD (BASE 65) ]
TOTAL THIS MO. 215 CLEAR (SCALE 0-3) 16
DPTR FM NORMAL 2 PTCLDY (SCALE 4-7) 7
TOTAL FM JUL 1 1568 CLOUDY (SCALE 8-10) 8
DPTR FM NORMAL -321
[CDD (BASE 65) ]
TOTAL THIS MO. 38
DPTR FM NORMAL -1 [PRESSURE DATA]
TOTAL FM JAN 1 52 HIGHEST SLP 30.52 ON 12
DPTR FM NORMAL -5 LOWEST SLP 29.49 ON 30
[REMARKS]
#FINAL-03-22#