000
CXUS54 KLCH 010830
CF6LFT
PRELIMINARY LOCAL CLIMATOLOGICAL DATA (WS FORM: F-6)
STATION: LAFAYETTE
MONTH: MARCH
YEAR: 2023
LATITUDE: 30 12 N
LONGITUDE: 92 0 W
TEMPERATURE IN F: :PCPN: SNOW: WIND :SUNSHINE: SKY :PK WND
================================================================================
1 2 3 4 5 6A 6B 7 8 9 10 11 12 13 14 15 16 17 18
12Z AVG MX 2MIN
DY MAX MIN AVG DEP HDD CDD WTR SNW DPTH SPD SPD DIR MIN PSBL S-S WX SPD DR
================================================================================
1 83 71 77 17 0 12 0.00 0.0 M 11.5 23 180 M M 9 1 36 200
2 85 72 79 19 0 14 0.00 0.0 M 10.0 21 170 M M 8 38 160
3 76 58 67 7 0 2 0.02 0.0 M 12.6 26 260 M M 3 1 37 260
4 77 50 64 4 1 0 0.00 0.0 M 4.3 15 360 M M 0 20 10
5 81 50 66 5 0 1 0.00 0.0 M 2.2 9 70 M M 0 14 80
6 86 60 73 12 0 8 0.00 0.0 M 5.5 15 250 M M 7 18 20 270
7 82 71 77 16 0 12 0.00 0.0 M 3.8 9 190 M M 8 18 13 240
8 85 69 77 16 0 12 0.00 0.0 M 3.9 12 210 M M 6 12 16 230
9 86 68 77 15 0 12 T 0.0 M 5.1 14 190 M M 5 18 19 200
10 79 63 71 9 0 6 0.12 0.0 M 5.4 20 20 M M 8 1238 25 20
11 82 64 73 11 0 8 0.00 0.0 M 8.6 21 200 M M 8 1 29 170
12 82 55 69 7 0 4 0.00 0.0 M 14.4 23 20 M M 9 32 20
13 68 49 59 -3 6 0 0.00 0.0 M 12.6 22 20 M M 1 30 30
14 64 46 55 -8 10 0 T M M 8.3 17 20 M M 4 24 30
15 69 40 55 -8 10 0 0.00 0.0 M 4.9 9 150 M M 0 16 160
16 77 49 63 0 2 0 0.00 0.0 M 7.8 21 180 M M 5 34 170
17 72 46 59 -4 6 0 0.82 M M 11.3 25 340 M M 7 13 36 240
18 53 46 50 -13 15 0 0.01 M M 8.7 18 360 M M 5 25 10
19 55 37 46 -18 19 0 0.00 0.0 M 10.2 21 350 M M 0 33 350
20 60 31 46 -18 19 0 0.00 0.0 M 4.4 13 30 M M 2 17 40
21 72 50 61 -3 4 0 0.00 0.0 M 6.3 17 170 M M 6 27 150
22 79 60 70 6 0 5 0.00 0.0 M 7.8 18 190 M M 7 29 180
23 82 68 75 11 0 10 0.00 0.0 M 8.3 20 180 M M 9 29 180
24 79 70 75 11 0 10 0.00 0.0 M 13.8 24 180 M M 9 18 36 200
25 89 70 80 15 0 15 0.00 0.0 M 5.5 14 220 M M 4 19 220
26 85 71 78 13 0 13 0.01 0.0 M 6.3 21 200 M M 9 12 29 200
27 87 69 78 13 0 13 0.06 0.0 M 3.9 15 160 M M 8 13 28 150
28 80 61 71 6 0 6 0.17 0.0 M 9.8 23 20 M M 5 13 35 30
29 68 56 62 -4 3 0 0.01 0.0 0 6.4 14 30 M M 2 18 10
30 82 53 68 2 0 3 0.00 0.0 M 4.5 10 130 M M 3 8 22 120
31 81 70 76 10 0 11 0.00 0.0 0 10.7 25 190 M M 9 39 180
================================================================================
SM 2386 1793 95 177 1.22 0.0 238.8 M 166
================================================================================
AV 77.0 57.8 7.7 FASTST M M 5 MAX(MPH)
MISC ----> 26 260 39 180
================================================================================
NOTES:
# LAST OF SEVERAL OCCURRENCES
COLUMN 17 PEAK WIND IN M.P.H.
PRELIMINARY LOCAL CLIMATOLOGICAL DATA (WS FORM: F-6) , PAGE 2
STATION: LAFAYETTE
MONTH: MARCH
YEAR: 2023
LATITUDE: 30 12 N
LONGITUDE: 92 0 W
[TEMPERATURE DATA] [PRECIPITATION DATA] SYMBOLS USED IN COLUMN 16
AVERAGE MONTHLY: 67.4 TOTAL FOR MONTH: 1.22 1 = FOG OR MIST
DPTR FM NORMAL: 4.5 DPTR FM NORMAL: -2.50 2 = FOG REDUCING VISIBILITY
HIGHEST: 89 ON 25 GRTST 24HR 0.82 ON 17-17 TO 1/4 MILE OR LESS
LOWEST: 31 ON 20 3 = THUNDER
SNOW, ICE PELLETS, HAIL 4 = ICE PELLETS
TOTAL MONTH: 0.0 INCH 5 = HAIL
GRTST 24HR 0.0 6 = FREEZING RAIN OR DRIZZLE
GRTST DEPTH: 0 7 = DUSTSTORM OR SANDSTORM:
VSBY 1/2 MILE OR LESS
8 = SMOKE OR HAZE
[NO. OF DAYS WITH] [WEATHER - DAYS WITH] 9 = BLOWING SNOW
X = TORNADO
MAX 32 OR BELOW: 0 0.01 INCH OR MORE: 8
MAX 90 OR ABOVE: 0 0.10 INCH OR MORE: 3
MIN 32 OR BELOW: 1 0.50 INCH OR MORE: 1
MIN 0 OR BELOW: 0 1.00 INCH OR MORE: 0
[HDD (BASE 65) ]
TOTAL THIS MO. 95 CLEAR (SCALE 0-3) 7
DPTR FM NORMAL -41 PTCLDY (SCALE 4-7) 16
TOTAL FM JUL 1 1018 CLOUDY (SCALE 8-10) 8
DPTR FM NORMAL -321
[CDD (BASE 65) ]
TOTAL THIS MO. 177
DPTR FM NORMAL 104 [PRESSURE DATA]
TOTAL FM JAN 1 329 HIGHEST SLP 30.50 ON 19
DPTR FM NORMAL 216 LOWEST SLP 29.44 ON 3
[REMARKS]
#FINAL-03-23#