000
CXUS54 KLCH 011524
CF6LFT
PRELIMINARY LOCAL CLIMATOLOGICAL DATA (WS FORM: F-6)
STATION: LAFAYETTE
MONTH: JANUARY
YEAR: 2023
LATITUDE: 30 12 N
LONGITUDE: 92 0 W
TEMPERATURE IN F: :PCPN: SNOW: WIND :SUNSHINE: SKY :PK WND
================================================================================
1 2 3 4 5 6A 6B 7 8 9 10 11 12 13 14 15 16 17 18
12Z AVG MX 2MIN
DY MAX MIN AVG DEP HDD CDD WTR SNW DPTH SPD SPD DIR MIN PSBL S-S WX SPD DR
================================================================================
1 75 56 66 13 0 1 0.00 0.0 M 3.5 10 170 M M 10 12 16 160
2 79 69 74 21 0 9 0.00 0.0 M 11.3 20 170 M M 10 128 33 170
3 80 67 74 21 0 9 0.19 0.0 M 9.5 20 170 M M 10 13 35 170
4 76 54 65 12 0 0 0.00 0.0 M 5.3 16 240 M M 1 20 240
5 72 47 60 7 5 0 0.00 0.0 M 2.6 13 320 M M 0 18 290
6 74 44 59 6 6 0 0.00 0.0 M 4.5 15 200 M M 0 21 200
7 78 52 65 12 0 0 0.00 0.0 M 5.7 15 200 M M 1 1 22 190
8 71 54 63 11 2 0 1.16 0.0 M 6.0 24 10 M M 7 13 30 20
9 65 48 57 5 8 0 0.00 0.0 M 3.2 14 60 M M 1 1 21 50
10 74 48 61 9 4 0 0.00 0.0 M 7.1 15 180 M M 7 22 180
11 81 68 75 23 0 10 0.00 0.0 M 12.1 23 220 M M 8 1 34 210
12 75 50 63 11 2 0 0.12 M M 15.0 26 340 M M 5 13 37 350
13 56 39 48 -4 17 0 0.00 0.0 M 11.4 21 10 M M 3 34 360
14 60 34 47 -5 18 0 0.00 0.0 M 2.9 9 20 M M 0 12 10
15 65 35 50 -2 15 0 0.00 0.0 M 4.9 15 160 M M 5 1 26 150
16 72 61 67 15 0 2 T 0.0 M 10.0 21 170 M M 10 31 180
17 80 67 74 21 0 9 T 0.0 M 7.9 16 220 M M 9 18 23 220
18 77 65 71 18 0 6 0.81 0.0 M 10.5 22 190 M M 9 138 35 210
19 74 52 63 10 2 0 0.00 0.0 M 5.0 15 330 M M 1 25 320
20 61 49 55 2 10 0 0.00 0.0 M 8.1 15 40 M M 7 23 40
21 55 48 52 -1 13 0 1.50 M M 6.0 14 290 M M 9 13 19 80
22 63 47 55 2 10 0 0.00 0.0 M 8.5 17 330 M M 5 1 23 350
23 60 37 49 -4 16 0 0.00 0.0 M 5.2 15 30 M M 0 22 60
24 70 45 58 5 7 0 1.08 M M 9.7 30 170 M M 7 13 50 170
25 56 44 50 -3 15 0 0.00 0.0 M 12.6 20 310 M M 8 27 340
26 58 38 48 -5 17 0 0.00 0.0 M 4.9 16 340 M M 0 22 350
27 60 35 48 -5 17 0 0.00 0.0 M 2.7 12 200 M M 1 14 220
28 72 51 62 8 3 0 0.00 0.0 M 7.1 25 170 M M 9 39 180
29 73 62 68 14 0 3 2.57 0.0 M 5.8 14 210 M M 10 13 22 190
30 72 64 68 14 0 3 0.14 0.0 M 3.6 14 210 M M 10 12 20 210
31 65 43 54 0 11 0 0.13 M M 8.9 18 10 M M 10 12 25 360
================================================================================
SM 2149 1573 198 52 7.70 0.0 221.5 M 173
================================================================================
AV 69.3 50.7 7.1 FASTST M M 6 MAX(MPH)
MISC ----> 30 170 50 170
================================================================================
NOTES:
# LAST OF SEVERAL OCCURRENCES
COLUMN 17 PEAK WIND IN M.P.H.
PRELIMINARY LOCAL CLIMATOLOGICAL DATA (WS FORM: F-6) , PAGE 2
STATION: LAFAYETTE
MONTH: JANUARY
YEAR: 2023
LATITUDE: 30 12 N
LONGITUDE: 92 0 W
[TEMPERATURE DATA] [PRECIPITATION DATA] SYMBOLS USED IN COLUMN 16
AVERAGE MONTHLY: 60.0 TOTAL FOR MONTH: 7.70 1 = FOG OR MIST
DPTR FM NORMAL: 7.2 DPTR FM NORMAL: 1.78 2 = FOG REDUCING VISIBILITY
HIGHEST: 81 ON 11 GRTST 24HR 4.04 ON 29-29 TO 1/4 MILE OR LESS
LOWEST: 34 ON 14 3 = THUNDER
SNOW, ICE PELLETS, HAIL 4 = ICE PELLETS
TOTAL MONTH: 0.0 INCH 5 = HAIL
GRTST 24HR 0.0 6 = FREEZING RAIN OR DRIZZLE
GRTST DEPTH: M ON M 7 = DUSTSTORM OR SANDSTORM:
VSBY 1/2 MILE OR LESS
8 = SMOKE OR HAZE
[NO. OF DAYS WITH] [WEATHER - DAYS WITH] 9 = BLOWING SNOW
X = TORNADO
MAX 32 OR BELOW: 0 0.01 INCH OR MORE: 9
MAX 90 OR ABOVE: 0 0.10 INCH OR MORE: 9
MIN 32 OR BELOW: 0 0.50 INCH OR MORE: 5
MIN 0 OR BELOW: 0 1.00 INCH OR MORE: 4
[HDD (BASE 65) ]
TOTAL THIS MO. 198 CLEAR (SCALE 0-3) 11
DPTR FM NORMAL -194 PTCLDY (SCALE 4-7) 8
TOTAL FM JUL 1 734 CLOUDY (SCALE 8-10) 12
DPTR FM NORMAL -212
[CDD (BASE 65) ]
TOTAL THIS MO. 52
DPTR FM NORMAL 37 [PRESSURE DATA]
TOTAL FM JAN 1 52 HIGHEST SLP 30.42 ON 27
DPTR FM NORMAL 37 LOWEST SLP 29.61 ON 24
[REMARKS]
#FINAL-01-23#