000
CXUS56 KLOX 020714
CF6LGB
PRELIMINARY LOCAL CLIMATOLOGICAL DATA (WS FORM: F-6)
STATION: LONG BEACH AIRPORT CA
MONTH: FEBRUARY
YEAR: 2020
LATITUDE: 33 49 N
LONGITUDE: 118 9 W
TEMPERATURE IN F: :PCPN: SNOW: WIND :SUNSHINE: SKY :PK WND
================================================================================
1 2 3 4 5 6A 6B 7 8 9 10 11 12 13 14 15 16 17 18
12Z AVG MX 2MIN
DY MAX MIN AVG DEP HDD CDD WTR SNW DPTH SPD SPD DIR MIN PSBL S-S WX SPD DR
================================================================================
1 84 47 66 9 0 1 0.00 0.0 0 2.8 13 300 M M 0 14 300
2 65 48 57 0 8 0 T M 0 3.9 20 320 M M 4 128 25 320
3 63 47 55 -2 10 0 0.00 0.0 0 14.7 26 340 M M 1 33 320
4 61 44 53 -4 12 0 0.00 0.0 0 7.1 17 80 M M 0 22 80
5 59 39 49 -8 16 0 0.00 0.0 0 2.6 12 210 M M 0 15 210
6 63 42 53 -4 12 0 0.00 0.0 0 2.3 10 220 M M 0 13 220
7 66 42 54 -3 11 0 0.00 0.0 0 2.6 9 300 M M 0 18 12 150
8 66 47 57 0 8 0 0.00 0.0 0 3.3 15 300 M M 3 128 17 310
9 57 53 55 -2 10 0 0.30 0.0 0 6.9 23 110 M M 10 1 30 140
10 71 50 61 4 4 0 0.02 0.0 0 3.3 12 290 M M 3 16 310
11 73 48 61 4 4 0 0.00 0.0 0 5.2 14 300 M M 0 1 18 290
12 62 45 54 -3 11 0 0.00 0.0 0 2.6 10 190 M M 0 14 170
13 68 45 57 0 8 0 0.00 0.0 0 3.9 13 300 M M 1 18 16 290
14 67 45 56 -2 9 0 0.00 0.0 0 2.8 16 300 M M 1 18 18 300
15 67 45 56 -2 9 0 0.00 0.0 0 3.2 13 300 M M 2 128 14 310
16 66 47 57 -1 8 0 0.00 0.0 0 3.6 10 310 M M 3 128 14 210
17 65 49 57 -1 8 0 0.00 0.0 0 3.0 12 200 M M 3 128 14 200
18 67 53 60 2 5 0 0.00 0.0 0 3.4 13 190 M M 5 18 16 190
19 65 54 60 2 5 0 0.00 0.0 0 3.6 10 170 M M 4 8 14 180
20 77 49 63 5 2 0 0.00 0.0 0 2.8 9 310 M M 1 18 11 300
21 71 51 61 3 4 0 T 0.0 0 5.0 13 180 M M 5 138 18 170
22 63 55 59 1 6 0 0.01 0.0 0 5.4 15 290 M M 8 3 19 290
23 65 54 60 2 5 0 0.00 0.0 0 3.9 12 300 M M 4 15 210
24 70 48 59 1 6 0 0.00 0.0 0 2.9 14 300 M M 0 16 290
25 81 49 65 7 0 0 0.00 0.0 0 2.6 12 290 M M 0 18 13 290
26 80 52 66 8 0 1 0.00 0.0 0 5.3 18 290 M M 0 21 290
27 84 51 68 10 0 3 0.00 0.0 0 3.8 10 40 M M 0 12 330
28 86 57 72 14 0 7 0.00 0.0 0 4.1 12 180 M M 0 16 190
29 66 55 61 3 4 0 T 0.0 0 6.5 13 170 M M 3 18 150
================================================================================
SM 1998 1411 185 12 0.33 0.0 123.1 M 61
================================================================================
AV 68.9 48.7 4.2 FASTST M M 2 MAX(MPH)
MISC ----> # 26 340 # 33 320
================================================================================
NOTES:
# LAST OF SEVERAL OCCURRENCES
COLUMN 17 PEAK WIND IN M.P.H.
PRELIMINARY LOCAL CLIMATOLOGICAL DATA (WS FORM: F-6) , PAGE 2
STATION: LONG BEACH AIRPORT CA
MONTH: FEBRUARY
YEAR: 2020
LATITUDE: 33 49 N
LONGITUDE: 118 9 W
[TEMPERATURE DATA] [PRECIPITATION DATA] SYMBOLS USED IN COLUMN 16
AVERAGE MONTHLY: 58.8 TOTAL FOR MONTH: 0.33 1 = FOG OR MIST
DPTR FM NORMAL: 1.2 DPTR FM NORMAL: -2.76 2 = FOG REDUCING VISIBILITY
HIGHEST: 86 ON 28 GRTST 24HR 0.30 ON 9- 9 TO 1/4 MILE OR LESS
LOWEST: 39 ON 5 3 = THUNDER
SNOW, ICE PELLETS, HAIL 4 = ICE PELLETS
TOTAL MONTH: 0.0 INCH 5 = HAIL
GRTST 24HR 0.0 6 = FREEZING RAIN OR DRIZZLE
GRTST DEPTH: 0 7 = DUSTSTORM OR SANDSTORM:
VSBY 1/2 MILE OR LESS
8 = SMOKE OR HAZE
[NO. OF DAYS WITH] [WEATHER - DAYS WITH] 9 = BLOWING SNOW
X = TORNADO
MAX 32 OR BELOW: 0 0.01 INCH OR MORE: 3
MAX 90 OR ABOVE: 0 0.10 INCH OR MORE: 1
MIN 32 OR BELOW: 0 0.50 INCH OR MORE: 0
MIN 0 OR BELOW: 0 1.00 INCH OR MORE: 0
[HDD (BASE 65) ]
TOTAL THIS MO. 185 CLEAR (SCALE 0-3) 20
DPTR FM NORMAL -27 PTCLDY (SCALE 4-7) 8
TOTAL FM JUL 1 829 CLOUDY (SCALE 8-10) 1
DPTR FM NORMAL -69
[CDD (BASE 65) ]
TOTAL THIS MO. 12
DPTR FM NORMAL 7 [PRESSURE DATA]
TOTAL FM JAN 1 12 HIGHEST SLP 30.32 ON 26
DPTR FM NORMAL 4 LOWEST SLP 29.75 ON 9
[REMARKS]
#FINAL-02-20#