000
CXUS55 KPUB 011310
CF6LHX
PRELIMINARY LOCAL CLIMATOLOGICAL DATA (WS FORM: F-6)
STATION: LA JUNTA CO
MONTH: FEBRUARY
YEAR: 2022
LATITUDE: 38 2 N
LONGITUDE: 103 31 W
TEMPERATURE IN F: :PCPN: SNOW: WIND :SUNSHINE: SKY :PK WND
================================================================================
1 2 3 4 5 6A 6B 7 8 9 10 11 12 13 14 15 16 17 18
12Z AVG MX 2MIN
DY MAX MIN AVG DEP HDD CDD WTR SNW DPTH SPD SPD DIR MIN PSBL S-S WX SPD DR
================================================================================
1 41 25 33 -1 32 0 0.00 M M 9.3 24 80 M M 2 34 110
2 25 2 14 -20 51 0 T M M 12.2 25 70 M M 10 1 30 70
3 15 -2 7 -27 58 0 T M M 3.8 13 250 M M 4 1 15 260
4 38 -2 18 -16 47 0 0.00 M M 11.2 21 270 M M 0 25 260
5 58 13 36 2 29 0 0.00 M M 9.5 17 280 M M 0 21 270
6 45 26 36 2 29 0 0.00 M M 10.5 22 10 M M 6 29 350
7 55 20 38 4 27 0 0.00 M M 8.8 20 270 M M 0 24 270
8 57 23 40 6 25 0 0.00 M M 10.8 24 20 M M 0 32 10
9 55 22 39 5 26 0 0.00 M M 8.1 28 20 M M 2 36 30
10 63 29 46 11 19 0 0.00 M M 11.7 20 220 M M 2 26 220
11 53 30 42 7 23 0 T M M 12.4 31 10 M M 5 1 42 20
12 46 15 31 -4 34 0 T M M 7.4 14 260 M M 2 19 210
13 62 22 42 7 23 0 0.00 M M 8.0 17 280 M M 0 22 250
14 67 19 43 8 22 0 0.00 M M 8.9 17 190 M M 0 25 200
15 73 27 50 14 15 0 0.00 M M 10.5 22 270 M M 0 30 270
16 50 24 37 1 28 0 T M M 14.5 29 40 M M 5 1 40 50
17 32 16 24 -12 41 0 T M M 7.4 22 10 M M 4 1 28 40
18 55 17 36 0 29 0 0.00 M M 8.2 17 270 M M 0 21 170
19 67 23 45 8 20 0 0.00 M M 11.1 21 210 M M 0 26 210
20 70 26 48 11 17 0 0.00 M M 10.6 23 240 M M 0 30 180
21 70 12 41 4 24 0 0.00 M M 12.2 37 60 M M 0 46 70
22 22 6 14 -24 51 0 0.00 M M 12.2 22 10 M M 6 28 40
23 22 1 12 -26 53 0 0.00 M M 13.3 25 110 M M 0 32 90
24 29 4 17 -21 48 0 0.00 M M 8.5 22 110 M M 2 28 110
25 41 4 23 -16 42 0 0.00 M M 7.7 17 70 M M 0 24 70
26 48 8 28 -11 37 0 0.00 M M 6.4 14 350 M M 0 18 340
27 63 12 38 -1 27 0 0.00 M M 7.5 15 260 M M 0 18 260
28 64 21 43 3 22 0 0.00 M M 6.2 15 270 M M 0 18 270
================================================================================
SM 1386 443 899 0 T M 268.9 M 50
================================================================================
AV 49.5 15.8 9.6 FASTST M M 2 MAX(MPH)
MISC ----> 37 60 46 70
================================================================================
NOTES:
# LAST OF SEVERAL OCCURRENCES
COLUMN 17 PEAK WIND IN M.P.H.
PRELIMINARY LOCAL CLIMATOLOGICAL DATA (WS FORM: F-6) , PAGE 2
STATION: LA JUNTA CO
MONTH: FEBRUARY
YEAR: 2022
LATITUDE: 38 2 N
LONGITUDE: 103 31 W
[TEMPERATURE DATA] [PRECIPITATION DATA] SYMBOLS USED IN COLUMN 16
AVERAGE MONTHLY: 32.7 TOTAL FOR MONTH: T 1 = FOG OR MIST
DPTR FM NORMAL: -3.2 DPTR FM NORMAL: -0.25 2 = FOG REDUCING VISIBILITY
HIGHEST: 73 ON 15 GRTST 24HR T ON 2- 2 TO 1/4 MILE OR LESS
LOWEST: -2 ON 4, 3 3 = THUNDER
SNOW, ICE PELLETS, HAIL 4 = ICE PELLETS
TOTAL MONTH: M 5 = HAIL
GRTST 24HR M ON M 6 = FREEZING RAIN OR DRIZZLE
GRTST DEPTH: M ON M 7 = DUSTSTORM OR SANDSTORM:
VSBY 1/2 MILE OR LESS
8 = SMOKE OR HAZE
[NO. OF DAYS WITH] [WEATHER - DAYS WITH] 9 = BLOWING SNOW
X = TORNADO
MAX 32 OR BELOW: 6 0.01 INCH OR MORE: 0
MAX 90 OR ABOVE: 0 0.10 INCH OR MORE: 0
MIN 32 OR BELOW: 28 0.50 INCH OR MORE: 0
MIN 0 OR BELOW: 2 1.00 INCH OR MORE: 0
[HDD (BASE 65) ]
TOTAL THIS MO. 899 CLEAR (SCALE 0-3) 21
DPTR FM NORMAL 84 PTCLDY (SCALE 4-7) 6
TOTAL FM JUL 1 3321 CLOUDY (SCALE 8-10) 1
DPTR FM NORMAL -608
[CDD (BASE 65) ]
TOTAL THIS MO. 0
DPTR FM NORMAL 0 [PRESSURE DATA]
TOTAL FM JAN 1 0 HIGHEST SLP 30.69 ON 4
DPTR FM NORMAL 0 LOWEST SLP 29.33 ON 21
[REMARKS]
#FINAL-02-22#