000
CXHW51 PHFO 011250
CF6LIH
PRELIMINARY LOCAL CLIMATOLOGICAL DATA (WS FORM: F-6)
STATION: LIHUE HI
MONTH: AUGUST
YEAR: 2021
LATITUDE: 21 58 N
LONGITUDE: 159 21 W
TEMPERATURE IN F: :PCPN: SNOW: WIND :SUNSHINE: SKY :PK WND
================================================================================
1 2 3 4 5 6A 6B 7 8 9 10 11 12 13 14 15 16 17 18
12Z AVG MX 2MIN
DY MAX MIN AVG DEP HDD CDD WTR SNW DPTH SPD SPD DIR MIN PSBL S-S WX SPD DR
================================================================================
1 86 77 82 2 0 17 0.01 M M 17.3 24 80 M M 8 29 80
2 87 78 83 3 0 18 0.01 M M 18.5 25 80 M M 4 8 30 70
3 87 77 82 2 0 17 T M M 18.0 28 80 M M 6 8 33 70
4 87 78 83 3 0 18 T M M 18.1 24 70 M M 5 8 28 70
5 87 77 82 2 0 17 0.02 M M 18.1 25 80 M M 7 30 50
6 88 78 83 3 0 18 0.00 M M 15.0 21 80 M M 7 26 80
7 87 78 83 3 0 18 0.00 M M 15.0 22 70 M M 4 25 70
8 87 77 82 2 0 17 0.02 M M 14.0 21 40 M M 5 8 23 40
9 87 77 82 2 0 17 T M M 12.8 18 70 M M 2 23 60
10 87 78 83 3 0 18 0.04 M M 10.9 15 80 M M 5 17 70
11 87 79 83 3 0 18 0.00 M M 10.9 16 50 M M 5 19 50
12 87 77 82 2 0 17 0.13 M M 12.2 21 50 M M 4 1 24 50
13 87 76 82 2 0 17 0.05 M M 14.8 23 40 M M 7 18 26 50
14 87 76 82 2 0 17 0.03 M M 15.8 28 40 M M 7 18 30 40
15 88 78 83 3 0 18 T M M 15.4 21 40 M M 4 25 40
16 87 75 81 1 0 16 0.02 M M 10.2 17 40 M M 4 19 40
17 87 72 80 0 0 15 0.00 M M 7.6 15 110 M M 3 18 120
18 87 72 80 0 0 15 T M M 8.5 14 70 M M 2 16 70
19 88 79 84 4 0 19 0.01 M M 12.5 21 60 M M 6 24 50
20 88 78 83 3 0 18 0.03 M M 15.0 24 60 M M 6 8 30 60
21 87 76 82 2 0 17 0.02 M M 14.5 22 40 M M 6 1 26 90
22 88 77 83 3 0 18 0.01 M M 14.5 21 40 M M 6 24 70
23 85 77 81 1 0 16 0.39 M M 15.9 25 50 M M 9 18 32 60
24 87 76 82 2 0 17 0.04 M M 17.4 24 70 M M 8 18 29 70
25 87 77 82 2 0 17 T M M 17.7 26 60 M M 6 32 60
26 86 73 80 0 0 15 0.09 M M 16.3 23 30 M M 6 18 28 30
27 87 76 82 2 0 17 0.10 M M 15.4 22 60 M M 5 8 27 50
28 87 77 82 2 0 17 T M M 13.1 20 40 M M 4 23 40
29 86 75 81 1 0 16 0.08 M M 9.7 18 20 M M 7 22 20
30 86 72 79 -1 0 14 0.24 M M 8.1 17 20 M M 7 1 21 30
31 85 69 77 -3 0 12 0.05 M M 8.4 13 70 M M 3 18 16 50
================================================================================
SM 2694 2362 0 521 1.39 M 431.6 M 168
================================================================================
AV 86.9 76.2 13.9 FASTST M M 5 MAX(MPH)
MISC ----> # 28 80 33 70
================================================================================
NOTES:
# LAST OF SEVERAL OCCURRENCES
COLUMN 17 PEAK WIND IN M.P.H.
PRELIMINARY LOCAL CLIMATOLOGICAL DATA (WS FORM: F-6) , PAGE 2
STATION: LIHUE HI
MONTH: AUGUST
YEAR: 2021
LATITUDE: 21 58 N
LONGITUDE: 159 21 W
[TEMPERATURE DATA] [PRECIPITATION DATA] SYMBOLS USED IN COLUMN 16
AVERAGE MONTHLY: 81.5 TOTAL FOR MONTH: 1.39 1 = FOG OR MIST
DPTR FM NORMAL: 1.3 DPTR FM NORMAL: -0.94 2 = FOG REDUCING VISIBILITY
HIGHEST: 88 ON 22,20 GRTST 24HR 0.42 ON 23-24 TO 1/4 MILE OR LESS
LOWEST: 69 ON 31 3 = THUNDER
SNOW, ICE PELLETS, HAIL 4 = ICE PELLETS
TOTAL MONTH: M 5 = HAIL
GRTST 24HR M ON M 6 = FREEZING RAIN OR DRIZZLE
GRTST DEPTH: M ON M 7 = DUSTSTORM OR SANDSTORM:
VSBY 1/2 MILE OR LESS
8 = SMOKE OR HAZE
[NO. OF DAYS WITH] [WEATHER - DAYS WITH] 9 = BLOWING SNOW
X = TORNADO
MAX 32 OR BELOW: 0 0.01 INCH OR MORE: 20
MAX 90 OR ABOVE: 0 0.10 INCH OR MORE: 4
MIN 32 OR BELOW: 0 0.50 INCH OR MORE: 0
MIN 0 OR BELOW: 0 1.00 INCH OR MORE: 0
[HDD (BASE 65) ]
TOTAL THIS MO. 0 CLEAR (SCALE 0-3) 3
DPTR FM NORMAL 0 PTCLDY (SCALE 4-7) 27
TOTAL FM JUL 1 0 CLOUDY (SCALE 8-10) 1
DPTR FM NORMAL 0
[CDD (BASE 65) ]
TOTAL THIS MO. 521
DPTR FM NORMAL 50 [PRESSURE DATA]
TOTAL FM JAN 1 2836 HIGHEST SLP 30.19 ON 6
DPTR FM NORMAL 202 LOWEST SLP 29.90 ON 31
[REMARKS]
#FINAL-08-21#