000
CXHW51 PHFO 011625
CLMLIH
CLIMATE REPORT
NATIONAL WEATHER SERVICE HONOLULU HI
625 AM HST MON MAY 01 2023
...................................
...THE LIHUE HI CLIMATE SUMMARY FOR THE MONTH OF APRIL 2023...
CLIMATE NORMAL PERIOD 1991 TO 2020
CLIMATE RECORD PERIOD 1950 TO 2023
WEATHER OBSERVED NORMAL DEPART LAST YEAR`S
VALUE DATE(S) VALUE FROM VALUE DATE(S)
NORMAL
................................................................
TEMPERATURE (F)
RECORD
HIGH 88 04/27/1981
LOW 56 04/22/1958
HIGHEST 81 04/22 79 2 80 04/14
04/29
04/30
04/15
04/29
LOWEST 63 04/20 69 -6 65 04/06
AVG. MAXIMUM 79.4 79.8 -0.4 78.8
AVG. MINIMUM 69.1 69.5 -0.4 70.2
MEAN 74.3 74.6 -0.3 74.5
DAYS MAX >= 90 0 0
DAYS MAX >= 93 0 0
DAYS MAX <= 80 22 30
DAYS MIN >= 72 4 8
DAYS MIN <= 60 0 0
DAYS MIN <= 55 0 0
PRECIPITATION (INCHES)
RECORD
MAXIMUM 10.65 1972
MINIMUM 0.32 1992
TOTALS 4.79 2.03 2.76 1.57
DAILY AVG. 0.16 0.07 0.09 0.05
DAYS >= .01 18 15.5 2.5 15
DAYS >= .10 8 5.4 2.6 3
DAYS >= .50 1 0.9 0.1 1
DAYS >= 1.00 0 0.3 -0.3 0
GREATEST
24 HR. TOTAL 2.22 04/18 TO 04/19 1.00
SNOWFALL (INCHES)
RECORDS
TOTAL MM 0
TOTALS MM 0.0 MM MM
SINCE 7/1 MM 0.0 MM MM
SNOWDEPTH AVG. MM MM
DAYS >= 1.0 MM 0.0 MM MM
GREATEST
SNOW DEPTH MM MM MM
24 HR TOTAL MM MM
DEGREE DAYS
HEATING TOTAL 0 0 0 0
SINCE 7/1 0 0 0 MM
COOLING TOTAL 286 290 -4 290
SINCE 1/1 1149 961 188 MM
................................................................
WIND (MPH)
AVERAGE WIND SPEED 12.3
HIGHEST WIND SPEED/DIRECTION 36/070 DATE 04/02
HIGHEST GUST SPEED/DIRECTION 51/070 DATE 04/02
SKY COVER
POSSIBLE SUNSHINE (PERCENT) MM
AVERAGE SKY COVER 0.63
NUMBER OF DAYS FAIR 2
NUMBER OF DAYS PC 22
NUMBER OF DAYS CLOUDY 6
AVERAGE RH (PERCENT) 82
WEATHER CONDITIONS. NUMBER OF DAYS WITH
THUNDERSTORM 2 MIXED PRECIP MM
HEAVY RAIN 7 RAIN 11
LIGHT RAIN 22 FREEZING RAIN MM
LT FREEZING RAIN MM HAIL MM
HEAVY SNOW MM SNOW MM
LIGHT SNOW MM SLEET MM
FOG 16 FOG W/VIS <= 1/4 MILE MM
HAZE 4
- INDICATES NEGATIVE NUMBERS.
R INDICATES RECORD WAS SET OR TIED.
MM INDICATES DATA IS MISSING.
T INDICATES TRACE AMOUNT.
$$