000
CXUS54 KLZK 011230
CF6LIT
PRELIMINARY LOCAL CLIMATOLOGICAL DATA (WS FORM: F-6)
STATION: LITTLE ROCK ADAMS FIELD
MONTH: SEPTEMBER
YEAR: 2023
LATITUDE: 34 43 N
LONGITUDE: 92 14 W
TEMPERATURE IN F: :PCPN: SNOW: WIND :SUNSHINE: SKY :PK WND
================================================================================
1 2 3 4 5 6A 6B 7 8 9 10 11 12 13 14 15 16 17 18
12Z AVG MX 2MIN
DY MAX MIN AVG DEP HDD CDD WTR SNW DPTH SPD SPD DIR MIN PSBL S-S WX SPD DR
================================================================================
1 87 63 75 -3 0 10 0.00 0.0 0 4.7 13 150 M M 4 16 150
2 92 70 81 3 0 16 0.00 0.0 0 6.0 14 140 M M 5 18 70
3 95 74 85 7 0 20 0.00 0.0 0 5.7 20 170 M M 5 23 170
4 99 73 86 8 0 21 0.00 0.0 0 7.1 22 150 M M 6 3 30 150
5 95 73 84 7 0 19 0.00 0.0 0 6.0 15 230 M M 6 21 210
6 102 73 88 11 0 23 0.00 0.0 0 6.5 26 300 M M 4 3 38 320
7 93 68 81 4 0 16 0.00 0.0 0 3.9 12 140 M M 2 16 170
8 89 69 79 3 0 14 0.09 0.0 0 6.0 17 20 M M 5 138 23 20
9 91 65 78 2 0 13 0.00 0.0 0 7.9 17 20 M M 1 24 20
10 89 64 77 1 0 12 0.00 0.0 0 7.0 18 80 M M 1 25 100
11 90 65 78 2 0 13 0.00 0.0 0 2.8 9 150 M M 7 13 110
12 77 68 73 -2 0 8 0.05 0.0 0 6.0 14 70 M M 9 1 19 60
13 87 67 77 2 0 12 0.00 0.0 0 6.9 14 70 M M 8 18 50
14 84 63 74 -1 0 9 T 0.0 0 6.2 15 90 M M 8 19 70
15 89 61 75 1 0 10 0.00 0.0 0 4.4 15 40 M M 2 8 22 20
16 92 61 77 3 0 12 0.00 0.0 0 4.3 14 350 M M 5 22 360
17 92 65 79 5 0 14 0.00 0.0 0 6.3 17 310 M M 3 8 26 360
18 88 59 74 1 0 9 0.00 0.0 0 2.0 12 150 M M 1 16 170
19 90 60 75 2 0 10 T 0.0 0 4.7 15 210 M M 7 8 19 220
20 86 69 78 5 0 13 0.00 0.0 0 5.7 17 230 M M 6 22 230
21 93 67 80 8 0 15 0.00 0.0 0 5.1 10 110 M M 7 1 17 160
22 86 70 78 6 0 13 0.14 0.0 0 4.4 15 120 M M 8 13 18 30
23 94 68 81 9 0 16 0.00 0.0 0 4.7 12 200 M M 5 18 16 200
24 84 70 77 6 0 12 0.18 0.0 0 4.7 17 70 M M 8 18 22 80
25 94 70 82 11 0 17 0.00 0.0 0 4.3 13 90 M M 4 18 16 70
26 94 69 82 12 0 17 0.00 0.0 0 2.8 12 70 M M 2 17 150
27 95 65 80 10 0 15 0.00 0.0 0 2.9 12 140 M M 1 20 120
28 95 70 83 13 0 18 0.00 0.0 0 4.7 13 240 M M 2 17 200
29 94 67 81 12 0 16 0.00 0.0 0 2.7 12 140 M M 0 8 16 170
30 96 65 81 12 0 16 0.00 0.0 0 2.0 13 140 M M 0 18 150
================================================================================
SM 2732 2011 0 429 0.46 0.0 148.4 M 132
================================================================================
AV 91.1 67.0 4.9 FASTST M M 4 MAX(MPH)
MISC ----> 26 300 38 320
================================================================================
NOTES:
# LAST OF SEVERAL OCCURRENCES
COLUMN 17 PEAK WIND IN M.P.H.
PRELIMINARY LOCAL CLIMATOLOGICAL DATA (WS FORM: F-6) , PAGE 2
STATION: LITTLE ROCK ADAMS FIELD
MONTH: SEPTEMBER
YEAR: 2023
LATITUDE: 34 43 N
LONGITUDE: 92 14 W
[TEMPERATURE DATA] [PRECIPITATION DATA] SYMBOLS USED IN COLUMN 16
AVERAGE MONTHLY: 79.1 TOTAL FOR MONTH: 0.46 1 = FOG OR MIST
DPTR FM NORMAL: 5.1 DPTR FM NORMAL: -2.55 2 = FOG REDUCING VISIBILITY
HIGHEST: 102 ON 6 GRTST 24HR 0.18 ON 24-24 TO 1/4 MILE OR LESS
LOWEST: 59 ON 18 3 = THUNDER
SNOW, ICE PELLETS, HAIL 4 = ICE PELLETS
TOTAL MONTH: 0.0 INCH 5 = HAIL
GRTST 24HR 0.0 6 = FREEZING RAIN OR DRIZZLE
GRTST DEPTH: 0 7 = DUSTSTORM OR SANDSTORM:
VSBY 1/2 MILE OR LESS
8 = SMOKE OR HAZE
[NO. OF DAYS WITH] [WEATHER - DAYS WITH] 9 = BLOWING SNOW
X = TORNADO
MAX 32 OR BELOW: 0 0.01 INCH OR MORE: 4
MAX 90 OR ABOVE: 19 0.10 INCH OR MORE: 2
MIN 32 OR BELOW: 0 0.50 INCH OR MORE: 0
MIN 0 OR BELOW: 0 1.00 INCH OR MORE: 0
[HDD (BASE 65) ]
TOTAL THIS MO. 0 CLEAR (SCALE 0-3) 11
DPTR FM NORMAL -11 PTCLDY (SCALE 4-7) 18
TOTAL FM JUL 1 0 CLOUDY (SCALE 8-10) 1
DPTR FM NORMAL -8
[CDD (BASE 65) ]
TOTAL THIS MO. 429
DPTR FM NORMAL 148 [PRESSURE DATA]
TOTAL FM JAN 1 2519 HIGHEST SLP 30.16 ON 30
DPTR FM NORMAL 606 LOWEST SLP 29.83 ON 23
[REMARKS]
#FINAL-09-23#