000
CXUS55 KPIH 011632
CF6LLJ
PRELIMINARY LOCAL CLIMATOLOGICAL DATA (WS FORM: F-6)
STATION: CHALLIS
MONTH: MARCH
YEAR: 2022
LATITUDE: 44 31 N
LONGITUDE: 114 13 W
TEMPERATURE IN F: :PCPN: SNOW: WIND :SUNSHINE: SKY :PK WND
================================================================================
1 2 3 4 5 6A 6B 7 8 9 10 11 12 13 14 15 16 17 18
12Z AVG MX 2MIN
DY MAX MIN AVG DEP HDD CDD WTR SNW DPTH SPD SPD DIR MIN PSBL S-S WX SPD DR
================================================================================
1 57 35 46 14 19 0 T M M 5.1 17 210 M M 9 23 200
2 62 30 46 13 19 0 0.00 M M 4.4 17 150 M M 4 26 170
3 63 29 46 13 19 0 0.00 M M 2.6 15 160 M M 1 21 160
4 48 29 39 5 26 0 0.02 M M 5.8 17 340 M M 5 25 10
5 39 25 32 -2 33 0 0.00 M M 10.6 21 20 M M 8 27 30
6 37 20 29 -5 36 0 T M M 6.9 22 350 M M 5 28 360
7 36 14 25 -10 40 0 0.00 M M 2.3 12 170 M M 7 15 170
8 42 23 33 -2 32 0 0.01 M M 7.2 22 40 M M 9 1 31 40
9 27 14 21 -15 44 0 T M M 10.4 18 30 M M 6 26 30
10 34 5 20 -16 45 0 0.00 M M 3.0 14 300 M M 2 19 280
11 46 17 32 -4 33 0 0.00 M M 2.3 13 320 M M 8 17 330
12 59 27 43 6 22 0 0.00 M M 7.3 22 240 M M 2 34 270
13 46 28 37 0 28 0 T M M 8.8 29 290 M M 6 38 290
14 53 21 37 0 28 0 0.00 M M 4.6 20 170 M M 3 28 170
15 53 31 42 4 23 0 0.01 M M 3.9 23 310 M M 7 1 30 310
16 44 25 35 -3 30 0 0.01 M M 6.7 25 310 M M 6 1 35 300
17 51 17 34 -4 31 0 0.00 M M 2.3 12 150 M M 1 17 150
18 55 30 43 5 22 0 0.00 M M 4.3 16 270 M M 6 21 270
19 59 26 43 5 22 0 0.00 M M 7.9 28 190 M M 4 38 190
20 43 21 32 -7 33 0 0.01 M M 11.9 23 20 M M 5 1 30 350
21 48 21 35 -4 30 0 0.00 M M 1.7 8 340 M M 2 11 10
22 59 26 43 4 22 0 0.00 M M 3.1 14 310 M M 4 20 310
23 69 27 48 9 17 0 0.00 M M 3.2 18 270 M M 1 25 270
24 66 34 50 10 15 0 0.00 M M 5.9 22 300 M M 1 33 220
25 68 30 49 9 16 0 0.00 M M 3.3 20 230 M M 0 26 220
26 70 32 51 11 14 0 0.00 M M 4.6 18 300 M M 0 28 240
27 67 34 51 11 14 0 0.00 M M 3.1 15 170 M M 1 22 170
28 66 36 51 11 14 0 0.00 M M 7.8 25 230 M M 3 43 200
29 58 36 47 7 18 0 T M M 10.8 24 330 M M 8 30 350
30 63 24 44 3 21 0 0.00 M M 4.9 29 270 M M 1 37 270
31 51 32 42 1 23 0 T M M 10.6 22 310 M M 3 31 50
================================================================================
SM 1639 799 789 0 0.06 M 177.3 M 128
================================================================================
AV 52.9 25.8 5.7 FASTST M M 4 MAX(MPH)
MISC ----> # 29 290 43 200
================================================================================
NOTES:
# LAST OF SEVERAL OCCURRENCES
COLUMN 17 PEAK WIND IN M.P.H.
PRELIMINARY LOCAL CLIMATOLOGICAL DATA (WS FORM: F-6) , PAGE 2
STATION: CHALLIS
MONTH: MARCH
YEAR: 2022
LATITUDE: 44 31 N
LONGITUDE: 114 13 W
[TEMPERATURE DATA] [PRECIPITATION DATA] SYMBOLS USED IN COLUMN 16
AVERAGE MONTHLY: 39.3 TOTAL FOR MONTH: 0.06 1 = FOG OR MIST
DPTR FM NORMAL: 2.0 DPTR FM NORMAL: -0.40 2 = FOG REDUCING VISIBILITY
HIGHEST: 70 ON 26 GRTST 24HR 0.02 ON 4- 4 TO 1/4 MILE OR LESS
LOWEST: 5 ON 10 3 = THUNDER
SNOW, ICE PELLETS, HAIL 4 = ICE PELLETS
TOTAL MONTH: M 5 = HAIL
GRTST 24HR M ON M 6 = FREEZING RAIN OR DRIZZLE
GRTST DEPTH: M ON M 7 = DUSTSTORM OR SANDSTORM:
VSBY 1/2 MILE OR LESS
8 = SMOKE OR HAZE
[NO. OF DAYS WITH] [WEATHER - DAYS WITH] 9 = BLOWING SNOW
X = TORNADO
MAX 32 OR BELOW: 1 0.01 INCH OR MORE: 5
MAX 90 OR ABOVE: 0 0.10 INCH OR MORE: 0
MIN 32 OR BELOW: 26 0.50 INCH OR MORE: 0
MIN 0 OR BELOW: 0 1.00 INCH OR MORE: 0
[HDD (BASE 65) ]
TOTAL THIS MO. 789 CLEAR (SCALE 0-3) 13
DPTR FM NORMAL -68 PTCLDY (SCALE 4-7) 16
TOTAL FM JUL 1 5680 CLOUDY (SCALE 8-10) 2
DPTR FM NORMAL -964
[CDD (BASE 65) ]
TOTAL THIS MO. 0
DPTR FM NORMAL 0 [PRESSURE DATA]
TOTAL FM JAN 1 0 HIGHEST SLP 30.43 ON 7
DPTR FM NORMAL 0 LOWEST SLP 29.44 ON 28
[REMARKS]
26TH: HIGH OF 70 BREAKS PREVIOUS RECORD OF 67 SET IN 1966.
#FINAL-03-22#