000
CXUS55 KPIH 011203
CF6LLJ
PRELIMINARY LOCAL CLIMATOLOGICAL DATA (WS FORM: F-6)
STATION: CHALLIS ID
MONTH: JULY
YEAR: 2020
LATITUDE: 44 31 N
LONGITUDE: 114 13 W
TEMPERATURE IN F: :PCPN: SNOW: WIND :SUNSHINE: SKY :PK WND
================================================================================
1 2 3 4 5 6A 6B 7 8 9 10 11 12 13 14 15 16 17 18
12Z AVG MX 2MIN
DY MAX MIN AVG DEP HDD CDD WTR SNW DPTH SPD SPD DIR MIN PSBL S-S WX SPD DR
================================================================================
1 73 41 57 -8 8 0 0.00 M M 7.5 26 210 M M 1 8 33 220
2 80 39 60 -6 5 0 0.00 M M 5.3 21 240 M M 0 26 280
3 80 45 63 -3 2 0 0.02 M M 4.9 21 170 M M 2 28 150
4 86 47 67 1 0 2 0.00 M M 5.8 24 260 M M 0 31 270
5 84 47 66 0 0 1 0.00 M M 3.7 16 270 M M 1 21 260
6 86 46 66 -1 0 1 0.00 M M 3.4 17 210 M M 0 21 210
7 81 52 67 0 0 2 0.00 M M 10.6 23 270 M M 1 30 240
8 81 44 63 -4 2 0 0.00 M M 4.1 14 300 M M 0 16 300
9 86 47 67 -1 0 2 0.00 M M 5.1 23 300 M M 0 8 30 280
10 87 50 69 1 0 4 0.00 M M 5.9 22 200 M M 1 8 28 200
11 93 47 70 2 0 5 0.00 M M 4.3 20 260 M M 0 26 250
12 88 51 70 2 0 5 0.00 M M 9.7 30 220 M M 0 8 40 230
13 81 58 70 1 0 5 0.00 M M 9.7 17 20 M M 1 24 30
14 82 46 64 -5 1 0 0.00 M M 4.6 14 10 M M 0 18 360
15 88 45 67 -2 0 2 0.00 M M 4.4 13 20 M M 0 18 20
16 93 50 72 3 0 7 0.00 M M 4.0 17 240 M M 0 22 260
17 94 54 74 5 0 9 0.00 M M 8.1 30 250 M M 0 8 41 270
18 89 57 73 3 0 8 0.00 M M 6.7 13 10 M M 0 17 20
19 89 53 71 1 0 6 0.00 M M 5.9 14 360 M M 0 19 20
20 90 54 72 2 0 7 0.00 M M 4.4 13 310 M M 0 17 330
21 94 54 74 4 0 9 0.00 M M 3.7 10 320 M M 0 12 130
22 87 55 71 1 0 6 T M M 4.6 22 180 M M 3 30 180
23 80 57 69 -1 0 4 0.25 M M 5.6 31 340 M M 6 3 37 320
24 84 51 68 -2 0 3 0.00 M M 5.4 23 220 M M 3 30 220
25 87 51 69 -1 0 4 0.00 M M 5.4 21 240 M M 0 28 230
26 92 53 73 3 0 8 0.00 M M 3.2 12 310 M M 0 15 330
27 91 53 72 2 0 7 T M M 4.8 33 270 M M 0 40 270
28 76 57 67 -3 0 2 0.05 M M 4.6 18 150 M M 4 3 23 170
29 90 50 70 0 0 5 0.00 M M 4.2 18 40 M M 0 23 30
30 95 52 74 4 0 9 0.00 M M 2.7 10 330 M M 0 3 13 30
31 98 54 76 6 0 11 T M M 5.0 29 280 M M 0 41 140
================================================================================
SM 2685 1560 18 134 0.32 M 167.3 M 23
================================================================================
AV 86.6 50.3 5.4 FASTST M M 1 MAX(MPH)
MISC ----> # 33 270 # 41 270
================================================================================
NOTES:
# LAST OF SEVERAL OCCURRENCES
PRECIPITATION SUSPECT DURING FREEZING/FROZEN EVENTS
COLUMN 17 PEAK WIND IN M.P.H.
PRELIMINARY LOCAL CLIMATOLOGICAL DATA (WS FORM: F-6) , PAGE 2
STATION: CHALLIS ID
MONTH: JULY
YEAR: 2020
LATITUDE: 44 31 N
LONGITUDE: 114 13 W
[TEMPERATURE DATA] [PRECIPITATION DATA] SYMBOLS USED IN COLUMN 16
AVERAGE MONTHLY: 68.5 TOTAL FOR MONTH: 0.32 1 = FOG OR MIST
DPTR FM NORMAL: -0.1 DPTR FM NORMAL: -0.51 2 = FOG REDUCING VISIBILITY
HIGHEST: 98 ON 31 GRTST 24HR 0.25 ON 23-23 TO 1/4 MILE OR LESS
LOWEST: 39 ON 2 3 = THUNDER
SNOW, ICE PELLETS, HAIL 4 = ICE PELLETS
TOTAL MONTH: M 5 = HAIL
GRTST 24HR M ON M 6 = FREEZING RAIN OR DRIZZLE
GRTST DEPTH: M ON M 7 = DUSTSTORM OR SANDSTORM:
VSBY 1/2 MILE OR LESS
8 = SMOKE OR HAZE
[NO. OF DAYS WITH] [WEATHER - DAYS WITH] 9 = BLOWING SNOW
X = TORNADO
MAX 32 OR BELOW: 0 0.01 INCH OR MORE: 3
MAX 90 OR ABOVE: 10 0.10 INCH OR MORE: 1
MIN 32 OR BELOW: 0 0.50 INCH OR MORE: 0
MIN 0 OR BELOW: 0 1.00 INCH OR MORE: 0
[HDD (BASE 65) ]
TOTAL THIS MO. 18 CLEAR (SCALE 0-3) 29
DPTR FM NORMAL -3 PTCLDY (SCALE 4-7) 2
TOTAL FM JUL 1 18 CLOUDY (SCALE 8-10) 0
DPTR FM NORMAL -3
[CDD (BASE 65) ]
TOTAL THIS MO. 134
DPTR FM NORMAL 2 [PRESSURE DATA]
TOTAL FM JAN 1 195 HIGHEST SLP 30.17 ON 11
DPTR FM NORMAL 39 LOWEST SLP 29.62 ON 7
[REMARKS]
#FINAL-07-20#