655
CXUS54 KLZK 011130
CF6LLQ
PRELIMINARY LOCAL CLIMATOLOGICAL DATA (WS FORM: F-6)
STATION: Monticello
MONTH: SEPTEMBER
YEAR: 2020
LATITUDE: 33 37 N
LONGITUDE: 91 45 W
TEMPERATURE IN F: :PCPN: SNOW: WIND :SUNSHINE: SKY :PK WND
================================================================================
1 2 3 4 5 6A 6B 7 8 9 10 11 12 13 14 15 16 17 18
12Z AVG MX 2MIN
DY MAX MIN AVG DEP HDD CDD WTR SNW DPTH SPD SPD DIR MIN PSBL S-S WX SPD DR
================================================================================
1 93 78 86 6 0 21 0.15 0.0 0 6.7 18 220 M M 4 1 26 220
2 90 77 84 4 0 19 T 0.0 0 7.5 18 210 M M 4 24 180
3 87 74 81 2 0 16 0.91 0.0 0 3.9 12 250 M M 4 13 17 270
4 91 75 83 4 0 18 0.00 0.0 0 2.3 12 50 M M 0 15 50
5 84 65 75 -4 0 10 0.00 0.0 0 3.1 10 50 M M 1 14 40
6 91 62 77 -1 0 12 0.00 0.0 0 1.5 8 210 M M 0 11 200
7 91 66 79 1 0 14 0.00 0.0 0 2.2 10 190 M M 0 14 190
8 90 69 80 2 0 15 0.00 0.0 0 2.4 9 90 M M 0 12 100
9 93 70 82 4 0 17 0.00 0.0 0 3.6 10 60 M M 1 17 40
10 92 70 81 4 0 16 0.00 0.0 0 1.6 6 99 M M 3 M M
11 93 69 81 4 0 16 0.00 0.0 0 2.6 10 50 M M 1 14 50
12 92 72 82 5 0 17 0.44 0.0 0 2.5 17 60 M M 3 13 22 70
13 81 74 78 2 0 13 1.08 0.0 0 3.5 13 70 M M 7 1 16 80
14 88 73 81 5 0 16 0.00 0.0 0 6.6 13 50 M M 6 3 19 30
15 88 70 79 3 0 14 0.00 0.0 0 5.7 13 40 M M 1 17 50
16 89 72 81 6 0 16 0.17 0.0 0 4.5 18 40 M M 4 1 27 50
17 86 67 77 2 0 12 0.00 0.0 0 3.6 10 360 M M 1 18 10
18 83 66 75 1 0 10 0.00 0.0 0 5.2 12 50 M M 1 18 340
19 79 59 69 -5 0 4 0.00 0.0 0 6.1 15 50 M M 0 21 50
20 84 61 73 -1 0 8 0.00 0.0 0 8.4 17 80 M M 2 23 90
21 73 63 68 -5 0 3 0.14 0.0 0 6.1 13 80 M M 9 18 18 80
22 74 63 69 -4 0 4 0.97 0.0 0 8.4 15 60 M M 10 1 19 60
23 68 63 66 -6 0 1 1.69 0.0 0 8.6 14 50 M M 10 1 19 50
24 67 61 64 -8 1 0 0.08 0.0 0 5.0 13 50 M M 8 1 18 30
25 73 63 68 -4 0 3 0.00 0.0 0 1.4 6 280 M M 10 1 9 250
26 78 64 71 0 0 6 0.00 0.0 0 2.8 10 270 M M 7 13 270
27 86 64 75 4 0 10 0.00 0.0 0 4.3 10 200 M M 3 M M
28 75 58 67 -4 0 2 0.35 0.0 0 7.2 16 340 M M 3 13 29 300
29 75 51 63 -7 2 0 0.00 0.0 0 5.6 15 280 M M 0 22 330
30 84 53 69 -1 0 4 0.00 0.0 0 4.3 7 240 M M 0 M M
================================================================================
SM 2518 1992 3 317 5.98 0.0 137.2 M 103
================================================================================
AV 83.9 66.4 4.6 FASTST M M 3 MAX(MPH)
MISC ----> # 18 220 # 29 300
================================================================================
NOTES:
# LAST OF SEVERAL OCCURRENCES
COLUMN 17 PEAK WIND IN M.P.H.
PRELIMINARY LOCAL CLIMATOLOGICAL DATA (WS FORM: F-6) , PAGE 2
STATION: Monticello
MONTH: SEPTEMBER
YEAR: 2020
LATITUDE: 33 37 N
LONGITUDE: 91 45 W
[TEMPERATURE DATA] [PRECIPITATION DATA] SYMBOLS USED IN COLUMN 16
AVERAGE MONTHLY: 75.2 TOTAL FOR MONTH: 5.98 1 = FOG OR MIST
DPTR FM NORMAL: -0.0 DPTR FM NORMAL: 3.02 2 = FOG REDUCING VISIBILITY
HIGHEST: 93 ON 11, 9 GRTST 24HR 1.69 ON 23-23 TO 1/4 MILE OR LESS
LOWEST: 51 ON 29 3 = THUNDER
SNOW, ICE PELLETS, HAIL 4 = ICE PELLETS
TOTAL MONTH: 0.0 INCH 5 = HAIL
GRTST 24HR 0.0 6 = FREEZING RAIN OR DRIZZLE
GRTST DEPTH: 0 7 = DUSTSTORM OR SANDSTORM:
VSBY 1/2 MILE OR LESS
8 = SMOKE OR HAZE
[NO. OF DAYS WITH] [WEATHER - DAYS WITH] 9 = BLOWING SNOW
X = TORNADO
MAX 32 OR BELOW: 0 0.01 INCH OR MORE: 10
MAX 90 OR ABOVE: 10 0.10 INCH OR MORE: 9
MIN 32 OR BELOW: 0 0.50 INCH OR MORE: 4
MIN 0 OR BELOW: 0 1.00 INCH OR MORE: 2
[HDD (BASE 65) ]
TOTAL THIS MO. 3 CLEAR (SCALE 0-3) 18
DPTR FM NORMAL -11 PTCLDY (SCALE 4-7) 8
TOTAL FM JUL 1 3 CLOUDY (SCALE 8-10) 4
DPTR FM NORMAL -11
[CDD (BASE 65) ]
TOTAL THIS MO. 317
DPTR FM NORMAL -1 [PRESSURE DATA]
TOTAL FM JAN 1 2104 HIGHEST SLP 30.29 ON 5
DPTR FM NORMAL 6 LOWEST SLP 29.72 ON 28
[REMARKS]
ALL SNOWFALL DATA IS FROM THE UNIVERSITY OF ARKANSAS AT MONTICELLO COOPERATIVE OBSERVER SITE
#FINAL-09-20#