000
CXUS54 KLZK 011130
CF6LLQ
PRELIMINARY LOCAL CLIMATOLOGICAL DATA (WS FORM: F-6)
STATION: Monticello
MONTH: JULY
YEAR: 2020
LATITUDE: 33 37 N
LONGITUDE: 91 45 W
TEMPERATURE IN F: :PCPN: SNOW: WIND :SUNSHINE: SKY :PK WND
================================================================================
1 2 3 4 5 6A 6B 7 8 9 10 11 12 13 14 15 16 17 18
12Z AVG MX 2MIN
DY MAX MIN AVG DEP HDD CDD WTR SNW DPTH SPD SPD DIR MIN PSBL S-S WX SPD DR
================================================================================
1 92 77 85 3 0 20 0.00 0.0 0 5.6 14 220 M M 4 19 240
2 94 71 83 1 0 18 0.63 0.0 0 4.9 25 150 M M 4 13 33 80
3 91 72 82 0 0 17 0.07 0.0 0 3.1 12 240 M M 1 3 17 240
4 92 72 82 0 0 17 3.04 0.0 0 3.0 18 60 M M 1 138 24 60
5 89 71 80 -2 0 15 0.00 0.0 0 2.8 10 50 M M 2 12 13 90
6 90 73 82 0 0 17 0.00 0.0 0 3.5 14 100 M M 2 20 100
7 86 74 80 -2 0 15 0.01 0.0 0 3.6 15 220 M M 4 1 21 220
8 90 74 82 0 0 17 0.03 0.0 0 3.9 12 190 M M 5 1 15 200
9 92 76 84 2 0 19 T 0.0 0 4.4 14 230 M M 3 19 220
10 94 74 84 2 0 19 0.00 0.0 0 2.7 13 320 M M 1 1 16 310
11 95 78 87 5 0 22 0.00 0.0 0 2.1 10 240 M M 2 18 14 240
12 94 77 86 4 0 21 0.00 0.0 0 3.7 12 240 M M 0 1 17 220
13 94 73 84 2 0 19 0.00 0.0 0 1.3 4 99 M M 0 M M
14 94 75 85 3 0 20 T 0.0 0 4.6 17 140 M M 1 3 25 140
15 94 79 87 5 0 22 0.00 0.0 0 5.5 14 210 M M 0 19 160
16 95 75 85 3 0 20 0.00 0.0 0 3.5 10 260 M M 1 15 310
17 92 75 84 2 0 19 0.00 0.0 0 3.7 13 150 M M 1 16 130
18 94 75 85 3 0 20 0.00 0.0 0 2.2 10 140 M M 1 17 150
19 95 76 86 4 0 21 0.00 0.0 0 3.0 9 170 M M 1 16 170
20 94 77 86 4 0 21 0.00 0.0 M 2.9 10 140 M M 0 15 180
21 94 77 86 4 0 21 0.00 0.0 0 4.9 16 200 M M 1 22 200
22 93 77 85 3 0 20 0.00 0.0 0 4.2 12 360 M M 1 3 17 340
23 94 76 85 3 0 20 0.00 0.0 0 3.6 13 50 M M 1 17 50
24 92 74 83 1 0 18 0.27 0.0 0 6.2 21 90 M M 2 13 27 80
25 91 75 83 1 0 18 0.05 0.0 0 4.6 16 160 M M 5 13 26 140
26 93 72 83 1 0 18 1.15 0.0 0 2.6 24 150 M M 3 1238 36 180
27 91 73 82 0 0 17 0.14 0.0 0 1.8 10 160 M M 1 15 160
28 92 73 83 1 0 18 0.00 0.0 0 1.8 8 140 M M 2 13 140
29 93 75 84 2 0 19 0.00 0.0 0 4.6 13 290 M M 2 17 240
30 91 77 84 2 0 19 0.00 0.0 0 10.9 17 230 M M 3 25 220
31 83 73 78 -4 0 13 0.91 0.0 0 8.3 16 260 M M 5 13 23 260
================================================================================
SM 2858 2316 0 580 6.30 0.0 123.5 M 60
================================================================================
AV 92.2 74.7 4.0 FASTST M M 2 MAX(MPH)
MISC ----> # 25 150 # 36 180
================================================================================
NOTES:
# LAST OF SEVERAL OCCURRENCES
COLUMN 17 PEAK WIND IN M.P.H.
PRELIMINARY LOCAL CLIMATOLOGICAL DATA (WS FORM: F-6) , PAGE 2
STATION: Monticello
MONTH: JULY
YEAR: 2020
LATITUDE: 33 37 N
LONGITUDE: 91 45 W
[TEMPERATURE DATA] [PRECIPITATION DATA] SYMBOLS USED IN COLUMN 16
AVERAGE MONTHLY: 83.5 TOTAL FOR MONTH: 6.30 1 = FOG OR MIST
DPTR FM NORMAL: 1.5 DPTR FM NORMAL: 2.71 2 = FOG REDUCING VISIBILITY
HIGHEST: 95 ON 19,16 GRTST 24HR 3.04 ON 4- 4 TO 1/4 MILE OR LESS
LOWEST: 71 ON 5, 2 3 = THUNDER
SNOW, ICE PELLETS, HAIL 4 = ICE PELLETS
TOTAL MONTH: 0.0 INCH 5 = HAIL
GRTST 24HR 0.0 6 = FREEZING RAIN OR DRIZZLE
GRTST DEPTH: 0 7 = DUSTSTORM OR SANDSTORM:
VSBY 1/2 MILE OR LESS
8 = SMOKE OR HAZE
[NO. OF DAYS WITH] [WEATHER - DAYS WITH] 9 = BLOWING SNOW
X = TORNADO
MAX 32 OR BELOW: 0 0.01 INCH OR MORE: 10
MAX 90 OR ABOVE: 28 0.10 INCH OR MORE: 6
MIN 32 OR BELOW: 0 0.50 INCH OR MORE: 4
MIN 0 OR BELOW: 0 1.00 INCH OR MORE: 2
[HDD (BASE 65) ]
TOTAL THIS MO. 0 CLEAR (SCALE 0-3) 24
DPTR FM NORMAL 0 PTCLDY (SCALE 4-7) 7
TOTAL FM JUL 1 0 CLOUDY (SCALE 8-10) 0
DPTR FM NORMAL 0
[CDD (BASE 65) ]
TOTAL THIS MO. 580
DPTR FM NORMAL 53 [PRESSURE DATA]
TOTAL FM JAN 1 1292 HIGHEST SLP 30.14 ON 17
DPTR FM NORMAL 20 LOWEST SLP 29.81 ON 31
[REMARKS]
ALL SNOWFALL DATA IS FROM THE UNIVERSITY OF ARKANSAS AT MONTICELLO COOPERATIVE OBSERVER SITE
#FINAL-07-20#