000
CXUS53 KMKX 010910
CF6LNR
PRELIMINARY LOCAL CLIMATOLOGICAL DATA (WS FORM: F-6)
STATION: LONE ROCK WI
MONTH: DECEMBER
YEAR: 2022
LATITUDE: 43 12 N
LONGITUDE: 90 11 W
TEMPERATURE IN F: :PCPN: SNOW: WIND :SUNSHINE: SKY :PK WND
================================================================================
1 2 3 4 5 6A 6B 7 8 9 10 11 12 13 14 15 16 17 18
12Z AVG MX 2MIN
DY MAX MIN AVG DEP HDD CDD WTR SNW DPTH SPD SPD DIR MIN PSBL S-S WX SPD DR
================================================================================
1 43 17 30 0 35 0 0.00 M M 7.0 17 150 M M 0 26 190
2 55 33 44 14 21 0 0.00 M M 10.1 28 290 M M 4 37 280
3 36 15 26 -3 39 0 0.00 M M 11.6 28 280 M M 2 40 280
4 43 17 30 1 35 0 0.00 M M 3.4 10 220 M M 0 14 230
5 39 29 34 6 31 0 0.06 M M 3.0 12 350 M M 8 8 15 360
6 36 27 32 4 33 0 0.01 M M 2.8 13 110 M M 6 18 16 100
7 34 26 30 2 35 0 0.00 M M 3.9 12 360 M M 10 128 15 360
8 38 21 30 3 35 0 0.00 M M 6.1 16 100 M M 7 1 25 100
9 35 30 33 6 32 0 0.28 M M 12.7 22 70 M M 10 128 30 60
10 35 33 34 8 31 0 0.03 M M 4.2 12 100 M M 10 12 14 90
11 36 32 34 8 31 0 T M M 2.2 9 270 M M 10 1 12 250
12 36 32 34 8 31 0 T M M 7.7 15 90 M M 10 18 21 100
13 36 34 35 10 30 0 0.09 M M 15.8 26 100 M M 10 18 35 100
14 42 33 38 13 27 0 1.13 M M 12.7 23 100 M M 10 1 32 110
15 34 27 31 6 34 0 0.24 M M 9.1 20 200 M M 10 128 28 200
16 27 22 25 1 40 0 T M M 10.9 17 210 M M 10 18 26 220
17 26 18 22 -2 43 0 T M M 11.1 17 270 M M 10 18 25 260
18 18 1 10 -14 55 0 T M M 9.3 17 280 M M 5 8 22 280
19 22 -6 8 -16 57 0 T M M 5.1 13 110 M M 5 18 15 100
20 26 -2 12 -11 53 0 T M M 7.0 20 280 M M 4 18 26 300
21 16 -8 4 -19 61 0 T M M 5.5 13 110 M M 6 18 16 110
22 17 -12 3 -20 62 0 T M M 13.4 23 280 M M 9 18 30 290
23 -1 -12 -6 -28 71 0 T M M 20.0 31 290 M M 7 8 45 280
24 11 -1 5 -17 60 0 T M M 21.0 31 290 M M 3 8 41 290
25 13 -1 6 -16 59 0 T M M 10.4 21 290 M M 2 32 280
26 19 -5 7 -15 58 0 T M M 4.0 13 350 M M 5 18 15 340
27 25 -6 10 -11 55 0 0.00 M M 5.5 16 180 M M 1 26 170
28 41 24 33 12 32 0 T M M 8.2 27 190 M M 0 M M
29 52 39 46 25 19 0 0.00 M M 7.4 17 220 M M 1 18 32 230
30 48 19 34 13 31 0 0.00 M M 6.8 18 270 M M 6 18 26 250
31 34 17 26 6 39 0 0.01 M M 3.9 13 110 M M 5 16 17 100
================================================================================
SM 972 493 1275 0 1.85 M 261.8 M 186
================================================================================
AV 31.4 15.9 8.4 FASTST M M 6 MAX(MPH)
MISC ----> # 31 290 45 280
================================================================================
NOTES:
# LAST OF SEVERAL OCCURRENCES
COLUMN 17 PEAK WIND IN M.P.H.
PRELIMINARY LOCAL CLIMATOLOGICAL DATA (WS FORM: F-6) , PAGE 2
STATION: LONE ROCK WI
MONTH: DECEMBER
YEAR: 2022
LATITUDE: 43 12 N
LONGITUDE: 90 11 W
[TEMPERATURE DATA] [PRECIPITATION DATA] SYMBOLS USED IN COLUMN 16
AVERAGE MONTHLY: 23.6 TOTAL FOR MONTH: 1.85 1 = FOG OR MIST
DPTR FM NORMAL: -1.1 DPTR FM NORMAL: 0.65 2 = FOG REDUCING VISIBILITY
HIGHEST: 55 ON 2 GRTST 24HR 1.13 ON 14-14 TO 1/4 MILE OR LESS
LOWEST: -12 ON 23,22 3 = THUNDER
SNOW, ICE PELLETS, HAIL 4 = ICE PELLETS
TOTAL MONTH: M 5 = HAIL
GRTST 24HR M ON M 6 = FREEZING RAIN OR DRIZZLE
GRTST DEPTH: M ON M 7 = DUSTSTORM OR SANDSTORM:
VSBY 1/2 MILE OR LESS
8 = SMOKE OR HAZE
[NO. OF DAYS WITH] [WEATHER - DAYS WITH] 9 = BLOWING SNOW
X = TORNADO
MAX 32 OR BELOW: 12 0.01 INCH OR MORE: 8
MAX 90 OR ABOVE: 0 0.10 INCH OR MORE: 3
MIN 32 OR BELOW: 26 0.50 INCH OR MORE: 1
MIN 0 OR BELOW: 9 1.00 INCH OR MORE: 1
[HDD (BASE 65) ]
TOTAL THIS MO. 1275 CLEAR (SCALE 0-3) 8
DPTR FM NORMAL 26 PTCLDY (SCALE 4-7) 12
TOTAL FM JUL 1 2465 CLOUDY (SCALE 8-10) 11
DPTR FM NORMAL -285
[CDD (BASE 65) ]
TOTAL THIS MO. 0
DPTR FM NORMAL 0 [PRESSURE DATA]
TOTAL FM JAN 1 763 HIGHEST SLP 30.59 ON 20
DPTR FM NORMAL 117 LOWEST SLP 29.36 ON 15
[REMARKS]
#FINAL-12-22#