000
CXUS53 KLMK 010710
CF6LOU
PRELIMINARY LOCAL CLIMATOLOGICAL DATA (WS FORM: F-6)
STATION: LOUISVILLE BOWMAN KY
MONTH: APRIL
YEAR: 2021
LATITUDE: 38 13 N
LONGITUDE: 85 39 W
TEMPERATURE IN F: :PCPN: SNOW: WIND :SUNSHINE: SKY :PK WND
================================================================================
1 2 3 4 5 6A 6B 7 8 9 10 11 12 13 14 15 16 17 18
12Z AVG MX 2MIN
DY MAX MIN AVG DEP HDD CDD WTR SNW DPTH SPD SPD DIR MIN PSBL S-S WX SPD DR
================================================================================
1 44 32 38 -14 27 0 0.00 M M 8.1 16 310 M M 3 26 330
2 50 28 39 -14 26 0 0.00 M M 3.1 10 40 M M 0 15 120
3 65 32 49 -4 16 0 0.00 M M 6.6 16 210 M M 0 23 190
4 75 41 58 5 7 0 0.00 M M 4.6 13 210 M M 0 8 18 210
5 77 47 62 8 3 0 0.00 M M 4.6 16 220 M M 0 23 240
6 79 50 65 11 0 0 0.00 M M 5.4 16 200 M M 1 19 230
7 82 55 69 15 0 4 0.35 M M 6.2 22 160 M M 3 1238 29 270
8 73 60 67 12 0 2 0.06 M M 12.3 25 180 M M 8 39 170
9 82 54 68 13 0 3 0.00 M M 10.5 24 190 M M 1 35 230
10 69 58 64 9 1 0 0.57 M M 9.4 20 230 M M 5 13 29 230
11 58 50 54 -2 11 0 0.15 M M 9.2 22 220 M M 9 33 220
12 71 43 57 1 8 0 0.00 M M 6.8 21 290 M M 1 128 29 280
13 69 49 59 3 6 0 T M M 2.3 10 300 M M 7 16 300
14 59 46 53 -4 12 0 0.12 M M 4.0 10 220 M M 7 13 230
15 59 42 51 -6 14 0 0.00 M M 5.6 16 290 M M 3 21 290
16 64 37 51 -6 14 0 0.00 M M 1.9 9 50 M M 0 16 10
17 58 46 52 -6 13 0 T M M 2.3 9 10 M M 7 18 14 350
18 65 38 52 -6 13 0 T M M 2.4 14 290 M M 5 128 18 290
19 69 43 56 -2 9 0 0.00 M M 6.6 20 210 M M 2 8 27 240
20 71 34 53 -6 12 0 0.26 M M 8.5 23 220 M M 3 1 30 240
21 49 33 41 -18 24 0 0.13 M M 5.3 18 270 M M 5 18 26 350
22 57 34 46 -13 19 0 0.00 M M 5.8 18 270 M M 4 28 240
23 63 36 50 -10 15 0 0.00 M M 6.3 16 230 M M 6 24 230
24 55 51 53 -7 12 0 0.28 M M 6.5 15 40 M M 9 1 19 40
25 67 44 56 -4 9 0 0.00 M M 3.1 10 300 M M 6 128 14 310
26 77 40 59 -1 6 0 0.00 M M 6.0 18 170 M M 0 28 170
27 83 63 73 12 0 8 0.00 M M 12.2 23 220 M M 0 32 200
28 80 66 73 12 0 8 2.04 M M 8.0 33 170 M M 7 123 43 140
29 71 56 64 3 1 0 0.68 M M 8.8 20 160 M M 8 1 31 180
30 75 50 63 1 2 0 0.00 M M 8.1 25 290 M M 0 1 38 310
================================================================================
SM 2016 1358 280 25 4.64 M 190.5 M 110
================================================================================
AV 67.2 45.3 6.4 FASTST M M 4 MAX(MPH)
MISC ----> 33 170 43 140
================================================================================
NOTES:
# LAST OF SEVERAL OCCURRENCES
COLUMN 17 PEAK WIND IN M.P.H.
PRELIMINARY LOCAL CLIMATOLOGICAL DATA (WS FORM: F-6) , PAGE 2
STATION: LOUISVILLE BOWMAN KY
MONTH: APRIL
YEAR: 2021
LATITUDE: 38 13 N
LONGITUDE: 85 39 W
[TEMPERATURE DATA] [PRECIPITATION DATA] SYMBOLS USED IN COLUMN 16
AVERAGE MONTHLY: 56.2 TOTAL FOR MONTH: 4.64 1 = FOG OR MIST
DPTR FM NORMAL: -0.9 DPTR FM NORMAL: 0.56 2 = FOG REDUCING VISIBILITY
HIGHEST: 83 ON 27 GRTST 24HR 2.70 ON 28-29 TO 1/4 MILE OR LESS
LOWEST: 28 ON 2 3 = THUNDER
SNOW, ICE PELLETS, HAIL 4 = ICE PELLETS
TOTAL MONTH: M 5 = HAIL
GRTST 24HR M ON M 6 = FREEZING RAIN OR DRIZZLE
GRTST DEPTH: M ON M 7 = DUSTSTORM OR SANDSTORM:
VSBY 1/2 MILE OR LESS
8 = SMOKE OR HAZE
[NO. OF DAYS WITH] [WEATHER - DAYS WITH] 9 = BLOWING SNOW
X = TORNADO
MAX 32 OR BELOW: 0 0.01 INCH OR MORE: 10
MAX 90 OR ABOVE: 0 0.10 INCH OR MORE: 9
MIN 32 OR BELOW: 3 0.50 INCH OR MORE: 3
MIN 0 OR BELOW: 0 1.00 INCH OR MORE: 1
[HDD (BASE 65) ]
TOTAL THIS MO. 280 CLEAR (SCALE 0-3) 15
DPTR FM NORMAL 12 PTCLDY (SCALE 4-7) 12
TOTAL FM JUL 1 3961 CLOUDY (SCALE 8-10) 3
DPTR FM NORMAL -231
[CDD (BASE 65) ]
TOTAL THIS MO. 25
DPTR FM NORMAL -5 [PRESSURE DATA]
TOTAL FM JAN 1 26 HIGHEST SLP M ON M
DPTR FM NORMAL -8 LOWEST SLP 29.44 ON 10
[REMARKS]
#FINAL-04-21#