000
CXUS53 KJKL 011411
CF6LOZ
PRELIMINARY LOCAL CLIMATOLOGICAL DATA (WS FORM: F-6)
STATION: LONDON KY
MONTH: NOVEMBER
YEAR: 2023
LATITUDE: 37 4 N
LONGITUDE: 84 5 W
TEMPERATURE IN F: :PCPN: SNOW: WIND :SUNSHINE: SKY :PK WND
================================================================================
1 2 3 4 5 6A 6B 7 8 9 10 11 12 13 14 15 16 17 18
12Z AVG MX 2MIN
DY MAX MIN AVG DEP HDD CDD WTR SNW DPTH SPD SPD DIR MIN PSBL S-S WX SPD DR
================================================================================
1 46 24 35 -16 30 0 0.00 M M 2.2 12 10 M M 2 8 17 30
2 55 23 39 -12 26 0 0.00 M M 1.7 10 190 M M 0 15 170
3 63 28 46 -5 19 0 0.00 M M 2.8 14 220 M M 0 8 20 190
4 68 33 51 1 14 0 0.00 M M 2.9 14 260 M M 0 8 22 250
5 68 40 54 4 11 0 0.00 M M 1.7 9 30 M M 0 8 12 310
6 73 34 54 4 11 0 0.00 M M 3.6 15 250 M M 0 18 20 250
7 76 53 65 16 0 0 0.00 M M 5.2 14 250 M M 3 8 20 200
8 79 49 64 15 1 0 0.00 M M 4.9 17 180 M M 2 1 24 180
9 72 55 64 15 1 0 T M M 7.8 14 290 M M 9 23 200
10 58 39 49 1 16 0 0.28 M M 5.0 13 20 M M 6 1 18 10
11 60 36 48 0 17 0 0.00 M M 4.2 12 360 M M 0 15 10
12 63 36 50 2 15 0 0.00 M M 3.4 9 10 M M 0 13 360
13 65 32 49 2 16 0 0.00 M M 1.9 12 280 M M 0 13 270
14 62 30 46 -1 19 0 0.00 M M 2.3 12 30 M M 0 16 20
15 71 35 53 6 12 0 0.00 M M 0.8 9 200 M M 1 12 200
16 72 38 55 9 10 0 0.00 M M 1.2 10 180 M M 3 8 17 140
17 69 47 58 12 7 0 0.12 M M 4.3 17 260 M M 8 1 22 260
18 58 37 48 2 17 0 0.03 M M 6.7 14 350 M M 5 1 19 360
19 60 29 45 -1 20 0 0.00 M M 2.8 9 110 M M 0 14 110
20 63 41 52 7 13 0 T M M 4.8 16 140 M M 5 24 140
21 59 46 53 8 12 0 1.04 M M 7.2 16 270 M M 9 1 25 130
22 46 37 42 -3 23 0 T M M 6.1 13 290 M M 9 1 16 330
23 51 30 41 -3 24 0 0.00 M M 2.3 9 250 M M 5 12 13 260
24 52 33 43 -1 22 0 0.00 M M 5.6 13 40 M M 0 1 19 60
25 57 32 45 1 20 0 0.00 M M 3.0 10 30 M M 0 17 40
26 51 36 44 0 21 0 0.09 M M 8.1 22 270 M M 6 1 32 260
27 41 31 36 -7 29 0 0.00 M M 8.8 24 290 M M 6 31 290
28 36 20 28 -15 37 0 0.00 M M 5.8 18 290 M M 3 23 300
29 52 17 35 -8 30 0 0.00 M M 4.6 22 240 M M 0 8 30 240
30 60 28 44 1 21 0 0.00 M M 3.9 18 230 M M 0 31 250
================================================================================
SM 1806 1049 514 0 1.56 M 125.6 M 82
================================================================================
AV 60.2 35.0 4.2 FASTST M M 3 MAX(MPH)
MISC ----> 24 290 32 260
================================================================================
NOTES:
# LAST OF SEVERAL OCCURRENCES
COLUMN 17 PEAK WIND IN M.P.H.
PRELIMINARY LOCAL CLIMATOLOGICAL DATA (WS FORM: F-6) , PAGE 2
STATION: LONDON KY
MONTH: NOVEMBER
YEAR: 2023
LATITUDE: 37 4 N
LONGITUDE: 84 5 W
[TEMPERATURE DATA] [PRECIPITATION DATA] SYMBOLS USED IN COLUMN 16
AVERAGE MONTHLY: 47.6 TOTAL FOR MONTH: 1.56 1 = FOG OR MIST
DPTR FM NORMAL: 0.9 DPTR FM NORMAL: -1.96 2 = FOG REDUCING VISIBILITY
HIGHEST: 79 ON 8 GRTST 24HR 1.04 ON 21-21 TO 1/4 MILE OR LESS
LOWEST: 17 ON 29 3 = THUNDER
SNOW, ICE PELLETS, HAIL 4 = ICE PELLETS
TOTAL MONTH: M 5 = HAIL
GRTST 24HR M ON M 6 = FREEZING RAIN OR DRIZZLE
GRTST DEPTH: M ON M 7 = DUSTSTORM OR SANDSTORM:
VSBY 1/2 MILE OR LESS
8 = SMOKE OR HAZE
[NO. OF DAYS WITH] [WEATHER - DAYS WITH] 9 = BLOWING SNOW
X = TORNADO
MAX 32 OR BELOW: 0 0.01 INCH OR MORE: 5
MAX 90 OR ABOVE: 0 0.10 INCH OR MORE: 3
MIN 32 OR BELOW: 12 0.50 INCH OR MORE: 1
MIN 0 OR BELOW: 0 1.00 INCH OR MORE: 1
[HDD (BASE 65) ]
TOTAL THIS MO. 514 CLEAR (SCALE 0-3) 19
DPTR FM NORMAL -37 PTCLDY (SCALE 4-7) 8
TOTAL FM JUL 1 740 CLOUDY (SCALE 8-10) 3
DPTR FM NORMAL -105
[CDD (BASE 65) ]
TOTAL THIS MO. 0
DPTR FM NORMAL -2 [PRESSURE DATA]
TOTAL FM JAN 1 1070 HIGHEST SLP 30.51 ON 2
DPTR FM NORMAL -147 LOWEST SLP 29.79 ON 21
[REMARKS]
#FINAL-11-23#