000
CXUS54 KCRP 011800
CLMLRD
CLIMATE REPORT NATIONAL WEATHER SERVICE CORPUS CHRISTI TX 1110 AM
CST MON JAN 01 2024
...................................
...THE LAREDO CLIMATE SUMMARY FOR THE MONTH OF DECEMBER 2023...
CLIMATE NORMAL PERIOD 1991 TO 2020
CLIMATE RECORD PERIOD 1900 TO 2023
WEATHER OBSERVED NORMAL DEPART LAST YEAR`S
VALUE DATE(S) VALUE FROM VALUE DATE(S)
NORMAL
................................................................
TEMPERATURE (F)
RECORD
HIGH 95 12/04/1977
12/06/1951
12/03/1942 12/05/1933
LOW 11 12/30/1983
HIGHEST 85 12/08 72 13 83 12/07
12/08
12/31
LOWEST 37 12/30 43 -6 25 12/25
AVG. MAXIMUM 72.5 69.0 3.5 69.2
AVG. MINIMUM 51.6 48.1 3.5 51.0
MEAN 62.1 58.6 3.5 60.1
DAYS MAX >= 90 0 0.4 -0.4 0
DAYS MAX <= 32 0 0.0 0.0 0
DAYS MIN <= 32 0 0.5 -0.5 4
DAYS MIN <= 0 0 0.0 0.0 0
PRECIPITATION (INCHES)
RECORD
MAXIMUM 4.65 1960
MINIMUM 0.00 1901
TOTALS 0.24 1.07 -0.83 0.17
DAILY AVG. 0.01 0.03 -0.02 0.01
DAYS >= .01 5 MM MM 6
DAYS >= .10 1 MM MM 0
DAYS >= .50 0 MM MM 0
DAYS >= 1.00 0 MM MM 0
GREATEST
24 HR. TOTAL 0.15 12/14 TO 12/15 0.07
12/19 TO 12/19 12/15 TO 12/15
STORM TOTAL 0.15 0.07
(MM/DD(HH)) MM
SNOWFALL (INCHES)
RECORDS
TOTAL MM MM
24 HR TOTAL MM
TOTALS 0.0 MM MM 0.0
SINCE 7/1 0.0 MM MM MM
SNOWDEPTH AVG. 0 0
DAYS >= 1.0 0 MM MM
GREATEST
SNOW DEPTH 0 0
24 HR TOTAL MM 0.0
DEGREE DAYS
HEATING TOTAL 113 235 -122 218
SINCE 7/1 243 343 -100 MM
COOLING TOTAL 32 36 -4 74
SINCE 1/1 5143 4341 802 MM
................................................................
WIND (MPH)
AVERAGE WIND SPEED MM
HIGHEST WIND SPEED/DIRECTION MM DATE MM
HIGHEST GUST SPEED/DIRECTION MM DATE MM
SKY COVER
AVERAGE SKY COVER 0.36
AVERAGE RH (PERCENT) 67
WEATHER CONDITIONS. NUMBER OF DAYS WITH
THUNDERSTORM 0 MIXED PRECIP 0
HEAVY RAIN 0 RAIN 1
LIGHT RAIN 7 FREEZING RAIN 0
LT FREEZING RAIN 0 HAIL 0
HEAVY SNOW 0 SNOW 0
LIGHT SNOW 0 SLEET 0
FOG 9 FOG W/VIS <= 1/4 MILE 0
HAZE 0
- INDICATES NEGATIVE NUMBERS.
R INDICATES RECORD WAS SET OR TIED.
MM INDICATES DATA IS MISSING.
T INDICATES TRACE AMOUNT.
$$