000
CXUS53 KDMX 041529
CF6LWD
PRELIMINARY LOCAL CLIMATOLOGICAL DATA (WS FORM: F-6)
STATION: LAMONI IA
MONTH: JULY
YEAR: 2020
LATITUDE: 40 37 N
LONGITUDE: 93 56 W
TEMPERATURE IN F: :PCPN: SNOW: WIND :SUNSHINE: SKY :PK WND
================================================================================
1 2 3 4 5 6A 6B 7 8 9 10 11 12 13 14 15 16 17 18
12Z AVG MX 2MIN
DY MAX MIN AVG DEP HDD CDD WTR SNW DPTH SPD SPD DIR MIN PSBL S-S WX SPD DR
================================================================================
1 85 66 76 2 0 11 1.11 0.0 0 5.4 30 320 M M 5 13 41 310
2 88 66 77 3 0 12 0.00 0.0 0 3.8 8 100 M M 3 12 14 70
3 87 70 79 5 0 14 0.00 0.0 0 5.1 10 80 M M 1 1 18 50
4 88 70 79 4 0 14 0.00 0.0 0 3.5 9 70 M M 4 1 14 100
5 90 69 80 5 0 15 0.00 0.0 0 3.4 9 150 M M 1 1 14 170
6 89 69 79 4 0 14 0.00 0.0 0 3.3 13 360 M M 2 13 15 10
7 91 71 81 6 0 16 0.00 0.0 0 5.3 12 220 M M 1 1 16 240
8 92 73 83 8 0 18 0.00 0.0 0 7.4 15 190 M M 0 20 190
9 84 66 75 0 0 10 0.00 0.0 0 9.8 18 340 M M 2 25 190
10 91 62 77 2 0 12 0.00 0.0 0 4.3 9 280 M M 0 14 290
11 90 69 80 5 0 15 0.00 0.0 0 9.6 21 210 M M 0 29 210
12 86 62 74 -1 0 9 0.00 0.0 0 6.1 14 350 M M 1 21 340
13 88 65 77 2 0 12 0.00 0.0 0 8.6 16 170 M M 1 26 170
14 89 68 79 4 0 14 1.28 0.0 0 9.4 28 30 M M 2 13 41 20
15 78 66 72 -3 0 7 0.92 0.0 0 6.6 14 360 M M 7 13 19 350
16 84 62 73 -2 0 8 0.00 0.0 0 3.3 10 170 M M 3 12 13 150
17 91 69 80 5 0 15 0.00 0.0 0 8.9 16 150 M M 1 25 130
18 90 75 83 8 0 18 T 0.0 0 11.6 23 200 M M 0 32 210
19 85 71 78 3 0 13 0.70 0.0 0 6.1 25 220 M M 0 13 43 220
20 79 67 73 -2 0 8 0.30 0.0 0 5.3 14 50 M M 4 13 21 70
21 80 67 74 -1 0 9 0.23 0.0 0 5.2 12 190 M M 5 1 15 210
22 84 67 76 1 0 11 0.00 0.0 0 4.0 9 40 M M 2 1 14 40
23 85 67 76 1 0 11 0.00 0.0 0 5.1 10 140 M M 1 15 150
24 90 70 80 5 0 15 0.00 0.0 0 6.7 13 150 M M 1 17 150
25 89 74 82 7 0 17 0.00 0.0 0 8.5 18 190 M M 1 24 200
26 89 71 80 5 0 15 0.45 0.0 0 8.1 22 320 M M 3 13 29 320
27 84 68 76 1 0 11 0.06 0.0 0 3.7 12 30 M M 4 1 15 50
28 85 62 74 -1 0 9 0.00 0.0 0 6.2 16 180 M M 0 23 180
29 86 68 77 2 0 12 0.32 0.0 0 3.8 22 180 M M 3 13 32 200
30 81 70 76 1 0 11 0.36 0.0 0 7.2 21 40 M M 7 1 34 50
31 81 64 73 -2 0 8 0.00 0.0 0 6.8 14 20 M M 1 20 50
================================================================================
SM 2679 2104 0 384 5.73 0.0 192.1 M 66
================================================================================
AV 86.4 67.9 6.2 FASTST M M 2 MAX(MPH)
MISC ----> # 30 320 # 43 220
================================================================================
NOTES:
# LAST OF SEVERAL OCCURRENCES
COLUMN 17 PEAK WIND IN M.P.H.
PRELIMINARY LOCAL CLIMATOLOGICAL DATA (WS FORM: F-6) , PAGE 2
STATION: LAMONI IA
MONTH: JULY
YEAR: 2020
LATITUDE: 40 37 N
LONGITUDE: 93 56 W
[TEMPERATURE DATA] [PRECIPITATION DATA] SYMBOLS USED IN COLUMN 16
AVERAGE MONTHLY: 77.2 TOTAL FOR MONTH: 5.73 1 = FOG OR MIST
DPTR FM NORMAL: 1.9 DPTR FM NORMAL: 0.70 2 = FOG REDUCING VISIBILITY
HIGHEST: 92 ON 8 GRTST 24HR 1.28 ON 14-14 TO 1/4 MILE OR LESS
LOWEST: 62 ON 28,16 3 = THUNDER
SNOW, ICE PELLETS, HAIL 4 = ICE PELLETS
TOTAL MONTH: 0.0 INCH 5 = HAIL
GRTST 24HR 0.0 6 = FREEZING RAIN OR DRIZZLE
GRTST DEPTH: 0 7 = DUSTSTORM OR SANDSTORM:
VSBY 1/2 MILE OR LESS
8 = SMOKE OR HAZE
[NO. OF DAYS WITH] [WEATHER - DAYS WITH] 9 = BLOWING SNOW
X = TORNADO
MAX 32 OR BELOW: 0 0.01 INCH OR MORE: 10
MAX 90 OR ABOVE: 8 0.10 INCH OR MORE: 9
MIN 32 OR BELOW: 0 0.50 INCH OR MORE: 4
MIN 0 OR BELOW: 0 1.00 INCH OR MORE: 2
[HDD (BASE 65) ]
TOTAL THIS MO. 0 CLEAR (SCALE 0-3) 23
DPTR FM NORMAL -2 PTCLDY (SCALE 4-7) 8
TOTAL FM JUL 1 0 CLOUDY (SCALE 8-10) 0
DPTR FM NORMAL -2
[CDD (BASE 65) ]
TOTAL THIS MO. 384
DPTR FM NORMAL 68 [PRESSURE DATA]
TOTAL FM JAN 1 729 HIGHEST SLP 30.11 ON 23
DPTR FM NORMAL 166 LOWEST SLP 29.70 ON 1
[REMARKS]
#FINAL-07-20#