000
CXUS53 KILX 011753
CLMLWV

CLIMATE REPORT
NATIONAL WEATHER SERVICE LINCOLN IL
1048 AM CST SUN MAR 1 2015

...................................

...THE LAWRENCEVILLE IL AIRPORT CLIMATE SUMMARY FOR THE MONTH OF FEBRUARY 2015...

CLIMATE NORMAL PERIOD 1981 TO 2010
CLIMATE RECORD PERIOD 9999 TO 9999

WEATHER         OBSERVED          NORMAL  DEPART  LAST YEAR`S
                 VALUE   DATE(S)  VALUE   FROM    VALUE
                                          NORMAL
.............................................................
TEMPERATURE (F)
RECORD
 HIGH              MM   MM
 LOW               MM   MM
HIGHEST            61   02/08        MM      MM       64
                        02/07
LOWEST            -13   02/20        MM      MM       -6
AVG. MAXIMUM     32.8              44.2   -11.4     34.4
AVG. MINIMUM     11.7              26.9   -15.2     16.9
MEAN             22.2              35.5   -13.3     25.6
DAYS MAX >= 90      0               0.0     0.0        0
DAYS MAX <= 32     16               3.6    12.4       15
DAYS MIN <= 32     27              20.5     6.5       24
DAYS MIN <= 0       6               0.1     5.9        4

PRECIPITATION (INCHES)
RECORD
 MAXIMUM           MM   MM
 MINIMUM           MM   MM
TOTALS             MMR             2.01      MM     1.17
DAILY AVG.         MM              0.07      MM     0.05
DAYS >= .01        MM                MM      MM        4
DAYS >= .10        MM                MM      MM        4
DAYS >= .50        MM                MM      MM        0
DAYS >= 1.00       MM                MM      MM        0
GREATEST
 24 HR. TOTAL      MM                               0.52

DEGREE_DAYS
HEATING TOTAL    1189               824     365     1096
 SINCE 7/1       4274              3675     599     4402
COOLING TOTAL       0                 0       0        0
 SINCE 1/1          0                 0       0        0
..............................................................

WIND (MPH)
AVERAGE WIND SPEED              10.4
HIGHEST WIND SPEED/DIRECTION    41/310    DATE  02/14
HIGHEST GUST SPEED/DIRECTION    48/310    DATE  02/14

SKY COVER
POSSIBLE SUNSHINE (PERCENT)   MM
AVERAGE SKY COVER           0.50
NUMBER OF DAYS FAIR           10
NUMBER OF DAYS PC             10
NUMBER OF DAYS CLOUDY          8

AVERAGE RH (PERCENT)     71

WEATHER CONDITIONS. NUMBER OF DAYS WITH
THUNDERSTORM              0     MIXED PRECIP               0
HEAVY RAIN                0     RAIN                       1
LIGHT RAIN                1     FREEZING RAIN              2
LT FREEZING RAIN          3     HAIL                       0
HEAVY SNOW                0     SNOW                       4
LIGHT SNOW               13     SLEET                      0
FOG                      18     FOG W/VIS <= 1/4 MILE      2
HAZE                     12

-  INDICATES NEGATIVE NUMBERS.
R  INDICATES RECORD WAS SET OR TIED.
MM INDICATES DATA IS MISSING.
T  INDICATES TRACE AMOUNT.

$$
