000
CXUS53 KILX 011606
CLMLWV


CLIMATE REPORT
NATIONAL WEATHER SERVICE LINCOLN IL
951 AM CST THU FEB 1 2018

...................................

...THE LAWRENCEVILLE IL AIRPORT CLIMATE SUMMARY FOR THE MONTH OF JANUARY 2018...

CLIMATE NORMAL PERIOD 1981 TO 2010
CLIMATE RECORD PERIOD 9999 TO 9999

WEATHER         OBSERVED          NORMAL  DEPART  LAST YEAR`S
                 VALUE   DATE(S)  VALUE   FROM    VALUE
                                          NORMAL
.............................................................
TEMPERATURE (F)
RECORD
 HIGH              MM   MM
 LOW               MM   MM
HIGHEST            62   01/11        MM      MM       68
LOWEST             -9   01/16        MM      MM        0
AVG. MAXIMUM     36.2              39.2    -3.0     44.7
AVG. MINIMUM     17.7              22.9    -5.2     29.2
MEAN             26.9              31.1    -4.2     37.0
DAYS MAX >= 90      0               0.0     0.0        0
DAYS MAX <= 32     13               8.1     4.9        5
DAYS MIN <= 32     25              23.8     1.2       16
DAYS MIN <= 0       5               1.4     3.6        1

PRECIPITATION (INCHES)
RECORD
 MAXIMUM           MM   MM
 MINIMUM           MM   MM
TOTALS           2.35              2.38   -0.03     3.44
DAILY AVG.       0.08              0.08    0.00     0.11
DAYS >= .01         8                MM      MM       12
DAYS >= .10         6                MM      MM        8
DAYS >= .50         1                MM      MM        2
DAYS >= 1.00        0                MM      MM        1
GREATEST
 24 HR. TOTAL    0.96   01/11 TO 01/11              1.41

DEGREE_DAYS
HEATING TOTAL    1173              1052     121      861
 SINCE 7/1       2914              2851      63     2487
COOLING TOTAL       0                 0       0        0
 SINCE 1/1          0                 0       0        0
..............................................................

WIND (MPH)
AVERAGE WIND SPEED              10.3
HIGHEST WIND SPEED/DIRECTION    36/230    DATE  01/22
HIGHEST GUST SPEED/DIRECTION    41/230    DATE  01/22

SKY COVER
POSSIBLE SUNSHINE (PERCENT)   MM
AVERAGE SKY COVER           0.50
NUMBER OF DAYS FAIR           13
NUMBER OF DAYS PC             10
NUMBER OF DAYS CLOUDY          8

AVERAGE RH (PERCENT)     73

WEATHER CONDITIONS. NUMBER OF DAYS WITH
THUNDERSTORM              1     MIXED PRECIP               0
HEAVY RAIN                3     RAIN                       4
LIGHT RAIN               10     FREEZING RAIN              0
LT FREEZING RAIN          1     HAIL                       0
HEAVY SNOW                0     SNOW                       2
LIGHT SNOW                9     SLEET                      0
FOG                      16     FOG W/VIS <= 1/4 MILE      5
HAZE                      5

-  INDICATES NEGATIVE NUMBERS.
R  INDICATES RECORD WAS SET OR TIED.
MM INDICATES DATA IS MISSING.
T  INDICATES TRACE AMOUNT.

$$
