000
CXUS53 KILX 011610
CLMLWV


CLIMATE REPORT
NATIONAL WEATHER SERVICE LINCOLN IL
1027 AM CDT FRI JUL 1 2016

...................................

...THE LAWRENCEVILLE IL AIRPORT CLIMATE SUMMARY FOR THE MONTH OF JUNE 2016...

CLIMATE NORMAL PERIOD 1981 TO 2010
CLIMATE RECORD PERIOD 9999 TO 9999

WEATHER         OBSERVED          NORMAL  DEPART  LAST YEAR`S
                 VALUE   DATE(S)  VALUE   FROM    VALUE
                                          NORMAL
.............................................................
TEMPERATURE (F)
RECORD
 HIGH              MM   MM
 LOW               MM   MM
HIGHEST            97   06/26        MM      MM       93
LOWEST             54   06/08        MM      MM       52
AVG. MAXIMUM     88.5              85.2     3.3     83.7
AVG. MINIMUM     66.2              63.7     2.5     65.6
MEAN             77.4              74.5     2.9     74.7
DAYS MAX >= 90     16               8.6     7.4        6
DAYS MAX <= 32      0               0.0     0.0        0
DAYS MIN <= 32      0               0.0     0.0        0
DAYS MIN <= 0       0               0.0     0.0        0

PRECIPITATION (INCHES)
RECORD
 MAXIMUM           MM   MM
 MINIMUM           MM   MM
TOTALS           1.78              3.98   -2.20     9.02
DAILY AVG.       0.06              0.13   -0.07     0.30
DAYS >= .01         4                MM      MM       17
DAYS >= .10         3                MM      MM       11
DAYS >= .50         1                MM      MM        5
DAYS >= 1.00        1                MM      MM        4
GREATEST
 24 HR. TOTAL    1.07   06/04 TO 06/04              3.52

DEGREE_DAYS
HEATING TOTAL       0                 7      -7        8
 SINCE 7/1       4069              4680    -611     5330
COOLING TOTAL     366               290      76      303
 SINCE 1/1        486               429      57      458
..............................................................

WIND (MPH)
AVERAGE WIND SPEED              7.4
HIGHEST WIND SPEED/DIRECTION    37/360    DATE  06/15
HIGHEST GUST SPEED/DIRECTION    49/020    DATE  06/15

SKY COVER
POSSIBLE SUNSHINE (PERCENT)   MM
AVERAGE SKY COVER           0.20
NUMBER OF DAYS FAIR           22
NUMBER OF DAYS PC              8
NUMBER OF DAYS CLOUDY          0

AVERAGE RH (PERCENT)     66

WEATHER CONDITIONS. NUMBER OF DAYS WITH
THUNDERSTORM              4     MIXED PRECIP               0
HEAVY RAIN                4     RAIN                       3
LIGHT RAIN                8     FREEZING RAIN              0
LT FREEZING RAIN          0     HAIL                       0
HEAVY SNOW                0     SNOW                       0
LIGHT SNOW                0     SLEET                      0
FOG                      10     FOG W/VIS <= 1/4 MILE      0
HAZE                      1

-  INDICATES NEGATIVE NUMBERS.
R  INDICATES RECORD WAS SET OR TIED.
MM INDICATES DATA IS MISSING.
T  INDICATES TRACE AMOUNT.

$$
