000
CXUS53 KILX 011427
CLMLWV


CLIMATE REPORT
NATIONAL WEATHER SERVICE LINCOLN IL
927 AM CDT SAT NOV 1 2014

...................................

...THE LAWRENCEVILLE IL AIRPORT CLIMATE SUMMARY FOR THE MONTH OF OCTOBER 2014...

CLIMATE NORMAL PERIOD 1981 TO 2010
CLIMATE RECORD PERIOD 9999 TO 9999

WEATHER         OBSERVED          NORMAL  DEPART  LAST YEAR`S
                 VALUE   DATE(S)  VALUE   FROM    VALUE
                                          NORMAL
.............................................................
TEMPERATURE (F)
RECORD
 HIGH              MM   MM
 LOW               MM   MM
HIGHEST            89   10/02        MM      MM       87
LOWEST             33   10/30        MM      MM       27
AVG. MAXIMUM     67.5              69.5    -2.0     67.7
AVG. MINIMUM     46.3              45.9     0.4     45.6
MEAN             56.9              57.7    -0.8     56.7
DAYS MAX >= 90      0               0.3    -0.3        0
DAYS MAX <= 32      0               0.0     0.0        0
DAYS MIN <= 32      0               1.4    -1.4        6
DAYS MIN <= 0       0               0.0     0.0        0

PRECIPITATION (INCHES)
RECORD
 MAXIMUM           MM   MM
 MINIMUM           MM   MM
TOTALS           4.56              3.98    0.58     6.46
DAILY AVG.       0.15              0.13    0.02     0.21
DAYS >= .01        13                MM      MM       12
DAYS >= .10        10                MM      MM        7
DAYS >= .50         4                MM      MM        4
DAYS >= 1.00        0                MM      MM        2
GREATEST
 24 HR. TOTAL    1.11   10/13 TO 10/14              2.51

DEGREE_DAYS
HEATING TOTAL     266               258       8      295
 SINCE 7/1        326               297      29      311
COOLING TOTAL      27                32      -5       45
 SINCE 1/1       1218              1386    -168     1287
..............................................................

WIND (MPH)
AVERAGE WIND SPEED              8.8
HIGHEST WIND SPEED/DIRECTION    35/340    DATE  10/31
HIGHEST GUST SPEED/DIRECTION    50/340    DATE  10/31

SKY COVER
POSSIBLE SUNSHINE (PERCENT)   MM
AVERAGE SKY COVER           0.50
NUMBER OF DAYS FAIR           14
NUMBER OF DAYS PC              7
NUMBER OF DAYS CLOUDY         10

AVERAGE RH (PERCENT)     73

WEATHER CONDITIONS. NUMBER OF DAYS WITH
THUNDERSTORM              0     MIXED PRECIP               0
HEAVY RAIN                7     RAIN                       9
LIGHT RAIN               14     FREEZING RAIN              0
LT FREEZING RAIN          0     HAIL                       0
HEAVY SNOW                0     SNOW                       0
LIGHT SNOW                0     SLEET                      0
FOG                      25     FOG W/VIS <= 1/4 MILE      0
HAZE                     12

-  INDICATES NEGATIVE NUMBERS.
R  INDICATES RECORD WAS SET OR TIED.
MM INDICATES DATA IS MISSING.
T  INDICATES TRACE AMOUNT.

$$
