000
CXUS53 KILX 011423
CLMLWV

CLIMATE REPORT
NATIONAL WEATHER SERVICE LINCOLN IL
832 AM CDT THU JUN 1 2017

...................................

...THE LAWRENCEVILLE IL AIRPORT CLIMATE SUMMARY FOR THE MONTH OF MAY
2017...

CLIMATE NORMAL PERIOD 1981 TO 2010
CLIMATE RECORD PERIOD 9999 TO 9999

WEATHER         OBSERVED          NORMAL  DEPART  LAST YEAR`S
                 VALUE   DATE(S)  VALUE   FROM    VALUE
                                          NORMAL
.............................................................
TEMPERATURE (F)
RECORD
 HIGH              MM   MM
 LOW               MM   MM
HIGHEST            88   05/19        MM      MM       90
                        05/18
                        05/16
LOWEST             40   05/07        MM      MM       42
AVG. MAXIMUM     75.9              76.6    -0.7     73.9
AVG. MINIMUM     55.8              55.4     0.4     54.5
MEAN             65.8              66.0    -0.2     64.2
DAYS MAX >= 90      0               2.0    -2.0        1
DAYS MAX <= 32      0               0.0     0.0        0
DAYS MIN <= 32      0               0.0     0.0        0
DAYS MIN <= 0       0               0.0     0.0        0

PRECIPITATION (INCHES)
RECORD
 MAXIMUM           MM   MM
 MINIMUM           MM   MM
TOTALS           5.90              5.58    0.32     4.17
DAILY AVG.       0.19              0.18    0.01     0.13
DAYS >= .01         8                MM      MM       14
DAYS >= .10         7                MM      MM       11
DAYS >= .50         5                MM      MM        1
DAYS >= 1.00        4                MM      MM        1
GREATEST
 24 HR. TOTAL    1.59   04/30 TO 05/01              1.58
                        05/01 TO 05/02
                        05/02 TO 05/03

DEGREE_DAYS
HEATING TOTAL      92                82      10      115
 SINCE 7/1       3881              4673    -792     4069
COOLING TOTAL     126               113      13       99
 SINCE 1/1        173               139      34      120
..............................................................

WIND (MPH)
AVERAGE WIND SPEED              10.3
HIGHEST WIND SPEED/DIRECTION    37/170    DATE  05/17
HIGHEST GUST SPEED/DIRECTION    47/170    DATE  05/17

SKY COVER
POSSIBLE SUNSHINE (PERCENT)   MM
AVERAGE SKY COVER           0.40
NUMBER OF DAYS FAIR           15
NUMBER OF DAYS PC             11
NUMBER OF DAYS CLOUDY          5

AVERAGE RH (PERCENT)     70

WEATHER CONDITIONS. NUMBER OF DAYS WITH
THUNDERSTORM              7     MIXED PRECIP               0
HEAVY RAIN                6     RAIN                       6
LIGHT RAIN               13     FREEZING RAIN              0
LT FREEZING RAIN          0     HAIL                       0
HEAVY SNOW                0     SNOW                       0
LIGHT SNOW                0     SLEET                      0
FOG                      15     FOG W/VIS <= 1/4 MILE      2
HAZE                      3

-  INDICATES NEGATIVE NUMBERS.
R  INDICATES RECORD WAS SET OR TIED.
MM INDICATES DATA IS MISSING.
T  INDICATES TRACE AMOUNT.

$$
