000
CXUS53 KILX 011947 CCA
CLMLWV

CLIMATE REPORT
NATIONAL WEATHER SERVICE LINCOLN IL
247 PM CDT WED NOV 1 2017

...................................

...THE LAWRENCEVILLE IL AIRPORT CLIMATE SUMMARY FOR THE MONTH OF
OCTOBER 2017...

CLIMATE NORMAL PERIOD 1981 TO 2010
CLIMATE RECORD PERIOD 9999 TO 9999

WEATHER         OBSERVED          NORMAL  DEPART  LAST YEAR`S
                 VALUE   DATE(S)  VALUE   FROM    VALUE
                                          NORMAL
.............................................................
TEMPERATURE (F)
RECORD
 HIGH              MM   MM
 LOW               MM   MM
HIGHEST            87   10/07        MM      MM       89
LOWEST             31   10/31        MM      MM       38
AVG. MAXIMUM     69.8              69.5     0.3     75.0
AVG. MINIMUM     51.0              45.9     5.1     50.8
MEAN             60.4              57.7     2.7     62.9
DAYS MAX >= 90      0               0.3    -0.3        0
DAYS MAX <= 32      0               0.0     0.0        0
DAYS MIN <= 32      1               1.4    -0.4        0
DAYS MIN <= 0       0               0.0     0.0        0

PRECIPITATION (INCHES)
RECORD
 MAXIMUM           MM   MM
 MINIMUM           MM   MM
TOTALS           4.79              3.98    0.81     2.13
DAILY AVG.       0.15              0.13    0.02     0.07
DAYS >= .01        10                MM      MM        4
DAYS >= .10         6                MM      MM        2
DAYS >= .50         3                MM      MM        2
DAYS >= 1.00        1                MM      MM        1
GREATEST
 24 HR. TOTAL    2.87   10/10 TO 10/10              2.01

DEGREE_DAYS
HEATING TOTAL     201               258     -57      130
 SINCE 7/1        213               297     -84      142
COOLING TOTAL      78                32      46       73
 SINCE 1/1       1431              1386      45     1605
..............................................................

WIND (MPH)
AVERAGE WIND SPEED              8.3
HIGHEST WIND SPEED/DIRECTION    33/180    DATE  10/07
HIGHEST GUST SPEED/DIRECTION    41/190    DATE  10/22

SKY COVER
POSSIBLE SUNSHINE (PERCENT)   MM
AVERAGE SKY COVER           0.50
NUMBER OF DAYS FAIR           13
NUMBER OF DAYS PC              7
NUMBER OF DAYS CLOUDY         11

AVERAGE RH (PERCENT)     74

WEATHER CONDITIONS. NUMBER OF DAYS WITH
THUNDERSTORM              1     MIXED PRECIP               0
HEAVY RAIN                4     RAIN                       6
LIGHT RAIN               14     FREEZING RAIN              0
LT FREEZING RAIN          0     HAIL                       0
HEAVY SNOW                0     SNOW                       0
LIGHT SNOW                0     SLEET                      0
FOG                      13     FOG W/VIS <= 1/4 MILE      2
HAZE                      6

-  INDICATES NEGATIVE NUMBERS.
R  INDICATES RECORD WAS SET OR TIED.
MM INDICATES DATA IS MISSING.
T  INDICATES TRACE AMOUNT.

$$
