000
CXUS53 KILX 011447
CLMLWV


CLIMATE REPORT
NATIONAL WEATHER SERVICE LINCOLN IL
936 AM CDT TUE OCT 1 2013

...................................

...THE LAWRENCEVILLE IL AIRPORT CLIMATE SUMMARY FOR THE MONTH OF SEPTEMBER 2013...

CLIMATE NORMAL PERIOD 1981 TO 2010
CLIMATE RECORD PERIOD 9999 TO 9999

WEATHER         OBSERVED          NORMAL  DEPART  LAST YEAR`S
                 VALUE   DATE(S)  VALUE   FROM    VALUE
                                          NORMAL
.............................................................
TEMPERATURE (F)
RECORD
 HIGH              MM   MM
 LOW               MM   MM
HIGHEST            96   09/11        MM      MM       92
                        09/09
LOWEST             47   09/15        MM      MM       34
AVG. MAXIMUM     82.4              81.9     0.5     78.1
AVG. MINIMUM     59.1              57.0     2.1     55.8
MEAN             70.8              69.5     1.3     66.9
DAYS MAX >= 90      5               3.7     1.3        3
DAYS MAX <= 32      0               0.0     0.0        0
DAYS MIN <= 32      0               0.0     0.0        0
DAYS MIN <= 0       0               0.0     0.0        0

PRECIPITATION (INCHES)
RECORD
 MAXIMUM           MM   MM
 MINIMUM           MM   MM
TOTALS           0.96              3.19   -2.23     8.23
DAILY AVG.       0.03              0.11   -0.08     0.27
DAYS >= .01         5                MM      MM       14
DAYS >= .10         4                MM      MM        7
DAYS >= .50         0                MM      MM        5
DAYS >= 1.00        0                MM      MM        5
GREATEST
 24 HR. TOTAL    0.93   08/31 TO 09/01              2.45

DEGREE_DAYS
HEATING TOTAL      11                38     -27       65
 SINCE 7/1         16                39     -23       65
COOLING TOTAL     187               171      16      131
 SINCE 1/1       1242              1354    -112     1692
..............................................................

WIND (MPH)
AVERAGE WIND SPEED              5.6
HIGHEST WIND SPEED/DIRECTION    21/210    DATE  09/28
HIGHEST GUST SPEED/DIRECTION    30/180    DATE  09/28

SKY COVER
POSSIBLE SUNSHINE (PERCENT)   MM
AVERAGE SKY COVER           0.20
NUMBER OF DAYS FAIR           24
NUMBER OF DAYS PC              4
NUMBER OF DAYS CLOUDY          2

AVERAGE RH (PERCENT)     72

WEATHER CONDITIONS. NUMBER OF DAYS WITH
THUNDERSTORM              0     MIXED PRECIP               0
HEAVY RAIN                2     RAIN                       4
LIGHT RAIN                6     FREEZING RAIN              0
LT FREEZING RAIN          0     HAIL                       0
HEAVY SNOW                0     SNOW                       0
LIGHT SNOW                0     SLEET                      0
FOG                      23     FOG W/VIS <= 1/4 MILE      3
HAZE                     21

-  INDICATES NEGATIVE NUMBERS.
R  INDICATES RECORD WAS SET OR TIED.
MM INDICATES DATA IS MISSING.
T  INDICATES TRACE AMOUNT.

$$
