000
CXUS53 KILX 011434
CLMLWV


CLIMATE REPORT
NATIONAL WEATHER SERVICE LINCOLN IL
928 AM CDT FRI MAY 1 2015

...................................

...THE LAWRENCEVILLE IL AIRPORT CLIMATE SUMMARY FOR THE MONTH OF APRIL 2015...

CLIMATE NORMAL PERIOD 1981 TO 2010
CLIMATE RECORD PERIOD 9999 TO 9999

WEATHER         OBSERVED          NORMAL  DEPART  LAST YEAR`S
                 VALUE   DATE(S)  VALUE   FROM    VALUE
                                          NORMAL
.............................................................
TEMPERATURE (F)
RECORD
 HIGH              MM   MM
 LOW               MM   MM
HIGHEST            79   04/18        MM      MM       83
                        04/09
LOWEST             33   04/04        MM      MM       32
AVG. MAXIMUM     67.0              66.7     0.3     67.3
AVG. MINIMUM     45.9              45.3     0.6     45.7
MEAN             56.5              56.0     0.5     56.5
DAYS MAX >= 90      0               0.0     0.0        0
DAYS MAX <= 32      0               0.0     0.0        0
DAYS MIN <= 32      0               2.1    -2.1        1
DAYS MIN <= 0       0               0.0     0.0        0

PRECIPITATION (INCHES)
RECORD
 MAXIMUM           MM   MM
 MINIMUM           MM   MM
TOTALS           6.20              4.16    2.04     8.13
DAILY AVG.       0.21              0.14    0.07     0.27
DAYS >= .01        11                MM      MM       15
DAYS >= .10         9                MM      MM       10
DAYS >= .50         3                MM      MM        3
DAYS >= 1.00        3                MM      MM        3
GREATEST
 24 HR. TOTAL    3.17   04/02 TO 04/03              2.45

DEGREE_DAYS
HEATING TOTAL     255               294     -39      257
 SINCE 7/1       5254              4591     663     5442
COOLING TOTAL       7                24     -17       10
 SINCE 1/1          7                26     -19       10
..............................................................

WIND (MPH)
AVERAGE WIND SPEED              9.7
HIGHEST WIND SPEED/DIRECTION    36/200    DATE  04/02
HIGHEST GUST SPEED/DIRECTION    47/210    DATE  04/02

SKY COVER
POSSIBLE SUNSHINE (PERCENT)   MM
AVERAGE SKY COVER           0.40
NUMBER OF DAYS FAIR           17
NUMBER OF DAYS PC              7
NUMBER OF DAYS CLOUDY          6

AVERAGE RH (PERCENT)     66

WEATHER CONDITIONS. NUMBER OF DAYS WITH
THUNDERSTORM              7     MIXED PRECIP               0
HEAVY RAIN                6     RAIN                       9
LIGHT RAIN               12     FREEZING RAIN              0
LT FREEZING RAIN          0     HAIL                       0
HEAVY SNOW                0     SNOW                       0
LIGHT SNOW                0     SLEET                      0
FOG                      15     FOG W/VIS <= 1/4 MILE      2
HAZE                      4

-  INDICATES NEGATIVE NUMBERS.
R  INDICATES RECORD WAS SET OR TIED.
MM INDICATES DATA IS MISSING.
T  INDICATES TRACE AMOUNT.

$$
