000
CXUS53 KILX 011522
CLMLWV


CLIMATE REPORT
NATIONAL WEATHER SERVICE LINCOLN IL
1013 AM CDT WED APR 1 2015

...................................

...THE LAWRENCEVILLE IL AIRPORT CLIMATE SUMMARY FOR THE MONTH OF MARCH 2015...

CLIMATE NORMAL PERIOD 1981 TO 2010
CLIMATE RECORD PERIOD 9999 TO 9999

WEATHER         OBSERVED          NORMAL  DEPART  LAST YEAR`S
                 VALUE   DATE(S)  VALUE   FROM    VALUE
                                          NORMAL
.............................................................
TEMPERATURE (F)
RECORD
 HIGH              MM   MM
 LOW               MM   MM
HIGHEST            76   03/16        MM      MM       75
LOWEST              1   03/06        MM      MM       12
AVG. MAXIMUM     51.8              55.3    -3.5     51.1
AVG. MINIMUM     31.1              34.7    -3.6     27.8
MEAN             41.4              45.0    -3.6     39.4
DAYS MAX >= 90      0               0.0     0.0        0
DAYS MAX <= 32      2               0.5     1.5        3
DAYS MIN <= 32     14              12.4     1.6       21
DAYS MIN <= 0       0               0.0     0.0        0

PRECIPITATION (INCHES)
RECORD
 MAXIMUM           MM   MM
 MINIMUM           MM   MM
TOTALS           4.87              3.43    1.44     1.04
DAILY AVG.       0.16              0.11    0.05     0.04
DAYS >= .01        10                MM      MM        5
DAYS >= .10         8                MM      MM        3
DAYS >= .50         4                MM      MM        0
DAYS >= 1.00        1                MM      MM        0
GREATEST
 24 HR. TOTAL    2.03   03/13 TO 03/13              0.45

DEGREE_DAYS
HEATING TOTAL     725               622     103      783
 SINCE 7/1       4999              4297     702     5185
COOLING TOTAL       0                 2      -2        0
 SINCE 1/1          0                 2      -2        0
..............................................................

WIND (MPH)
AVERAGE WIND SPEED              8.4
HIGHEST WIND SPEED/DIRECTION    31/020    DATE  03/17
HIGHEST GUST SPEED/DIRECTION    39/020    DATE  03/17

SKY COVER
POSSIBLE SUNSHINE (PERCENT)   MM
AVERAGE SKY COVER           0.40
NUMBER OF DAYS FAIR           18
NUMBER OF DAYS PC              6
NUMBER OF DAYS CLOUDY          7

AVERAGE RH (PERCENT)     70

WEATHER CONDITIONS. NUMBER OF DAYS WITH
THUNDERSTORM              0     MIXED PRECIP               0
HEAVY RAIN                2     RAIN                       7
LIGHT RAIN               12     FREEZING RAIN              0
LT FREEZING RAIN          1     HAIL                       0
HEAVY SNOW                1     SNOW                       1
LIGHT SNOW                4     SLEET                      0
FOG                      14     FOG W/VIS <= 1/4 MILE      4
HAZE                      9

-  INDICATES NEGATIVE NUMBERS.
R  INDICATES RECORD WAS SET OR TIED.
MM INDICATES DATA IS MISSING.
T  INDICATES TRACE AMOUNT.

$$
