740
CXUS53 KILX 011653
CLMLWV


CLIMATE REPORT
NATIONAL WEATHER SERVICE LINCOLN IL
1150 AM CDT THU OCT 1 2015

...................................

...THE LAWRENCEVILLE IL AIRPORT CLIMATE SUMMARY FOR THE MONTH OF SEPTEMBER 2015...

CLIMATE NORMAL PERIOD 1981 TO 2010
CLIMATE RECORD PERIOD 9999 TO 9999

WEATHER         OBSERVED          NORMAL  DEPART  LAST YEAR`S
                 VALUE   DATE(S)  VALUE   FROM    VALUE
                                          NORMAL
.............................................................
TEMPERATURE (F)
RECORD
 HIGH              MM   MM
 LOW               MM   MM
HIGHEST            96   09/06        MM      MM       93
LOWEST             47   09/13        MM      MM       43
AVG. MAXIMUM     84.0              81.9     2.1     78.8
AVG. MINIMUM     58.6              57.0     1.6     54.5
MEAN             71.3              69.5     1.8     66.7
DAYS MAX >= 90      9               3.7     5.3        1
DAYS MAX <= 32      0               0.0     0.0        0
DAYS MIN <= 32      0               0.0     0.0        0
DAYS MIN <= 0       0               0.0     0.0        0

PRECIPITATION (INCHES)
RECORD
 MAXIMUM           MM   MM
 MINIMUM           MM   MM
TOTALS           2.91              3.19   -0.28     2.93
DAILY AVG.       0.10              0.11   -0.01     0.10
DAYS >= .01         7                MM      MM        6
DAYS >= .10         3                MM      MM        4
DAYS >= .50         2                MM      MM        2
DAYS >= 1.00        1                MM      MM        1
GREATEST
 24 HR. TOTAL    1.67   09/09 TO 09/09              1.99

DEGREE_DAYS
HEATING TOTAL      11                38     -27       60
 SINCE 7/1         11                39     -28       60
COOLING TOTAL     208               171      37      118
 SINCE 1/1       1311              1354     -43     1191
..............................................................

WIND (MPH)
AVERAGE WIND SPEED              5.9
HIGHEST WIND SPEED/DIRECTION    23/320    DATE  09/12
HIGHEST GUST SPEED/DIRECTION    29/340    DATE  09/19

SKY COVER
POSSIBLE SUNSHINE (PERCENT)   MM
AVERAGE SKY COVER           0.20
NUMBER OF DAYS FAIR           21
NUMBER OF DAYS PC              7
NUMBER OF DAYS CLOUDY          2

AVERAGE RH (PERCENT)     68

WEATHER CONDITIONS. NUMBER OF DAYS WITH
THUNDERSTORM              0     MIXED PRECIP               0
HEAVY RAIN                4     RAIN                       3
LIGHT RAIN                9     FREEZING RAIN              0
LT FREEZING RAIN          0     HAIL                       0
HEAVY SNOW                0     SNOW                       0
LIGHT SNOW                0     SLEET                      0
FOG                      15     FOG W/VIS <= 1/4 MILE      4
HAZE                      7

-  INDICATES NEGATIVE NUMBERS.
R  INDICATES RECORD WAS SET OR TIED.
MM INDICATES DATA IS MISSING.
T  INDICATES TRACE AMOUNT.

$$
