000
CXUS53 KILX 021624
CLMLWV

CLIMATE REPORT
NATIONAL WEATHER SERVICE LINCOLN IL
938 AM CST SUN DEC 1 2013

...................................

...THE LAWRENCEVILLE IL AIRPORT CLIMATE SUMMARY FOR THE MONTH OF NOVEMBER 2013...

CLIMATE NORMAL PERIOD 1981 TO 2010
CLIMATE RECORD PERIOD 9999 TO 9999

WEATHER         OBSERVED          NORMAL  DEPART  LAST YEAR`S
                 VALUE   DATE(S)  VALUE   FROM    VALUE
                                          NORMAL
.............................................................
TEMPERATURE (F)
RECORD
 HIGH              MM   MM
 LOW               MM   MM
HIGHEST            71   11/17        MM      MM       74
LOWEST             14   11/28        MM      MM       21
AVG. MAXIMUM     51.0              55.8    -4.8     54.5
AVG. MINIMUM     30.9              36.9    -6.0     31.3
MEAN             40.9              46.3    -5.4     42.9
DAYS MAX >= 90      0               0.0     0.0        0
DAYS MAX <= 32      2               0.1     1.9        0
DAYS MIN <= 32     17               9.4     7.6       20
DAYS MIN <= 0       0               0.0     0.0        0

PRECIPITATION (INCHES)
RECORD
 MAXIMUM           MM   MM
 MINIMUM           MM   MM
TOTALS           1.52              3.97   -2.45     1.24
DAILY AVG.       0.05              0.13   -0.08     0.04
DAYS >= .01         8                MM      MM        6
DAYS >= .10         4                MM      MM        3
DAYS >= .50         1                MM      MM        1
DAYS >= 1.00        0                MM      MM        0
GREATEST
 24 HR. TOTAL    2.51   10/31 TO 11/01              0.93

DEGREE_DAYS
HEATING TOTAL     713               561     152      655
 SINCE 7/1       1024               858     166     1047
COOLING TOTAL       0                 1      -1        0
 SINCE 1/1       1287              1387    -100     1707
..............................................................

WIND (MPH)
AVERAGE WIND SPEED              9.3
HIGHEST WIND SPEED/DIRECTION    44/280    DATE  11/17
HIGHEST GUST SPEED/DIRECTION    64/290    DATE  11/17

SKY COVER
POSSIBLE SUNSHINE (PERCENT)   MM
AVERAGE SKY COVER           0.30
NUMBER OF DAYS FAIR           19
NUMBER OF DAYS PC              6
NUMBER OF DAYS CLOUDY          5

AVERAGE RH (PERCENT)     68

WEATHER CONDITIONS. NUMBER OF DAYS WITH
THUNDERSTORM              1     MIXED PRECIP               0
HEAVY RAIN                2     RAIN                       3
LIGHT RAIN                9     FREEZING RAIN              0
LT FREEZING RAIN          0     HAIL                       0
HEAVY SNOW                0     SNOW                       0
LIGHT SNOW                3     SLEET                      0
FOG                      20     FOG W/VIS <= 1/4 MILE      2
HAZE                     17

-  INDICATES NEGATIVE NUMBERS.
R  INDICATES RECORD WAS SET OR TIED.
MM INDICATES DATA IS MISSING.
T  INDICATES TRACE AMOUNT.

$$

JRP
