000
CXUS53 KILX 011416
CLMLWV


CLIMATE REPORT
NATIONAL WEATHER SERVICE LINCOLN IL
906 AM CDT MON JUL 1 2013

...................................

...THE LAWRENCEVILLE IL AIRPORT CLIMATE SUMMARY FOR THE MONTH OF JUNE 2013...

CLIMATE NORMAL PERIOD 1981 TO 2010
CLIMATE RECORD PERIOD 9999 TO 9999

WEATHER         OBSERVED          NORMAL  DEPART  LAST YEAR`S
                 VALUE   DATE(S)  VALUE   FROM    VALUE
                                          NORMAL
.............................................................
TEMPERATURE (F)
RECORD
 HIGH              MM   MM
 LOW               MM   MM
HIGHEST            93   06/12        MM      MM      108
LOWEST             53   06/04        MM      MM       48
AVG. MAXIMUM     82.0              85.2    -3.2     89.0
AVG. MINIMUM     64.3              63.7     0.6     60.6
MEAN             73.2              74.5    -1.3     74.8
DAYS MAX >= 90      2               8.6    -6.6       15
DAYS MAX <= 32      0               0.0     0.0        0
DAYS MIN <= 32      0               0.0     0.0        0
DAYS MIN <= 0       0               0.0     0.0        0

PRECIPITATION (INCHES)
RECORD
 MAXIMUM           MM   MM
 MINIMUM           MM   MM
TOTALS          10.43              3.98    6.45     0.09
DAILY AVG.       0.35              0.13    0.22     0.00
DAYS >= .01        13                MM      MM        2
DAYS >= .10        10                MM      MM        0
DAYS >= .50         5                MM      MM        0
DAYS >= 1.00        5                MM      MM        0
GREATEST
 24 HR. TOTAL    2.65   05/31 TO 06/01              0.10
                        06/09 TO 06/10

DEGREE_DAYS
COOLING TOTAL     256               290     -34      312
 SINCE 1/1        424               429      -5      621
..............................................................

WIND (MPH)
AVERAGE WIND SPEED              6.8
HIGHEST WIND SPEED/DIRECTION    36/300    DATE  06/01
HIGHEST GUST SPEED/DIRECTION    46/300    DATE  06/01

SKY COVER
POSSIBLE SUNSHINE (PERCENT)   MM
AVERAGE SKY COVER           0.30
NUMBER OF DAYS FAIR           16
NUMBER OF DAYS PC             13
NUMBER OF DAYS CLOUDY          1

AVERAGE RH (PERCENT)     74

WEATHER CONDITIONS. NUMBER OF DAYS WITH
THUNDERSTORM             12     MIXED PRECIP               0
HEAVY RAIN                8     RAIN                      11
LIGHT RAIN               17     FREEZING RAIN              0
LT FREEZING RAIN          0     HAIL                       0
HEAVY SNOW                0     SNOW                       0
LIGHT SNOW                0     SLEET                      0
FOG                      28     FOG W/VIS <= 1/4 MILE      6
HAZE                     22

-  INDICATES NEGATIVE NUMBERS.
R  INDICATES RECORD WAS SET OR TIED.
MM INDICATES DATA IS MISSING.
T  INDICATES TRACE AMOUNT.

$$
