000
CXUS53 KILX 011529
CLMLWV


CLIMATE REPORT
NATIONAL WEATHER SERVICE LINCOLN IL
911 AM CST TUE DEC 1 2015

...................................

...THE LAWRENCEVILLE IL AIRPORT CLIMATE SUMMARY FOR THE MONTH OF NOVEMBER 2015...

CLIMATE NORMAL PERIOD 1981 TO 2010
CLIMATE RECORD PERIOD 9999 TO 9999

WEATHER         OBSERVED          NORMAL  DEPART  LAST YEAR`S
                 VALUE   DATE(S)  VALUE   FROM    VALUE
                                          NORMAL
.............................................................
TEMPERATURE (F)
RECORD
 HIGH              MM   MM
 LOW               MM   MM
HIGHEST            76   11/04        MM      MM       68
                        11/03
LOWEST             21   11/22        MM      MM       13
AVG. MAXIMUM     59.4              55.8     3.6     47.2
AVG. MINIMUM     38.5              36.9     1.6     28.3
MEAN             49.0              46.3     2.7     37.7
DAYS MAX >= 90      0               0.0     0.0        0
DAYS MAX <= 32      0               0.1    -0.1        4
DAYS MIN <= 32      8               9.4    -1.4       19
DAYS MIN <= 0       0               0.0     0.0        0

PRECIPITATION (INCHES)
RECORD
 MAXIMUM           MM   MM
 MINIMUM           MM   MM
TOTALS           5.47              3.97    1.50     2.45
DAILY AVG.       0.18              0.13    0.05     0.08
DAYS >= .01        10                MM      MM        9
DAYS >= .10         8                MM      MM        4
DAYS >= .50         3                MM      MM        1
DAYS >= 1.00        2                MM      MM        1
GREATEST
 24 HR. TOTAL    1.99   11/16 TO 11/17              1.77

DEGREE_DAYS
HEATING TOTAL     474               561     -87      809
 SINCE 7/1        697               858    -161     1135
COOLING TOTAL       1                 1       0        0
 SINCE 1/1       1331              1387     -56     1218
..............................................................

WIND (MPH)
AVERAGE WIND SPEED              9.0
HIGHEST WIND SPEED/DIRECTION    37/140    DATE  11/18
HIGHEST GUST SPEED/DIRECTION    44/150    DATE  11/18

SKY COVER
POSSIBLE SUNSHINE (PERCENT)   MM
AVERAGE SKY COVER           0.40
NUMBER OF DAYS FAIR           15
NUMBER OF DAYS PC              8
NUMBER OF DAYS CLOUDY          7

AVERAGE RH (PERCENT)     72

WEATHER CONDITIONS. NUMBER OF DAYS WITH
THUNDERSTORM              1     MIXED PRECIP               0
HEAVY RAIN                5     RAIN                       6
LIGHT RAIN               12     FREEZING RAIN              0
LT FREEZING RAIN          0     HAIL                       0
HEAVY SNOW                0     SNOW                       0
LIGHT SNOW                1     SLEET                      0
FOG                      17     FOG W/VIS <= 1/4 MILE      6
HAZE                      0

-  INDICATES NEGATIVE NUMBERS.
R  INDICATES RECORD WAS SET OR TIED.
MM INDICATES DATA IS MISSING.
T  INDICATES TRACE AMOUNT.

$$
