000
CXUS53 KILX 020403 CCA
CLMLWV

CLIMATE REPORT...CORRECTED
NATIONAL WEATHER SERVICE LINCOLN IL
1102 PM CDT SAT JUN 1 2013

CORRECTED THUNDERSTORM DAYS
CORRECTED 24-HOUR MAXIMUM PRECIPITATION DATE

...................................

...THE LAWRENCEVILLE IL AIRPORT CLIMATE SUMMARY FOR THE MONTH OF MAY 2013...

CLIMATE NORMAL PERIOD 1981 TO 2010
CLIMATE RECORD PERIOD 9999 TO 9999

WEATHER         OBSERVED          NORMAL  DEPART  LAST YEAR`S
                 VALUE   DATE(S)  VALUE   FROM    VALUE
                                          NORMAL
.............................................................
TEMPERATURE (F)
RECORD
 HIGH              MM   MM
 LOW               MM   MM
HIGHEST            90   05/15        MM      MM       95
LOWEST             40   05/13        MM      MM       48
AVG. MAXIMUM     76.9              76.6     0.3     84.1
AVG. MINIMUM     56.9              55.4     1.5     59.6
MEAN             66.9              66.0     0.9     71.9
DAYS MAX >= 90      1               2.0    -1.0       10
DAYS MAX <= 32      0               0.0     0.0        0
DAYS MIN <= 32      0               0.0     0.0        0
DAYS MIN <= 0       0               0.0     0.0        0

PRECIPITATION (INCHES)
RECORD
 MAXIMUM           MM   MM
 MINIMUM           MM   MM
TOTALS           7.33              5.58    1.75     1.80
DAILY AVG.       0.24              0.18    0.06     0.06
DAYS >= .01        17                MM      MM        7
DAYS >= .10        10                MM      MM        4
DAYS >= .50         4                MM      MM        2
DAYS >= 1.00        2                MM      MM        0
GREATEST
 24 HR. TOTAL    2.30   05/16                       1.35

DEGREE_DAYS
COOLING TOTAL     146               113      33      229
 SINCE 1/1        168               139      29      309
..............................................................

WIND (MPH)
AVERAGE WIND SPEED              9.2
HIGHEST WIND SPEED/DIRECTION    37/200    DATE  05/28
HIGHEST GUST SPEED/DIRECTION    51/210    DATE  05/16

SKY COVER
POSSIBLE SUNSHINE (PERCENT)   MM
AVERAGE SKY COVER           0.40
NUMBER OF DAYS FAIR           14
NUMBER OF DAYS PC             12
NUMBER OF DAYS CLOUDY          5

AVERAGE RH (PERCENT)     70

WEATHER CONDITIONS. NUMBER OF DAYS WITH
THUNDERSTORM              8     MIXED PRECIP               0
HEAVY RAIN                9     RAIN                       8
LIGHT RAIN               19     FREEZING RAIN              0
LT FREEZING RAIN          0     HAIL                       0
HEAVY SNOW                0     SNOW                       0
LIGHT SNOW                0     SLEET                      0
FOG                      23     FOG W/VIS <= 1/4 MILE      3
HAZE                     21

-  INDICATES NEGATIVE NUMBERS.
R  INDICATES RECORD WAS SET OR TIED.
MM INDICATES DATA IS MISSING.
T  INDICATES TRACE AMOUNT.

$$
