000
CXUS53 KILX 011441
CLMLWV


CLIMATE REPORT
NATIONAL WEATHER SERVICE LINCOLN IL
929 AM CDT TUE APR 1 2014

...................................

...THE LAWRENCEVILLE IL AIRPORT CLIMATE SUMMARY FOR THE MONTH OF MARCH 2014...

CLIMATE NORMAL PERIOD 1981 TO 2010
CLIMATE RECORD PERIOD 9999 TO 9999

WEATHER         OBSERVED          NORMAL  DEPART  LAST YEAR`S
                 VALUE   DATE(S)  VALUE   FROM    VALUE
                                          NORMAL
.............................................................
TEMPERATURE (F)
RECORD
 HIGH              MM   MM
 LOW               MM   MM
HIGHEST            75   03/11        MM      MM       65
LOWEST             12   03/04        MM      MM       19
                        03/03
AVG. MAXIMUM     51.1              55.3    -4.2     46.6
AVG. MINIMUM     27.8              34.7    -6.9     30.0
MEAN             39.4              45.0    -5.6     38.3
DAYS MAX >= 90      0               0.0     0.0        0
DAYS MAX <= 32      3               0.5     2.5        1
DAYS MIN <= 32     21              12.4     8.6       22
DAYS MIN <= 0       0               0.0     0.0        0

PRECIPITATION (INCHES)
RECORD
 MAXIMUM           MM   MM
 MINIMUM           MM   MM
TOTALS           1.04              3.43   -2.39     3.25
DAILY AVG.       0.04              0.11   -0.07     0.11
DAYS >= .01         5                MM      MM        9
DAYS >= .10         3                MM      MM        5
DAYS >= .50         0                MM      MM        2
DAYS >= 1.00        0                MM      MM        1
GREATEST
 24 HR. TOTAL    0.45   03/28 TO 03/28              1.93

DEGREE_DAYS
HEATING TOTAL     783               622     161      819
 SINCE 7/1       5185              4297     888     4515
COOLING TOTAL       0                 2      -2        0
 SINCE 1/1          0                 2      -2        0
..............................................................

WIND (MPH)
AVERAGE WIND SPEED              11.3
HIGHEST WIND SPEED/DIRECTION    44/210    DATE  03/14
HIGHEST GUST SPEED/DIRECTION    53/210    DATE  03/14

SKY COVER
POSSIBLE SUNSHINE (PERCENT)   MM
AVERAGE SKY COVER           0.30
NUMBER OF DAYS FAIR           18
NUMBER OF DAYS PC              8
NUMBER OF DAYS CLOUDY          5

AVERAGE RH (PERCENT)     64

WEATHER CONDITIONS. NUMBER OF DAYS WITH
THUNDERSTORM              0     MIXED PRECIP               1
HEAVY RAIN                1     RAIN                       4
LIGHT RAIN                8     FREEZING RAIN              1
LT FREEZING RAIN          1     HAIL                       0
HEAVY SNOW                0     SNOW                       3
LIGHT SNOW                4     SLEET                      0
FOG                      16     FOG W/VIS <= 1/4 MILE      1
HAZE                     25

-  INDICATES NEGATIVE NUMBERS.
R  INDICATES RECORD WAS SET OR TIED.
MM INDICATES DATA IS MISSING.
T  INDICATES TRACE AMOUNT.

$$

JRP
