000
CXUS53 KILX 011449 CCA
CLMLWV

CLIMATE REPORT
NATIONAL WEATHER SERVICE LINCOLN IL
949 AM CDT WED JUL 1 2015

...................................

...THE LAWRENCEVILLE IL AIRPORT CLIMATE SUMMARY FOR THE MONTH OF JUNE 2015...

CLIMATE NORMAL PERIOD 1981 TO 2010
CLIMATE RECORD PERIOD 9999 TO 9999

WEATHER         OBSERVED          NORMAL  DEPART  LAST YEAR`S
                 VALUE   DATE(S)  VALUE   FROM    VALUE
                                          NORMAL
.............................................................
TEMPERATURE (F)
RECORD
 HIGH              MM   MM
 LOW               MM   MM
HIGHEST            93   06/12        MM      MM       92
                        06/07
LOWEST             52   06/04        MM      MM       52
AVG. MAXIMUM     83.7              85.2    -1.5     84.5
AVG. MINIMUM     65.6              63.7     1.9     66.4
MEAN             74.7              74.5     0.2     75.4
DAYS MAX >= 90      6               8.6    -2.6        6
DAYS MAX <= 32      0               0.0     0.0        0
DAYS MIN <= 32      0               0.0     0.0        0
DAYS MIN <= 0       0               0.0     0.0        0

PRECIPITATION (INCHES)
RECORD
 MAXIMUM           MM   MM
 MINIMUM           MM   MM
TOTALS           9.02              3.98    5.04     3.94
DAILY AVG.       0.30              0.13    0.17     0.13
DAYS >= .01        17                MM      MM       12
DAYS >= .10        11                MM      MM        9
DAYS >= .50         5                MM      MM        2
DAYS >= 1.00        4                MM      MM        1
GREATEST
 24 HR. TOTAL    3.52   06/18 TO 06/19              1.84

DEGREE_DAYS
HEATING TOTAL       8                 7       1        0
 SINCE 7/1       5330              4680     650     5549
COOLING TOTAL     303               290      13      323
 SINCE 1/1        458               429      29      514
..............................................................

WIND (MPH)
AVERAGE WIND SPEED              7.8
HIGHEST WIND SPEED/DIRECTION    30/350    DATE  06/07
HIGHEST GUST SPEED/DIRECTION    38/350    DATE  06/07

SKY COVER
POSSIBLE SUNSHINE (PERCENT)   MM
AVERAGE SKY COVER           0.40
NUMBER OF DAYS FAIR           17
NUMBER OF DAYS PC             11
NUMBER OF DAYS CLOUDY          2

AVERAGE RH (PERCENT)     75

WEATHER CONDITIONS. NUMBER OF DAYS WITH
THUNDERSTORM             14     MIXED PRECIP               0
HEAVY RAIN                8     RAIN                       9
LIGHT RAIN               18     FREEZING RAIN              0
LT FREEZING RAIN          0     HAIL                       0
HEAVY SNOW                0     SNOW                       0
LIGHT SNOW                0     SLEET                      0
FOG                      21     FOG W/VIS <= 1/4 MILE      1
HAZE                      6

-  INDICATES NEGATIVE NUMBERS.
R  INDICATES RECORD WAS SET OR TIED.
MM INDICATES DATA IS MISSING.
T  INDICATES TRACE AMOUNT.

$$
