000
CXUS53 KILX 011632
CLMLWV


CLIMATE REPORT
NATIONAL WEATHER SERVICE LINCOLN IL
1008 AM CST SUN FEB 1 2015

...................................

...THE LAWRENCEVILLE IL AIRPORT CLIMATE SUMMARY FOR THE MONTH OF JANUARY 2015...

CLIMATE NORMAL PERIOD 1981 TO 2010
CLIMATE RECORD PERIOD 9999 TO 9999

WEATHER         OBSERVED          NORMAL  DEPART  LAST YEAR`S
                 VALUE   DATE(S)  VALUE   FROM    VALUE
                                          NORMAL
.............................................................
TEMPERATURE (F)
RECORD
 HIGH              MM   MM
 LOW               MM   MM
HIGHEST            54   01/17        MM      MM       56
                        01/03
LOWEST              0   01/08        MM      MM       -8
                        01/07
AVG. MAXIMUM     38.8              39.2    -0.4     35.0
AVG. MINIMUM     21.6              22.9    -1.3     15.0
MEAN             30.2              31.1    -0.9     25.0
DAYS MAX >= 90      0               0.0     0.0        0
DAYS MAX <= 32      9               8.1     0.9       11
DAYS MIN <= 32     28              23.8     4.2       30
DAYS MIN <= 0       2               1.4     0.6        2

PRECIPITATION (INCHES)
RECORD
 MAXIMUM           MM   MM
 MINIMUM           MM   MM
TOTALS           1.96              2.38   -0.42       MM
DAILY AVG.       0.06              0.08   -0.02       MM
DAYS >= .01         8                MM      MM       MM
DAYS >= .10         5                MM      MM       MM
DAYS >= .50         1                MM      MM       MM
DAYS >= 1.00        1                MM      MM       MM
GREATEST
 24 HR. TOTAL    1.14   01/02 TO 01/03                MM

DEGREE_DAYS
HEATING TOTAL    1072              1052      20     1235
 SINCE 7/1       3085              2851     234     3306
COOLING TOTAL       0                 0       0        0
 SINCE 1/1          0                 0       0        0
..............................................................

WIND (MPH)
AVERAGE WIND SPEED              9.2
HIGHEST WIND SPEED/DIRECTION    32/290    DATE  01/29
HIGHEST GUST SPEED/DIRECTION    42/290    DATE  01/29

SKY COVER
POSSIBLE SUNSHINE (PERCENT)   MM
AVERAGE SKY COVER           0.50
NUMBER OF DAYS FAIR           13
NUMBER OF DAYS PC              8
NUMBER OF DAYS CLOUDY         10

AVERAGE RH (PERCENT)     74

WEATHER CONDITIONS. NUMBER OF DAYS WITH
THUNDERSTORM              1     MIXED PRECIP               0
HEAVY RAIN                1     RAIN                       3
LIGHT RAIN                8     FREEZING RAIN              0
LT FREEZING RAIN          2     HAIL                       0
HEAVY SNOW                0     SNOW                       0
LIGHT SNOW                6     SLEET                      0
FOG                      19     FOG W/VIS <= 1/4 MILE      1
HAZE                     14

-  INDICATES NEGATIVE NUMBERS.
R  INDICATES RECORD WAS SET OR TIED.
MM INDICATES DATA IS MISSING.
T  INDICATES TRACE AMOUNT.

$$
