000
CXUS53 KILX 011613
CLMLWV


CLIMATE REPORT
NATIONAL WEATHER SERVICE LINCOLN IL
1005 AM CST THU JAN 1 2015

...................................

...THE LAWRENCEVILLE IL AIRPORT CLIMATE SUMMARY FOR THE MONTH OF DECEMBER 2014...

CLIMATE NORMAL PERIOD 1981 TO 2010
CLIMATE RECORD PERIOD 9999 TO 9999

WEATHER         OBSERVED          NORMAL  DEPART  LAST YEAR`S
                 VALUE   DATE(S)  VALUE   FROM    VALUE
                                          NORMAL
.............................................................
TEMPERATURE (F)
RECORD
 HIGH              MM   MM
 LOW               MM   MM
HIGHEST            57   12/26        MM      MM       68
LOWEST             12   12/31        MM      MM       -4
AVG. MAXIMUM     42.3              42.3     0.0     39.3
AVG. MINIMUM     30.6              27.0     3.6     22.8
MEAN             36.4              34.6     1.8     31.0
DAYS MAX >= 90      0               0.0     0.0        0
DAYS MAX <= 32      3               5.1    -2.1       10
DAYS MIN <= 32     19              20.2    -1.2       25
DAYS MIN <= 0       0               0.7    -0.7        1

PRECIPITATION (INCHES)
RECORD
 MAXIMUM           MM   MM
 MINIMUM           MM   MM
TOTALS           3.24              3.39   -0.15     4.57
DAILY AVG.       0.10              0.11   -0.01     0.16
DAYS >= .01        11                MM      MM        5
DAYS >= .10         7                MM      MM        3
DAYS >= .50         1                MM      MM        2
DAYS >= 1.00        1                MM      MM        1
GREATEST
 24 HR. TOTAL    2.14   12/05 TO 12/06              3.49

DEGREE_DAYS
HEATING TOTAL     878               941     -63     1047
 SINCE 7/1       2013              1799     214     2071
COOLING TOTAL       0                 0       0        0
 SINCE 1/1       1218              1387    -169     1287
..............................................................

WIND (MPH)
AVERAGE WIND SPEED              8.2
HIGHEST WIND SPEED/DIRECTION    26/290    DATE  12/16
HIGHEST GUST SPEED/DIRECTION    33/290    DATE  12/16

SKY COVER
POSSIBLE SUNSHINE (PERCENT)   MM
AVERAGE SKY COVER           0.70
NUMBER OF DAYS FAIR            8
NUMBER OF DAYS PC              5
NUMBER OF DAYS CLOUDY         18

AVERAGE RH (PERCENT)     82

WEATHER CONDITIONS. NUMBER OF DAYS WITH
THUNDERSTORM              0     MIXED PRECIP               0
HEAVY RAIN                2     RAIN                       4
LIGHT RAIN               13     FREEZING RAIN              0
LT FREEZING RAIN          1     HAIL                       0
HEAVY SNOW                0     SNOW                       0
LIGHT SNOW                1     SLEET                      0
FOG                      24     FOG W/VIS <= 1/4 MILE      3
HAZE                     14

-  INDICATES NEGATIVE NUMBERS.
R  INDICATES RECORD WAS SET OR TIED.
MM INDICATES DATA IS MISSING.
T  INDICATES TRACE AMOUNT.

$$

JRP
