000
CXUS53 KILX 011423
CLMLWV


CLIMATE REPORT
NATIONAL WEATHER SERVICE LINCOLN IL
809 AM CST WED FEB 1 2017

...................................

...THE LAWRENCEVILLE IL AIRPORT CLIMATE SUMMARY FOR THE MONTH OF JANUARY 2017...

CLIMATE NORMAL PERIOD 1981 TO 2010
CLIMATE RECORD PERIOD 9999 TO 9999

WEATHER         OBSERVED          NORMAL  DEPART  LAST YEAR`S
                 VALUE   DATE(S)  VALUE   FROM    VALUE
                                          NORMAL
.............................................................
TEMPERATURE (F)
RECORD
 HIGH              MM   MM
 LOW               MM   MM
HIGHEST            68   01/21        MM      MM       65
LOWEST              0   01/07        MM      MM        2
AVG. MAXIMUM     44.7              39.2     5.5     39.3
AVG. MINIMUM     29.2              22.9     6.3     20.8
MEAN             37.0              31.1     5.9     30.0
DAYS MAX >= 90      0               0.0     0.0        0
DAYS MAX <= 32      5               8.1    -3.1        9
DAYS MIN <= 32     16              23.8    -7.8       29
DAYS MIN <= 0       1               1.4    -0.4        0

PRECIPITATION (INCHES)
RECORD
 MAXIMUM           MM   MM
 MINIMUM           MM   MM
TOTALS           3.44              2.38    1.06     1.06
DAILY AVG.       0.11              0.08    0.03     0.03
DAYS >= .01        12                MM      MM        6
DAYS >= .10         8                MM      MM        3
DAYS >= .50         2                MM      MM        1
DAYS >= 1.00        1                MM      MM        0
GREATEST
 24 HR. TOTAL    1.41   01/19 TO 01/20              0.64

DEGREE_DAYS
HEATING TOTAL     861              1052    -191     1079
 SINCE 7/1       2487              2851    -364     2407
COOLING TOTAL       0                 0       0        0
 SINCE 1/1          0                 0       0        0
..............................................................

WIND (MPH)
AVERAGE WIND SPEED              10.5
HIGHEST WIND SPEED/DIRECTION    39/210    DATE  01/10
HIGHEST GUST SPEED/DIRECTION    50/200    DATE  01/10

SKY COVER
POSSIBLE SUNSHINE (PERCENT)   MM
AVERAGE SKY COVER           0.60
NUMBER OF DAYS FAIR            8
NUMBER OF DAYS PC              6
NUMBER OF DAYS CLOUDY         17

AVERAGE RH (PERCENT)     82

WEATHER CONDITIONS. NUMBER OF DAYS WITH
THUNDERSTORM              0     MIXED PRECIP               0
HEAVY RAIN                5     RAIN                       8
LIGHT RAIN               14     FREEZING RAIN              1
LT FREEZING RAIN          1     HAIL                       0
HEAVY SNOW                0     SNOW                       1
LIGHT SNOW                5     SLEET                      0
FOG                      19     FOG W/VIS <= 1/4 MILE      3
HAZE                      2

-  INDICATES NEGATIVE NUMBERS.
R  INDICATES RECORD WAS SET OR TIED.
MM INDICATES DATA IS MISSING.
T  INDICATES TRACE AMOUNT.

$$
