000
CXUS53 KILX 012316 CCA
CLMLWV

CLIMATE REPORT
NATIONAL WEATHER SERVICE LINCOLN IL
516 PM CST TUE MAR 1 2016

...CORRECTED THUNDERSTORM DAYS...

...................................

...THE LAWRENCEVILLE IL AIRPORT CLIMATE SUMMARY FOR THE MONTH OF FEBRUARY 2016...

CLIMATE NORMAL PERIOD 1981 TO 2010
CLIMATE RECORD PERIOD 9999 TO 9999

WEATHER         OBSERVED          NORMAL  DEPART  LAST YEAR`S
                 VALUE   DATE(S)  VALUE   FROM    VALUE
                                          NORMAL
.............................................................
TEMPERATURE (F)
RECORD
 HIGH              MM   MM
 LOW               MM   MM
HIGHEST            74   02/20        MM      MM       61
LOWEST             11   02/13        MM      MM      -13
                        02/10
AVG. MAXIMUM     45.4              44.2     1.2     32.8
AVG. MINIMUM     27.5              26.9     0.6     11.7
MEAN             36.5              35.5     1.0     22.2
DAYS MAX >= 90      0               0.0     0.0        0
DAYS MAX <= 32      6               3.6     2.4       16
DAYS MIN <= 32     20              20.5    -0.5       27
DAYS MIN <= 0       0               0.1    -0.1        6

PRECIPITATION (INCHES)
RECORD
 MAXIMUM           MM   MM
 MINIMUM           MM   MM
TOTALS           3.18              2.01    1.17       MM
DAILY AVG.       0.11                MM      MM       MM
DAYS >= .01         8                MM      MM       MM
DAYS >= .10         6                MM      MM       MM
DAYS >= .50         2                MM      MM       MM
DAYS >= 1.00        1                MM      MM       MM
GREATEST
 24 HR. TOTAL    1.52   02/23 TO 02/24                MM

DEGREE_DAYS
HEATING TOTAL     820               824      -4     1189
 SINCE 7/1       3227              3700    -473     4274
COOLING TOTAL       0                 0       0        0
 SINCE 1/1          0                 0       0        0
..............................................................

WIND (MPH)
AVERAGE WIND SPEED              11.3
HIGHEST WIND SPEED/DIRECTION    45/210    DATE  02/28
HIGHEST GUST SPEED/DIRECTION    55/200    DATE  02/28

SKY COVER
POSSIBLE SUNSHINE (PERCENT)   MM
AVERAGE SKY COVER           0.50
NUMBER OF DAYS FAIR           12
NUMBER OF DAYS PC              8
NUMBER OF DAYS CLOUDY          9

AVERAGE RH (PERCENT)     73

WEATHER CONDITIONS. NUMBER OF DAYS WITH
THUNDERSTORM              4     MIXED PRECIP               0
HEAVY RAIN                3     RAIN                       5
LIGHT RAIN                9     FREEZING RAIN              0
LT FREEZING RAIN          0     HAIL                       0
HEAVY SNOW                0     SNOW                       3
LIGHT SNOW                7     SLEET                      0
FOG                      20     FOG W/VIS <= 1/4 MILE      4
HAZE                      5

-  INDICATES NEGATIVE NUMBERS.
R  INDICATES RECORD WAS SET OR TIED.
MM INDICATES DATA IS MISSING.
T  INDICATES TRACE AMOUNT.

$$
