000
CXUS53 KILX 011644
CLMLWV


CLIMATE REPORT
NATIONAL WEATHER SERVICE LINCOLN IL
1008 AM CST SUN JAN 1 2017

...................................

...THE LAWRENCEVILLE IL AIRPORT CLIMATE SUMMARY FOR THE MONTH OF DECEMBER 2016...

CLIMATE NORMAL PERIOD 1981 TO 2010
CLIMATE RECORD PERIOD 9999 TO 9999

WEATHER         OBSERVED          NORMAL  DEPART  LAST YEAR`S
                 VALUE   DATE(S)  VALUE   FROM    VALUE
                                          NORMAL
.............................................................
TEMPERATURE (F)
RECORD
 HIGH              MM   MM
 LOW               MM   MM
HIGHEST            63   12/26        MM      MM       70
LOWEST              5   12/19        MM      MM       22
AVG. MAXIMUM     39.4              42.3    -2.9     52.1
AVG. MINIMUM     25.4              27.0    -1.6     36.7
MEAN             32.4              34.6    -2.2     44.4
DAYS MAX >= 90      0               0.0     0.0        0
DAYS MAX <= 32      7               5.1     1.9        0
DAYS MIN <= 32     24              20.2     3.8       12
DAYS MIN <= 0       0               0.7    -0.7        0

PRECIPITATION (INCHES)
RECORD
 MAXIMUM           MM   MM
 MINIMUM           MM   MM
TOTALS           1.67              3.39   -1.72     4.94
DAILY AVG.       0.05              0.11   -0.06     0.16
DAYS >= .01        10                MM      MM       11
DAYS >= .10         6                MM      MM        6
DAYS >= .50         0                MM      MM        4
DAYS >= 1.00        0                MM      MM        2
GREATEST
 24 HR. TOTAL    0.34   12/11 TO 12/11              1.58

DEGREE_DAYS
HEATING TOTAL    1004               941      63      631
 SINCE 7/1       1626              1799    -173     1328
COOLING TOTAL       0                 0       0        0
 SINCE 1/1       1615              1387     228     1331
..............................................................

WIND (MPH)
AVERAGE WIND SPEED              8.6
HIGHEST WIND SPEED/DIRECTION    32/220    DATE  12/31
HIGHEST GUST SPEED/DIRECTION    41/310    DATE  12/18

SKY COVER
POSSIBLE SUNSHINE (PERCENT)   MM
AVERAGE SKY COVER           0.60
NUMBER OF DAYS FAIR            9
NUMBER OF DAYS PC             11
NUMBER OF DAYS CLOUDY         11

AVERAGE RH (PERCENT)     74

WEATHER CONDITIONS. NUMBER OF DAYS WITH
THUNDERSTORM              0     MIXED PRECIP               0
HEAVY RAIN                1     RAIN                       3
LIGHT RAIN               12     FREEZING RAIN              1
LT FREEZING RAIN          2     HAIL                       0
HEAVY SNOW                0     SNOW                       0
LIGHT SNOW                4     SLEET                      0
FOG                      16     FOG W/VIS <= 1/4 MILE      4
HAZE                      8

-  INDICATES NEGATIVE NUMBERS.
R  INDICATES RECORD WAS SET OR TIED.
MM INDICATES DATA IS MISSING.
T  INDICATES TRACE AMOUNT.

$$
