000
CXUS53 KILX 011954
CLMLWV

CLIMATE REPORT
NATIONAL WEATHER SERVICE LINCOLN IL
254 PM CDT FRI SEP 1 2017

...................................

...THE LAWRENCEVILLE IL AIRPORT CLIMATE SUMMARY FOR THE MONTH OF
AUGUST 2017...

CLIMATE NORMAL PERIOD 1981 TO 2010
CLIMATE RECORD PERIOD 9999 TO 9999

WEATHER         OBSERVED          NORMAL  DEPART  LAST YEAR`S
                 VALUE   DATE(S)  VALUE   FROM    VALUE
                                          NORMAL
.............................................................
TEMPERATURE (F)
RECORD
 HIGH              MM   MM
 LOW               MM   MM
HIGHEST            94   08/20        MM      MM       93
LOWEST             53   08/05        MM      MM       57
AVG. MAXIMUM     84.4              87.5    -3.1     87.0
AVG. MINIMUM     62.9              65.4    -2.5     69.6
MEAN             73.7              76.4    -2.7     78.3
DAYS MAX >= 90      4              10.1    -6.1       12
DAYS MAX <= 32      0               0.0     0.0        0
DAYS MIN <= 32      0               0.0     0.0        0
DAYS MIN <= 0       0               0.0     0.0        0

PRECIPITATION (INCHES)
RECORD
 MAXIMUM           MM   MM
 MINIMUM           MM   MM
TOTALS             MMR             3.39      MM     7.72
DAILY AVG.       0.00              0.11   -0.11     0.25
DAYS >= .01         6                MM      MM        8
DAYS >= .10         0                MM      MM        7
DAYS >= .50         0                MM      MM        5
DAYS >= 1.00        0                MM      MM        2
GREATEST
 24 HR. TOTAL      MM                               3.78

DEGREE_DAYS
HEATING TOTAL       0                 1      -1        0
 SINCE 7/1          0                 1      -1        0
COOLING TOTAL     277               356     -79      418
 SINCE 1/1       1143              1183     -40     1291
..............................................................

WIND (MPH)
AVERAGE WIND SPEED              5.7
HIGHEST WIND SPEED/DIRECTION    32/330    DATE  08/21
HIGHEST GUST SPEED/DIRECTION    37/330    DATE  08/21

SKY COVER
POSSIBLE SUNSHINE (PERCENT)   MM
AVERAGE SKY COVER           0.20
NUMBER OF DAYS FAIR           23
NUMBER OF DAYS PC              7
NUMBER OF DAYS CLOUDY          1

AVERAGE RH (PERCENT)     74

WEATHER CONDITIONS. NUMBER OF DAYS WITH
THUNDERSTORM              3     MIXED PRECIP               0
HEAVY RAIN                1     RAIN                       1
LIGHT RAIN                9     FREEZING RAIN              0
LT FREEZING RAIN          0     HAIL                       0
HEAVY SNOW                0     SNOW                       0
LIGHT SNOW                0     SLEET                      0
FOG                      15     FOG W/VIS <= 1/4 MILE      0
HAZE                      6

-  INDICATES NEGATIVE NUMBERS.
R  INDICATES RECORD WAS SET OR TIED.
MM INDICATES DATA IS MISSING.
T  INDICATES TRACE AMOUNT.

$$
