088
CXUS53 KILX 011316 RRA
CLMLWV

CLIMATE REPORT
NATIONAL WEATHER SERVICE LINCOLN IL
538 AM CST WED MAR 1 2017

...................................

...THE LAWRENCEVILLE IL AIRPORT CLIMATE SUMMARY FOR THE MONTH OF
FEBRUARY 2017...

CLIMATE NORMAL PERIOD 1981 TO 2010
CLIMATE RECORD PERIOD 9999 TO 9999

WEATHER         OBSERVED          NORMAL  DEPART  LAST YEAR`S
                 VALUE   DATE(S)  VALUE   FROM    VALUE
                                          NORMAL
.............................................................
TEMPERATURE (F)
RECORD
 HIGH              MM   MM
 LOW               MM   MM
HIGHEST            74   02/20        MM      MM       74
LOWEST             14   02/04        MM      MM       11
AVG. MAXIMUM     55.3              44.2    11.1     45.4
AVG. MINIMUM     33.6              26.9     6.7     27.5
MEAN             44.5              35.5     9.0     36.5
DAYS MAX >= 90      0               0.0     0.0        0
DAYS MAX <= 32      2               3.6    -1.6        6
DAYS MIN <= 32     13              20.5    -7.5       20
DAYS MIN <= 0       0               0.1    -0.1        0

PRECIPITATION (INCHES)
RECORD
 MAXIMUM           MM   MM
 MINIMUM           MM   MM
TOTALS           0.71              2.01   -1.30     3.18
DAILY AVG.       0.03              0.07   -0.04     0.11
DAYS >= .01         6                MM      MM        8
DAYS >= .10         3                MM      MM        6
DAYS >= .50         0                MM      MM        2
DAYS >= 1.00        0                MM      MM        1
GREATEST
 24 HR. TOTAL    0.25   02/28 TO 02/28              1.52
                        02/27 TO 02/28
                        02/28 TO 02/28

DEGREE_DAYS
HEATING TOTAL     568               824    -256      820
 SINCE 7/1       3055              3675    -620     3227
COOLING TOTAL       0                 0       0        0
 SINCE 1/1          0                 0       0        0
..............................................................

WIND (MPH)
AVERAGE WIND SPEED              10.2
HIGHEST WIND SPEED/DIRECTION    36/210    DATE  02/28
HIGHEST GUST SPEED/DIRECTION    41/200    DATE  02/28

SKY COVER
POSSIBLE SUNSHINE (PERCENT)   MM
AVERAGE SKY COVER           0.40
NUMBER OF DAYS FAIR           16
NUMBER OF DAYS PC              9
NUMBER OF DAYS CLOUDY          3

AVERAGE RH (PERCENT)     69

WEATHER CONDITIONS. NUMBER OF DAYS WITH
THUNDERSTORM              4     MIXED PRECIP               0
HEAVY RAIN                3     RAIN                       4
LIGHT RAIN                9     FREEZING RAIN              0
LT FREEZING RAIN          0     HAIL                       0
HEAVY SNOW                0     SNOW                       1
LIGHT SNOW                2     SLEET                      0
FOG                      13     FOG W/VIS <= 1/4 MILE      5
HAZE                      6

-  INDICATES NEGATIVE NUMBERS.
R  INDICATES RECORD WAS SET OR TIED.
MM INDICATES DATA IS MISSING.
T  INDICATES TRACE AMOUNT.

$$
