000
CXUS53 KILX 011350
CLMLWV


CLIMATE REPORT
NATIONAL WEATHER SERVICE LINCOLN IL
844 AM CDT SUN JUN 1 2014

...................................

...THE LAWRENCEVILLE IL AIRPORT CLIMATE SUMMARY FOR THE MONTH OF MAY 2014...

CLIMATE NORMAL PERIOD 1981 TO 2010
CLIMATE RECORD PERIOD 9999 TO 9999

WEATHER         OBSERVED          NORMAL  DEPART  LAST YEAR`S
                 VALUE   DATE(S)  VALUE   FROM    VALUE
                                          NORMAL
.............................................................
TEMPERATURE (F)
RECORD
 HIGH              MM   MM
 LOW               MM   MM
HIGHEST            89   05/27        MM      MM       90
LOWEST             39   05/17        MM      MM       40
AVG. MAXIMUM     77.3              76.6     0.7     76.9
AVG. MINIMUM     57.1              55.4     1.7     56.9
MEAN             67.2              66.0     1.2     66.9
DAYS MAX >= 90      0               2.0    -2.0        1
DAYS MAX <= 32      0               0.0     0.0        0
DAYS MIN <= 32      0               0.0     0.0        0
DAYS MIN <= 0       0               0.0     0.0        0

PRECIPITATION (INCHES)
RECORD
 MAXIMUM           MM   MM
 MINIMUM           MM   MM
TOTALS           3.68              5.58   -1.90     7.33
DAILY AVG.       0.12              0.18   -0.06     0.24
DAYS >= .01        10                MM      MM       17
DAYS >= .10         7                MM      MM       10
DAYS >= .50         2                MM      MM        4
DAYS >= 1.00        1                MM      MM        2
GREATEST
 24 HR. TOTAL    1.68   05/13 TO 05/14              2.30

DEGREE_DAYS
HEATING TOTAL     107                82      25       78
 SINCE 7/1       5549              4673     876     4927
COOLING TOTAL     181               113      68      146
 SINCE 1/1        191               139      52      168
..............................................................

WIND (MPH)
AVERAGE WIND SPEED              9.0
HIGHEST WIND SPEED/DIRECTION    35/190    DATE  05/11
HIGHEST GUST SPEED/DIRECTION    44/190    DATE  05/11

SKY COVER
POSSIBLE SUNSHINE (PERCENT)   MM
AVERAGE SKY COVER           0.30
NUMBER OF DAYS FAIR           20
NUMBER OF DAYS PC              8
NUMBER OF DAYS CLOUDY          3

AVERAGE RH (PERCENT)     67

WEATHER CONDITIONS. NUMBER OF DAYS WITH
THUNDERSTORM              0     MIXED PRECIP               0
HEAVY RAIN                7     RAIN                       5
LIGHT RAIN               18     FREEZING RAIN              0
LT FREEZING RAIN          0     HAIL                       0
HEAVY SNOW                0     SNOW                       0
LIGHT SNOW                0     SLEET                      0
FOG                      20     FOG W/VIS <= 1/4 MILE      1
HAZE                     22

-  INDICATES NEGATIVE NUMBERS.
R  INDICATES RECORD WAS SET OR TIED.
MM INDICATES DATA IS MISSING.
T  INDICATES TRACE AMOUNT.

$$
