000
CXUS53 KILX 011849
CLMLWV


CLIMATE REPORT
NATIONAL WEATHER SERVICE LINCOLN IL
1246 PM CST SAT MAR 1 2014

...................................

...THE LAWRENCEVILLE IL AIRPORT CLIMATE SUMMARY FOR THE MONTH OF FEBRUARY 2014...

CLIMATE NORMAL PERIOD 1981 TO 2010
CLIMATE RECORD PERIOD 9999 TO 9999

WEATHER         OBSERVED          NORMAL  DEPART  LAST YEAR`S
                 VALUE   DATE(S)  VALUE   FROM    VALUE
                                          NORMAL
.............................................................
TEMPERATURE (F)
RECORD
 HIGH              MM   MM
 LOW               MM   MM
HIGHEST            64   02/20        MM      MM       63
LOWEST             -6   02/07        MM      MM        7
AVG. MAXIMUM     34.4              44.2    -9.8     43.1
AVG. MINIMUM     16.9              26.9   -10.0     26.4
MEAN             25.6              35.5    -9.9     34.7
DAYS MAX >= 90      0               0.0     0.0        0
DAYS MAX <= 32     15               3.6    11.4        3
DAYS MIN <= 32     24              20.5     3.5       20
DAYS MIN <= 0       4               0.1     3.9        0

PRECIPITATION (INCHES)
RECORD
 MAXIMUM           MM   MM
 MINIMUM           MM   MM
TOTALS           1.17              2.01   -0.84     2.15
DAILY AVG.       0.05              0.07   -0.02     0.08
DAYS >= .01         4                MM      MM        8
DAYS >= .10         4                MM      MM        5
DAYS >= .50         0                MM      MM        1
DAYS >= 1.00        0                MM      MM        0
GREATEST
 24 HR. TOTAL    0.52   02/01 TO 02/02              0.80

DEGREE_DAYS
HEATING TOTAL    1096               824     272      842
 SINCE 7/1       4402              3675     727     3696
COOLING TOTAL       0                 0       0        0
 SINCE 1/1          0                 0       0        0
..............................................................

WIND (MPH)
AVERAGE WIND SPEED              9.9
HIGHEST WIND SPEED/DIRECTION    37/270    DATE  02/20
HIGHEST GUST SPEED/DIRECTION    50/270    DATE  02/20

SKY COVER
POSSIBLE SUNSHINE (PERCENT)   MM
AVERAGE SKY COVER           0.40
NUMBER OF DAYS FAIR           14
NUMBER OF DAYS PC              8
NUMBER OF DAYS CLOUDY          6

AVERAGE RH (PERCENT)     68

WEATHER CONDITIONS. NUMBER OF DAYS WITH
THUNDERSTORM              0     MIXED PRECIP               0
HEAVY RAIN                2     RAIN                       4
LIGHT RAIN                4     FREEZING RAIN              2
LT FREEZING RAIN          3     HAIL                       0
HEAVY SNOW                1     SNOW                       3
LIGHT SNOW               11     SLEET                      0
FOG                      14     FOG W/VIS <= 1/4 MILE      4
HAZE                     21

-  INDICATES NEGATIVE NUMBERS.
R  INDICATES RECORD WAS SET OR TIED.
MM INDICATES DATA IS MISSING.
T  INDICATES TRACE AMOUNT.

$$
