000
CXUS53 KILX 011356
CLMLWV


CLIMATE REPORT
NATIONAL WEATHER SERVICE LINCOLN IL
845 AM CDT SAT JUL 1 2017

...................................

...THE LAWRENCEVILLE IL AIRPORT CLIMATE SUMMARY FOR THE MONTH OF JUNE 2017...

CLIMATE NORMAL PERIOD 1981 TO 2010
CLIMATE RECORD PERIOD 9999 TO 9999

WEATHER         OBSERVED          NORMAL  DEPART  LAST YEAR`S
                 VALUE   DATE(S)  VALUE   FROM    VALUE
                                          NORMAL
.............................................................
TEMPERATURE (F)
RECORD
 HIGH              MM   MM
 LOW               MM   MM
HIGHEST            95   06/14        MM      MM       97
                        06/13
                        06/12
LOWEST             51   06/08        MM      MM       54
AVG. MAXIMUM     86.5              85.2     1.3     88.5
AVG. MINIMUM     62.6              63.7    -1.1     66.2
MEAN             74.5              74.5     0.0     77.4
DAYS MAX >= 90      9               8.6     0.4       16
DAYS MAX <= 32      0               0.0     0.0        0
DAYS MIN <= 32      0               0.0     0.0        0
DAYS MIN <= 0       0               0.0     0.0        0

PRECIPITATION (INCHES)
RECORD
 MAXIMUM           MM   MM
 MINIMUM           MM   MM
TOTALS           2.69              3.98   -1.29     1.78
DAILY AVG.       0.09              0.13   -0.04     0.06
DAYS >= .01         6                MM      MM        4
DAYS >= .10         4                MM      MM        3
DAYS >= .50         1                MM      MM        1
DAYS >= 1.00        1                MM      MM        1
GREATEST
 24 HR. TOTAL    1.78   06/23 TO 06/23              1.07

DEGREE_DAYS
HEATING TOTAL       0                 7      -7        0
 SINCE 7/1       3881              4680    -799     4069
COOLING TOTAL     294               290       4      366
 SINCE 1/1        467               429      38      486
..............................................................

WIND (MPH)
AVERAGE WIND SPEED              8.1
HIGHEST WIND SPEED/DIRECTION    41/310    DATE  06/14
HIGHEST GUST SPEED/DIRECTION    48/310    DATE  06/14

SKY COVER
POSSIBLE SUNSHINE (PERCENT)   MM
AVERAGE SKY COVER           0.20
NUMBER OF DAYS FAIR           26
NUMBER OF DAYS PC              4
NUMBER OF DAYS CLOUDY          0

AVERAGE RH (PERCENT)     67

WEATHER CONDITIONS. NUMBER OF DAYS WITH
THUNDERSTORM              7     MIXED PRECIP               0
HEAVY RAIN                4     RAIN                       4
LIGHT RAIN                7     FREEZING RAIN              0
LT FREEZING RAIN          0     HAIL                       0
HEAVY SNOW                0     SNOW                       0
LIGHT SNOW                0     SLEET                      0
FOG                      10     FOG W/VIS <= 1/4 MILE      2
HAZE                      6

-  INDICATES NEGATIVE NUMBERS.
R  INDICATES RECORD WAS SET OR TIED.
MM INDICATES DATA IS MISSING.
T  INDICATES TRACE AMOUNT.

$$
