000
CXUS53 KILX 011654
CLMLWV


CLIMATE REPORT
NATIONAL WEATHER SERVICE LINCOLN IL
1041 AM CST SAT FEB 1 2014

...................................

...THE LAWRENCEVILLE IL AIRPORT CLIMATE SUMMARY FOR THE MONTH OF JANUARY 2014...

CLIMATE NORMAL PERIOD 1981 TO 2010
CLIMATE RECORD PERIOD 9999 TO 9999

WEATHER         OBSERVED          NORMAL  DEPART  LAST YEAR`S
                 VALUE   DATE(S)  VALUE   FROM    VALUE
                                          NORMAL
.............................................................
TEMPERATURE (F)
RECORD
 HIGH              MM   MM
 LOW               MM   MM
HIGHEST            56   01/13        MM      MM       66
LOWEST             -8   01/06        MM      MM        2
AVG. MAXIMUM     35.0              39.2    -4.2     40.6
AVG. MINIMUM     15.0              22.9    -7.9     22.3
MEAN             25.0              31.1    -6.1     31.5
DAYS MAX >= 90      0               0.0     0.0        0
DAYS MAX <= 32     11               8.1     2.9        6
DAYS MIN <= 32     30              23.8     6.2       26
DAYS MIN <= 0       2               1.4     0.6        0

PRECIPITATION (INCHES)
RECORD
 MAXIMUM           MM   MM
 MINIMUM           MM   MM
TOTALS             MMR             2.38      MM     6.41
DAILY AVG.         MM              0.08      MM     0.21
DAYS >= .01        MM                MM      MM       10
DAYS >= .10        MM                MM      MM        9
DAYS >= .50        MM                MM      MM        6
DAYS >= 1.00       MM                MM      MM        2
GREATEST
 24 HR. TOTAL      MM                               2.56

DEGREE_DAYS
HEATING TOTAL    1235              1052     183     1032
 SINCE 7/1       3306              2851     455     2854
COOLING TOTAL       0                 0       0        0
 SINCE 1/1          0                 0       0        0
..............................................................

WIND (MPH)
AVERAGE WIND SPEED              12.4
HIGHEST WIND SPEED/DIRECTION    43/330    DATE  01/26
HIGHEST GUST SPEED/DIRECTION    55/310    DATE  01/26

SKY COVER
POSSIBLE SUNSHINE (PERCENT)   MM
AVERAGE SKY COVER           0.50
NUMBER OF DAYS FAIR           13
NUMBER OF DAYS PC              9
NUMBER OF DAYS CLOUDY          9

AVERAGE RH (PERCENT)     68

WEATHER CONDITIONS. NUMBER OF DAYS WITH
THUNDERSTORM              0     MIXED PRECIP               0
HEAVY RAIN                2     RAIN                       2
LIGHT RAIN                6     FREEZING RAIN              0
LT FREEZING RAIN          1     HAIL                       0
HEAVY SNOW                0     SNOW                       3
LIGHT SNOW               13     SLEET                      0
FOG                      15     FOG W/VIS <= 1/4 MILE      3
HAZE                     20

-  INDICATES NEGATIVE NUMBERS.
R  INDICATES RECORD WAS SET OR TIED.
MM INDICATES DATA IS MISSING.
T  INDICATES TRACE AMOUNT.

$$
