000
CXUS53 KILX 011018
CLMLWV


CLIMATE REPORT
NATIONAL WEATHER SERVICE LINCOLN IL
515 AM CDT SUN OCT 1 2017

...................................

...THE LAWRENCEVILLE IL AIRPORT CLIMATE SUMMARY FOR THE MONTH OF SEPTEMBER 2017...

CLIMATE NORMAL PERIOD 1981 TO 2010
CLIMATE RECORD PERIOD 9999 TO 9999

WEATHER         OBSERVED          NORMAL  DEPART  LAST YEAR`S
                 VALUE   DATE(S)  VALUE   FROM    VALUE
                                          NORMAL
.............................................................
TEMPERATURE (F)
RECORD
 HIGH              MM   MM
 LOW               MM   MM
HIGHEST            94   09/24        MM      MM       95
                        09/21
LOWEST             45   09/07        MM      MM       47
AVG. MAXIMUM     83.8              81.9     1.9     84.6
AVG. MINIMUM     58.9              57.0     1.9     60.7
MEAN             71.4              69.5     1.9     72.7
DAYS MAX >= 90      9               3.7     5.3        7
DAYS MAX <= 32      0               0.0     0.0        0
DAYS MIN <= 32      0               0.0     0.0        0
DAYS MIN <= 0       0               0.0     0.0        0

PRECIPITATION (INCHES)
RECORD
 MAXIMUM           MM   MM
 MINIMUM           MM   MM
TOTALS           0.75              3.19   -2.44     2.73
DAILY AVG.       0.03              0.11   -0.08     0.08
DAYS >= .01         4                MM      MM        8
DAYS >= .10         2                MM      MM        6
DAYS >= .50         1                MM      MM        1
DAYS >= 1.00        0                MM      MM        1
GREATEST
 24 HR. TOTAL    0.50   09/19 TO 09/19              1.66

DEGREE_DAYS
HEATING TOTAL      12                38     -26       12
 SINCE 7/1         12                39     -27       12
COOLING TOTAL     210               171      39      241
 SINCE 1/1       1353              1354      -1     1532
..............................................................

WIND (MPH)
AVERAGE WIND SPEED              6.4
HIGHEST WIND SPEED/DIRECTION    25/210    DATE  09/04
HIGHEST GUST SPEED/DIRECTION    32/340    DATE  09/05

SKY COVER
POSSIBLE SUNSHINE (PERCENT)   MM
AVERAGE SKY COVER           0.20
NUMBER OF DAYS FAIR           24
NUMBER OF DAYS PC              5
NUMBER OF DAYS CLOUDY          1

AVERAGE RH (PERCENT)     68

WEATHER CONDITIONS. NUMBER OF DAYS WITH
THUNDERSTORM              0     MIXED PRECIP               0
HEAVY RAIN                2     RAIN                       2
LIGHT RAIN                6     FREEZING RAIN              0
LT FREEZING RAIN          0     HAIL                       0
HEAVY SNOW                0     SNOW                       0
LIGHT SNOW                0     SLEET                      0
FOG                      17     FOG W/VIS <= 1/4 MILE      1
HAZE                     10

-  INDICATES NEGATIVE NUMBERS.
R  INDICATES RECORD WAS SET OR TIED.
MM INDICATES DATA IS MISSING.
T  INDICATES TRACE AMOUNT.

$$
