000
CXUS53 KILX 011536
CLMLWV


CLIMATE REPORT
NATIONAL WEATHER SERVICE LINCOLN IL
914 AM CST FRI JAN 1 2016

...................................

...THE LAWRENCEVILLE IL AIRPORT CLIMATE SUMMARY FOR THE MONTH OF DECEMBER 2015...

CLIMATE NORMAL PERIOD 1981 TO 2010
CLIMATE RECORD PERIOD 9999 TO 9999

WEATHER         OBSERVED          NORMAL  DEPART  LAST YEAR`S
                 VALUE   DATE(S)  VALUE   FROM    VALUE
                                          NORMAL
.............................................................
TEMPERATURE (F)
RECORD
 HIGH              MM   MM
 LOW               MM   MM
HIGHEST            70   12/12        MM      MM       57
LOWEST             22   12/04        MM      MM       12
AVG. MAXIMUM     52.1              42.3     9.8     42.3
AVG. MINIMUM     36.7              27.0     9.7     30.6
MEAN             44.4              34.6     9.8     36.4
DAYS MAX >= 90      0               0.0     0.0        0
DAYS MAX <= 32      0               5.1    -5.1        3
DAYS MIN <= 32     12              20.2    -8.2       19
DAYS MIN <= 0       0               0.7    -0.7        0

PRECIPITATION (INCHES)
RECORD
 MAXIMUM           MM   MM
 MINIMUM           MM   MM
TOTALS           4.94              3.39    1.55     3.24
DAILY AVG.       0.16              0.11    0.05     0.10
DAYS >= .01        11                MM      MM       11
DAYS >= .10         6                MM      MM        7
DAYS >= .50         4                MM      MM        1
DAYS >= 1.00        2                MM      MM        1
GREATEST
 24 HR. TOTAL    1.58   12/27 TO 12/28              2.14

DEGREE_DAYS
HEATING TOTAL     631               941    -310      878
 SINCE 7/1       1328              1799    -471     2013
COOLING TOTAL       0                 0       0        0
 SINCE 1/1       1331              1387     -56     1218
..............................................................

WIND (MPH)
AVERAGE WIND SPEED              10.3
HIGHEST WIND SPEED/DIRECTION    43/190    DATE  12/14
HIGHEST GUST SPEED/DIRECTION    53/190    DATE  12/14

SKY COVER
POSSIBLE SUNSHINE (PERCENT)   MM
AVERAGE SKY COVER           0.60
NUMBER OF DAYS FAIR           10
NUMBER OF DAYS PC              8
NUMBER OF DAYS CLOUDY         13

AVERAGE RH (PERCENT)     81

WEATHER CONDITIONS. NUMBER OF DAYS WITH
THUNDERSTORM              0     MIXED PRECIP               0
HEAVY RAIN                6     RAIN                       8
LIGHT RAIN               12     FREEZING RAIN              0
LT FREEZING RAIN          0     HAIL                       0
HEAVY SNOW                0     SNOW                       0
LIGHT SNOW                2     SLEET                      0
FOG                      20     FOG W/VIS <= 1/4 MILE      5
HAZE                      2

-  INDICATES NEGATIVE NUMBERS.
R  INDICATES RECORD WAS SET OR TIED.
MM INDICATES DATA IS MISSING.
T  INDICATES TRACE AMOUNT.

$$
