000
CXUS53 KILX 011549
CLMLWV
CLIMATE REPORT
NATIONAL WEATHER SERVICE LINCOLN IL
1049 AM CDT TUE AUG 01 2023
...................................
...THE LAWRENCEVILLE IL AIRPORT CLIMATE SUMMARY FOR THE MONTH OF JULY 2023...
CLIMATE NORMAL PERIOD 1991 TO 2020
CLIMATE RECORD PERIOD 9999 TO 9999
WEATHER OBSERVED NORMAL DEPART LAST YEAR`S
VALUE DATE(S) VALUE FROM VALUE
NORMAL
..............................................................
TEMPERATURE (F)
RECORD
HIGH MM MM
LOW 57 07/02/2021
HIGHEST 99 07/28 MM MM 97
LOWEST 61 07/10 MM MM 64
AVG. MAXIMUM 89.8 87.6 2.2 87.6
AVG. MINIMUM 68.6 67.2 1.4 70.1
MEAN 79.2 77.4 1.8 78.9
DAYS MAX >= 90 15 12.5 2.5 10
DAYS MAX <= 32 0 0.0 0.0 0
DAYS MIN <= 32 0 0.0 0.0 0
DAYS MIN <= 0 0 0.0 0.0 0
PRECIPITATION (INCHES)
RECORD
MAXIMUM 8.49 2022
MINIMUM 4.82 2021
TOTALS 2.68R 4.22 -1.54 8.49
DAILY AVG. 0.09 0.14 -0.05 0.28
DAYS >= .01 8 10.7 -2.7 10
DAYS >= .10 5 6.4 -1.4 8
DAYS >= .50 2 2.8 -0.8 5
DAYS >= 1.00 1 1.6 -0.6 3
GREATEST
24 HR. TOTAL 1.10 07/15 TO 07/15 4.12
DEGREE DAYS
HEATING TOTAL 0 0 0 0
SINCE 7/1 0 0 0 MM
COOLING TOTAL 449 384 65 436
SINCE 1/1 834 836 -2 MM
..............................................................
WIND (MPH)
AVERAGE WIND SPEED 6.6
HIGHEST WIND SPEED/DIRECTION 35/220 DATE 07/01
HIGHEST GUST SPEED/DIRECTION 48/220 DATE 07/01
AVERAGE RH (PERCENT) 74
WEATHER CONDITIONS. NUMBER OF DAYS WITH
THUNDERSTORM 7 MIXED PRECIP 0
HEAVY RAIN 6 RAIN 3
LIGHT RAIN 9 FREEZING RAIN 0
LT FREEZING RAIN 0 HAIL 0
HEAVY SNOW 0 SNOW 0
LIGHT SNOW 0 SLEET 0
FOG 16 FOG W/VIS <= 1/4 MILE 1
HAZE 3
- INDICATES NEGATIVE NUMBERS.
R INDICATES RECORD WAS SET OR TIED.
MM INDICATES DATA IS MISSING.
T INDICATES TRACE AMOUNT.
$$