000
CXUS53 KILX 011455
CLMLWV


CLIMATE REPORT
NATIONAL WEATHER SERVICE LINCOLN IL
940 AM CDT SAT APR 1 2017

...................................

...THE LAWRENCEVILLE IL AIRPORT CLIMATE SUMMARY FOR THE MONTH OF MARCH 2017...

CLIMATE NORMAL PERIOD 1981 TO 2010
CLIMATE RECORD PERIOD 9999 TO 9999

WEATHER         OBSERVED          NORMAL  DEPART  LAST YEAR`S
                 VALUE   DATE(S)  VALUE   FROM    VALUE
                                          NORMAL
.............................................................
TEMPERATURE (F)
RECORD
 HIGH              MM   MM
 LOW               MM   MM
HIGHEST            76   03/30        MM      MM       80
                        03/20
LOWEST             17   03/15        MM      MM       25
AVG. MAXIMUM     56.7              55.3     1.4     60.4
AVG. MINIMUM     36.5              34.7     1.8     40.5
MEAN             46.6              45.0     1.6     50.4
DAYS MAX >= 90      0               0.0     0.0        0
DAYS MAX <= 32      0               0.5    -0.5        0
DAYS MIN <= 32     13              12.4     0.6        5
DAYS MIN <= 0       0               0.0     0.0        0

PRECIPITATION (INCHES)
RECORD
 MAXIMUM           MM   MM
 MINIMUM           MM   MM
TOTALS           2.83              3.43   -0.60     4.16
DAILY AVG.       0.09              0.11   -0.02     0.13
DAYS >= .01        10                MM      MM       15
DAYS >= .10         6                MM      MM       10
DAYS >= .50         3                MM      MM        3
DAYS >= 1.00        0                MM      MM        0
GREATEST
 24 HR. TOTAL    0.93   03/07 TO 03/07              0.90

DEGREE_DAYS
HEATING TOTAL     565               622     -57      443
 SINCE 7/1       3620              4297    -677     3670
COOLING TOTAL       2                 2       0        0
 SINCE 1/1          2                 2       0        0
..............................................................

WIND (MPH)
AVERAGE WIND SPEED              11.3
HIGHEST WIND SPEED/DIRECTION    43/310    DATE  03/01
HIGHEST GUST SPEED/DIRECTION    52/310    DATE  03/01

SKY COVER
POSSIBLE SUNSHINE (PERCENT)   MM
AVERAGE SKY COVER           0.40
NUMBER OF DAYS FAIR           13
NUMBER OF DAYS PC             11
NUMBER OF DAYS CLOUDY          7

AVERAGE RH (PERCENT)     66

WEATHER CONDITIONS. NUMBER OF DAYS WITH
THUNDERSTORM              4     MIXED PRECIP               0
HEAVY RAIN                4     RAIN                       6
LIGHT RAIN               15     FREEZING RAIN              0
LT FREEZING RAIN          0     HAIL                       0
HEAVY SNOW                0     SNOW                       1
LIGHT SNOW                2     SLEET                      0
FOG                      16     FOG W/VIS <= 1/4 MILE      3
HAZE                      7

-  INDICATES NEGATIVE NUMBERS.
R  INDICATES RECORD WAS SET OR TIED.
MM INDICATES DATA IS MISSING.
T  INDICATES TRACE AMOUNT.

$$

JRP
