000
CXUS53 KILX 011931
CLSLWV

CLIMATE REPORT
NATIONAL WEATHER SERVICE LINCOLN IL
130 PM CST SAT DEC 1 2012

...................................

...THE LAWRENCEVILLE IL AIRPORT CLIMATE SUMMARY FOR THE SEASON, FROM
9/1/2012 TO 11/30/2012...

CLIMATE NORMAL PERIOD 1981 TO 2010
CLIMATE RECORD PERIOD 9999 TO 9999

WEATHER         OBSERVED          NORMAL  DEPART  LAST YEAR`S
                 VALUE   DATE(S)  VALUE   FROM    VALUE
                                          NORMAL
.............................................................
TEMPERATURE (F)
RECORD
 HIGH              MM   MM
 LOW               MM   MM
HIGHEST            92   09/04        MM      MM      101
LOWEST             21   11/28        MM      MM       25
                        11/24
AVG. MAXIMUM     65.8              69.1    -3.3     68.8
AVG. MINIMUM     43.9              46.6    -2.7     47.2
MEAN             54.8              57.8    -3.0     58.0
DAYS MAX >= 90      3               4.0    -1.0        4
DAYS MAX <= 32      0               0.1    -0.1        0
DAYS MIN <= 32     20              10.8     9.2        4
DAYS MIN <= 0       0               0.0     0.0        0

PRECIPITATION (INCHES)
RECORD
 MAXIMUM           MM   MM
 MINIMUM           MM   MM
TOTALS          12.72             11.14    1.58    15.09
DAILY AVG.       0.14                               0.17
DAYS >= .01        30                MM      MM       32
DAYS >= .10        15                MM      MM       25
DAYS >= .50         8                MM      MM       15
DAYS >= 1.00        6                MM      MM        2
GREATEST
 24 HR. TOTAL    2.45   09/05                       2.58

DEGREE_DAYS
HEATING TOTAL    1047               857     190      741
 SINCE 7/1       1047               858     189      741
COOLING TOTAL     146               204     -58      143
 SINCE 1/1       1707              1387     320     1651

FREEZE DATES
RECORD
 EARLIEST     MM
 LATEST       MM
EARLIEST                        MM
LATEST                          MM
..............................................................

WIND (MPH)
AVERAGE WIND SPEED              7.6
HIGHEST WIND SPEED/DIRECTION    41/340    DATE  09/05
HIGHEST GUST SPEED/DIRECTION    53/340    DATE  09/05

SKY COVER
POSSIBLE SUNSHINE (PERCENT)   MM
AVERAGE SKY COVER           0.30
NUMBER OF DAYS FAIR           55
NUMBER OF DAYS PC             25
NUMBER OF DAYS CLOUDY         11

AVERAGE RH (PERCENT)     68

WEATHER CONDITIONS. NUMBER OF DAYS WITH
THUNDERSTORM              8     MIXED PRECIP               0
HEAVY RAIN               14     RAIN                      22
LIGHT RAIN               35     FREEZING RAIN              0
LT FREEZING RAIN          0     HAIL                       0
HEAVY SNOW                0     SNOW                       0
LIGHT SNOW                1     SLEET                      0
FOG                      67     FOG W/VIS <= 1/4 MILE      8
HAZE                     56

-  INDICATES NEGATIVE NUMBERS.
R  INDICATES RECORD WAS SET OR TIED.
MM INDICATES DATA IS MISSING.
T  INDICATES TRACE AMOUNT.

$$
GEELHART
