000
CXUS53 KILX 011744
CLSLWV

CLIMATE REPORT
NATIONAL WEATHER SERVICE LINCOLN IL
1152 AM CDT THU SEP 1 2011

...................................

...THE LAWRENCEVILLE IL AIRPORT CLIMATE SUMMARY FOR THE SUMMER SEASON, FROM
6/1/2011 TO 8/31/2011...

CLIMATE NORMAL PERIOD 1981 TO 2010
CLIMATE RECORD PERIOD 9999 TO 9999

WEATHER         OBSERVED          NORMAL  DEPART  LAST YEAR`S
                 VALUE   DATE(S)  VALUE   FROM    VALUE
                                          NORMAL
.............................................................
TEMPERATURE (F)
RECORD
 HIGH              MM   MM
 LOW               MM   MM
HIGHEST           100   06/04        MM      MM       99
LOWEST             57   06/13        MM      MM       56
AVG. MAXIMUM     89.8              87.0     2.8     90.2
AVG. MINIMUM     68.7              65.5     3.2     69.1
MEAN             79.2              76.3     2.9     79.7
DAYS MAX >= 90     46              31.0    15.0       55
DAYS MAX <= 32      0               0.0     0.0        0
DAYS MIN <= 32      0               0.0     0.0        0
DAYS MIN <= 0       0               0.0     0.0        0

PRECIPITATION (INCHES)
RECORD
 MAXIMUM           MM   MM
 MINIMUM           MM   MM
TOTALS          10.60             11.79   -1.19    11.47
DAILY AVG.       0.12                               0.12
DAYS >= .01        23                MM      MM       31
DAYS >= .10        17                MM      MM       19
DAYS >= .50         8                MM      MM        6
DAYS >= 1.00        3                MM      MM        2
GREATEST
 24 HR. TOTAL    3.06   06/25 TO 06/26              2.23

DEGREE_DAYS
HEATING TOTAL       0                 8      -8        0
 SINCE 7/1          0                 1      -1        0
COOLING TOTAL    1341              1044     297     1371
 SINCE 1/1       1508              1183     325     1610

FREEZE DATES
RECORD
 EARLIEST     MM
 LATEST       MM
EARLIEST                        MM
LATEST                          MM
..............................................................

WIND (MPH)
AVERAGE WIND SPEED              6.0
HIGHEST WIND SPEED/DIRECTION    39/350    DATE  07/24
HIGHEST GUST SPEED/DIRECTION    51/260    DATE  08/09

SKY COVER
POSSIBLE SUNSHINE (PERCENT)   MM
AVERAGE SKY COVER           0.10
NUMBER OF DAYS FAIR           78
NUMBER OF DAYS PC             12
NUMBER OF DAYS CLOUDY          2

AVERAGE RH (PERCENT)     68

WEATHER CONDITIONS. NUMBER OF DAYS WITH
THUNDERSTORM             25     MIXED PRECIP               0
HEAVY RAIN               14     RAIN                      16
LIGHT RAIN               29     FREEZING RAIN              0
LT FREEZING RAIN          0     HAIL                       0
HEAVY SNOW                0     SNOW                       0
LIGHT SNOW                0     SLEET                      0
FOG                      68     FOG W/VIS <= 1/4 MILE      8
HAZE                     64

-  INDICATES NEGATIVE NUMBERS.
R  INDICATES RECORD WAS SET OR TIED.
MM INDICATES DATA IS MISSING.
T  INDICATES TRACE AMOUNT.

$$
