000
CXUS53 KILX 011706
CLSLWV

CHICLMLWV 000
TTAA00 KILX 011622


CLIMATE REPORT
NATIONAL WEATHER SERVICE LINCOLN IL
1008 AM CST SUN DEC 1 2013

...................................

...THE LAWRENCEVILLE IL AIRPORT CLIMATE SUMMARY FOR THE SEASON, FROM
9/1/2013 TO 11/30/2013...

CLIMATE NORMAL PERIOD 1981 TO 2010
CLIMATE RECORD PERIOD 9999 TO 9999

WEATHER         OBSERVED          NORMAL  DEPART  LAST YEAR`S
                 VALUE   DATE(S)  VALUE   FROM    VALUE
                                          NORMAL
.............................................................
TEMPERATURE (F)
RECORD
 HIGH              MM   MM
 LOW               MM   MM
HIGHEST            96   09/11        MM      MM       92
                        09/09
LOWEST             14   11/28        MM      MM       21
AVG. MAXIMUM     67.0              69.1    -2.1     65.8
AVG. MINIMUM     45.2              46.6    -1.4     43.9
MEAN             56.1              57.8    -1.7     54.8
DAYS MAX >= 90      5               4.0     1.0        3
DAYS MAX <= 32      2               0.1     1.9        0
DAYS MIN <= 32     23              10.8    12.2       20
DAYS MIN <= 0       0               0.0     0.0        0

PRECIPITATION (INCHES)
RECORD
 MAXIMUM           MM   MM
 MINIMUM           MM   MM
TOTALS           8.94             11.14   -2.20    12.72
DAILY AVG.       0.10                               0.14
DAYS >= .01        25                MM      MM       30
DAYS >= .10        15                MM      MM       15
DAYS >= .50         5                MM      MM        8
DAYS >= 1.00        2                MM      MM        6
GREATEST
 24 HR. TOTAL    2.51   MM                          2.45

DEGREE_DAYS
HEATING TOTAL    1019               857     162     1047
 SINCE 7/1       1024               858     166     1047
COOLING TOTAL     232               204      28      146
 SINCE 1/1       1287              1387    -100     1707

FREEZE DATES
RECORD
 EARLIEST     MM
 LATEST       MM
EARLIEST                        MM
LATEST                          MM
..............................................................

WIND (MPH)
AVERAGE WIND SPEED              7.3
HIGHEST WIND SPEED/DIRECTION    44/280    DATE  11/17
HIGHEST GUST SPEED/DIRECTION    64/290    DATE  11/17

SKY COVER
POSSIBLE SUNSHINE (PERCENT)   MM
AVERAGE SKY COVER           0.30
NUMBER OF DAYS FAIR           56
NUMBER OF DAYS PC             24
NUMBER OF DAYS CLOUDY         11

AVERAGE RH (PERCENT)     71

WEATHER CONDITIONS. NUMBER OF DAYS WITH
THUNDERSTORM              0     MIXED PRECIP               0
HEAVY RAIN                9     RAIN                      16
LIGHT RAIN               31     FREEZING RAIN              0
LT FREEZING RAIN          0     HAIL                       0
HEAVY SNOW                0     SNOW                       0
LIGHT SNOW                3     SLEET                      0
FOG                      67     FOG W/VIS <= 1/4 MILE      8
HAZE                     58

-  INDICATES NEGATIVE NUMBERS.
R  INDICATES RECORD WAS SET OR TIED.
MM INDICATES DATA IS MISSING.
T  INDICATES TRACE AMOUNT.

$$

JRP
