000
CXUS53 KILX 011732
CLSLWV

CLIMATE REPORT
NATIONAL WEATHER SERVICE LINCOLN IL
1113 AM CST TUE MAR 1 2016

...................................

...THE LAWRENCEVILLE IL AIRPORT CLIMATE SUMMARY FOR THE SEASON, FROM
12/1/2015 TO 2/29/2016...

CLIMATE NORMAL PERIOD 1981 TO 2010
CLIMATE RECORD PERIOD 9999 TO 9999

WEATHER         OBSERVED          NORMAL  DEPART  LAST YEAR`S
                 VALUE   DATE(S)  VALUE   FROM    VALUE
                                          NORMAL
.............................................................
TEMPERATURE (F)
RECORD
 HIGH              MM   MM
 LOW               MM   MM
HIGHEST            74   02/20        MM      MM       61
LOWEST              2   01/20        MM      MM      -13
AVG. MAXIMUM     45.6              41.8     3.8     38.0
AVG. MINIMUM     28.3              25.5     2.8     21.3
MEAN             37.0              33.7     3.3     29.6
DAYS MAX >= 90      0               0.0     0.0        0
DAYS MAX <= 32     15              16.8    -1.8       28
DAYS MIN <= 32     61              64.5    -3.5       74
DAYS MIN <= 0       0               2.2    -2.2        8

PRECIPITATION (INCHES)
RECORD
 MAXIMUM           MM   MM
 MINIMUM           MM   MM
TOTALS           9.18              7.78    1.40       MM
DAILY AVG.       0.10                                 MM
DAYS >= .01        25                MM      MM       MM
DAYS >= .10        15                MM      MM       MM
DAYS >= .50         7                MM      MM       MM
DAYS >= 1.00        3                MM      MM       MM
GREATEST
 24 HR. TOTAL    1.58   MM                            MM

DEGREE_DAYS
HEATING TOTAL    2530              2817    -287     3139
 SINCE 7/1       3227              3700    -473     4274
COOLING TOTAL       0                 0       0        0
 SINCE 1/1          0                 0       0        0

FREEZE DATES
RECORD
 EARLIEST     MM
 LATEST       MM
EARLIEST                        MM
LATEST                          MM
..............................................................

WIND (MPH)
AVERAGE WIND SPEED              10.8
HIGHEST WIND SPEED/DIRECTION    45/210    DATE  02/28
HIGHEST GUST SPEED/DIRECTION    55/200    DATE  02/28

SKY COVER
POSSIBLE SUNSHINE (PERCENT)   MM
AVERAGE SKY COVER           0.50
NUMBER OF DAYS FAIR           33
NUMBER OF DAYS PC             31
NUMBER OF DAYS CLOUDY         27

AVERAGE RH (PERCENT)     76

WEATHER CONDITIONS. NUMBER OF DAYS WITH
THUNDERSTORM              0     MIXED PRECIP               0
HEAVY RAIN               11     RAIN                      14
LIGHT RAIN               26     FREEZING RAIN              0
LT FREEZING RAIN          0     HAIL                       0
HEAVY SNOW                3     SNOW                       6
LIGHT SNOW               17     SLEET                      0
FOG                      53     FOG W/VIS <= 1/4 MILE     14
HAZE                     14

-  INDICATES NEGATIVE NUMBERS.
R  INDICATES RECORD WAS SET OR TIED.
MM INDICATES DATA IS MISSING.
T  INDICATES TRACE AMOUNT.

$$
