000
CXUS53 KILX 011442
CLSLWV

CHICLMLWV 000
TTAA00 KILX 011439


CLIMATE REPORT
NATIONAL WEATHER SERVICE LINCOLN IL
931 AM CDT SUN JUN 1 2014

...................................

...THE LAWRENCEVILLE IL AIRPORT CLIMATE SUMMARY FOR THE SEASON, FROM
3/1/2014 TO 5/31/2014...

CLIMATE NORMAL PERIOD 1981 TO 2010
CLIMATE RECORD PERIOD 9999 TO 9999

WEATHER         OBSERVED          NORMAL  DEPART  LAST YEAR`S
                 VALUE   DATE(S)  VALUE   FROM    VALUE
                                          NORMAL
.............................................................
TEMPERATURE (F)
RECORD
 HIGH              MM   MM
 LOW               MM   MM
HIGHEST            89   05/27        MM      MM       90
LOWEST             12   03/04        MM      MM       19
                        03/03
AVG. MAXIMUM     65.2              66.2    -1.0     63.0
AVG. MINIMUM     43.5              45.2    -1.7     43.4
MEAN             54.4              55.7    -1.3     53.2
DAYS MAX >= 90      0               2.0    -2.0        1
DAYS MAX <= 32      3               0.5     2.5        1
DAYS MIN <= 32     22              14.5     7.5       24
DAYS MIN <= 0       0               0.0     0.0        0

PRECIPITATION (INCHES)
RECORD
 MAXIMUM           MM   MM
 MINIMUM           MM   MM
TOTALS          12.85             13.17   -0.32    16.47
DAILY AVG.       0.14                               0.18
DAYS >= .01        30                MM      MM       36
DAYS >= .10        20                MM      MM       23
DAYS >= .50         5                MM      MM       11
DAYS >= 1.00        4                MM      MM        4
GREATEST
 24 HR. TOTAL    2.45   MM                          2.30

DEGREE_DAYS
HEATING TOTAL    1147               998     149     1231
 SINCE 7/1       5549              4673     876     4927
COOLING TOTAL     191               139      52      168
 SINCE 1/1        191               139      52      168

FREEZE DATES
RECORD
 EARLIEST     MM
 LATEST       MM
EARLIEST                        MM
LATEST                          MM
..............................................................

WIND (MPH)
AVERAGE WIND SPEED              10.3
HIGHEST WIND SPEED/DIRECTION    44/210    DATE  03/14
HIGHEST GUST SPEED/DIRECTION    53/210    DATE  03/14

SKY COVER
POSSIBLE SUNSHINE (PERCENT)   MM
AVERAGE SKY COVER           0.30
NUMBER OF DAYS FAIR           57
NUMBER OF DAYS PC             22
NUMBER OF DAYS CLOUDY         13

AVERAGE RH (PERCENT)     66

WEATHER CONDITIONS. NUMBER OF DAYS WITH
THUNDERSTORM              0     MIXED PRECIP               1
HEAVY RAIN               17     RAIN                      18
LIGHT RAIN               42     FREEZING RAIN              1
LT FREEZING RAIN          1     HAIL                       0
HEAVY SNOW                0     SNOW                       3
LIGHT SNOW                4     SLEET                      0
FOG                      55     FOG W/VIS <= 1/4 MILE      3
HAZE                     61

-  INDICATES NEGATIVE NUMBERS.
R  INDICATES RECORD WAS SET OR TIED.
MM INDICATES DATA IS MISSING.
T  INDICATES TRACE AMOUNT.

$$
