000
CXUS53 KILX 011420
CLSLWV

CHICLMLWV 000
TTAA00 KILX 011416


CLIMATE REPORT
NATIONAL WEATHER SERVICE LINCOLN IL
908 AM CDT WED JUN 1 2016

...................................

...THE LAWRENCEVILLE IL AIRPORT CLIMATE SUMMARY FOR THE SEASON, FROM
3/1/2016 TO 5/31/2016...

CLIMATE NORMAL PERIOD 1981 TO 2010
CLIMATE RECORD PERIOD 9999 TO 9999

WEATHER         OBSERVED          NORMAL  DEPART  LAST YEAR`S
                 VALUE   DATE(S)  VALUE   FROM    VALUE
                                          NORMAL
.............................................................
TEMPERATURE (F)
RECORD
 HIGH              MM   MM
 LOW               MM   MM
HIGHEST            90   05/31        MM      MM       89
LOWEST             25   03/02        MM      MM        1
AVG. MAXIMUM     67.3              66.2     1.1     65.5
AVG. MINIMUM     46.5              45.2     1.3     44.6
MEAN             56.9              55.7     1.2     55.1
DAYS MAX >= 90      1               2.0    -1.0        0
DAYS MAX <= 32      0               0.5    -0.5        2
DAYS MIN <= 32      9              14.5    -5.5       14
DAYS MIN <= 0       0               0.0     0.0        0

PRECIPITATION (INCHES)
RECORD
 MAXIMUM           MM   MM
 MINIMUM           MM   MM
TOTALS          13.43             13.17    0.26    14.46
DAILY AVG.       0.14                               0.16
DAYS >= .01        40                MM      MM       33
DAYS >= .10        29                MM      MM       24
DAYS >= .50         7                MM      MM        9
DAYS >= 1.00        3                MM      MM        5
GREATEST
 24 HR. TOTAL    1.58   MM                          3.17

DEGREE_DAYS
HEATING TOTAL     842               998    -156     1048
 SINCE 7/1       4069              4673    -604     5322
COOLING TOTAL     120               139     -19      155
 SINCE 1/1        120               139     -19      155

FREEZE DATES
RECORD
 EARLIEST     MM
 LATEST       MM
EARLIEST                        MM
LATEST                          MM
..............................................................

WIND (MPH)
AVERAGE WIND SPEED              9.7
HIGHEST WIND SPEED/DIRECTION    53/240    DATE  04/06
HIGHEST GUST SPEED/DIRECTION    65/220    DATE  04/06

SKY COVER
POSSIBLE SUNSHINE (PERCENT)   MM
AVERAGE SKY COVER           0.40
NUMBER OF DAYS FAIR           43
NUMBER OF DAYS PC             30
NUMBER OF DAYS CLOUDY         19

AVERAGE RH (PERCENT)     70

WEATHER CONDITIONS. NUMBER OF DAYS WITH
THUNDERSTORM             18     MIXED PRECIP               0
HEAVY RAIN               19     RAIN                      21
LIGHT RAIN               42     FREEZING RAIN              0
LT FREEZING RAIN          0     HAIL                       0
HEAVY SNOW                0     SNOW                       0
LIGHT SNOW                1     SLEET                      0
FOG                      49     FOG W/VIS <= 1/4 MILE      8
HAZE                     15

-  INDICATES NEGATIVE NUMBERS.
R  INDICATES RECORD WAS SET OR TIED.
MM INDICATES DATA IS MISSING.
T  INDICATES TRACE AMOUNT.

$$
