000
CXUS53 KILX 020402
CLSLWV

CLIMATE REPORT
NATIONAL WEATHER SERVICE LINCOLN IL
1100 PM CDT SAT JUN 1 2013

...................................

...THE LAWRENCEVILLE IL AIRPORT CLIMATE SUMMARY FOR THE SEASON, FROM
3/1/2013 TO 5/31/2013...

CLIMATE NORMAL PERIOD 1981 TO 2010
CLIMATE RECORD PERIOD 9999 TO 9999

WEATHER         OBSERVED          NORMAL  DEPART  LAST YEAR`S
                 VALUE   DATE(S)  VALUE   FROM    VALUE
                                          NORMAL
.............................................................
TEMPERATURE (F)
RECORD
 HIGH              MM   MM
 LOW               MM   MM
HIGHEST            90   05/15        MM      MM       95
LOWEST             19   03/21        MM      MM       22
AVG. MAXIMUM     63.0              66.2    -3.2     75.1
AVG. MINIMUM     43.4              45.2    -1.8     50.8
MEAN             53.2              55.7    -2.5     62.9
DAYS MAX >= 90      1               2.0    -1.0       10
DAYS MAX <= 32      1               0.5     0.5        0
DAYS MIN <= 32     24              14.5     9.5        6
DAYS MIN <= 0       0               0.0     0.0        0

PRECIPITATION (INCHES)
RECORD
 MAXIMUM           MM   MM
 MINIMUM           MM   MM
TOTALS          16.47             13.17    3.30     7.14
DAILY AVG.       0.18                               0.08
DAYS >= .01        36                MM      MM       27
DAYS >= .10        23                MM      MM       14
DAYS >= .50        11                MM      MM        7
DAYS >= 1.00        4                MM      MM        1
GREATEST
 24 HR. TOTAL    2.30   05/16                       1.35

DEGREE_DAYS
HEATING TOTAL    1231               998     233      473
 SINCE 7/1       4927              4673     254     3581
COOLING TOTAL     168               139      29      309
 SINCE 1/1        168               139      29      309

FREEZE DATES
RECORD
 EARLIEST     MM
 LATEST       MM
EARLIEST                        MM
LATEST                          MM
..............................................................

WIND (MPH)
AVERAGE WIND SPEED              9.7
HIGHEST WIND SPEED/DIRECTION    37/200    DATE  05/28
HIGHEST GUST SPEED/DIRECTION    51/210    DATE  05/16

SKY COVER
POSSIBLE SUNSHINE (PERCENT)   MM
AVERAGE SKY COVER           0.50
NUMBER OF DAYS FAIR           35
NUMBER OF DAYS PC             36
NUMBER OF DAYS CLOUDY         21

AVERAGE RH (PERCENT)     69

WEATHER CONDITIONS. NUMBER OF DAYS WITH
THUNDERSTORM             19     MIXED PRECIP               0
HEAVY RAIN               20     RAIN                      21
LIGHT RAIN               43     FREEZING RAIN              0
LT FREEZING RAIN          0     HAIL                       0
HEAVY SNOW                1     SNOW                       2
LIGHT SNOW               10     SLEET                      0
FOG                      60     FOG W/VIS <= 1/4 MILE      8
HAZE                     55

-  INDICATES NEGATIVE NUMBERS.
R  INDICATES RECORD WAS SET OR TIED.
MM INDICATES DATA IS MISSING.
T  INDICATES TRACE AMOUNT.

$$
GEELHART
