000
CXUS53 KILX 011642
CLSLWV

CLIMATE REPORT
NATIONAL WEATHER SERVICE LINCOLN IL
1041 AM CST TUE DEC 1 2015

...................................

...THE LAWRENCEVILLE IL AIRPORT CLIMATE SUMMARY FOR THE SEASON, FROM
9/1/2015 TO 11/30/2015...

CLIMATE NORMAL PERIOD 1981 TO 2010
CLIMATE RECORD PERIOD 9999 TO 9999

WEATHER         OBSERVED          NORMAL  DEPART  LAST YEAR`S
                 VALUE   DATE(S)  VALUE   FROM    VALUE
                                          NORMAL
.............................................................
TEMPERATURE (F)
RECORD
 HIGH              MM   MM
 LOW               MM   MM
HIGHEST            96   09/06        MM      MM       93
LOWEST             21   11/22        MM      MM       13
AVG. MAXIMUM     71.3              69.1     2.2     64.5
AVG. MINIMUM     47.9              46.6     1.3     43.0
MEAN             59.6              57.8     1.8     53.8
DAYS MAX >= 90      9               4.0     5.0       MM
DAYS MAX <= 32      0               0.1    -0.1       MM
DAYS MIN <= 32     10              10.8    -0.8       MM
DAYS MIN <= 0       0               0.0     0.0       MM

PRECIPITATION (INCHES)
RECORD
 MAXIMUM           MM   MM
 MINIMUM           MM   MM
TOTALS           9.71             11.14   -1.43     9.94
DAILY AVG.       0.11                               0.11
DAYS >= .01        24                MM      MM       MM
DAYS >= .10        14                MM      MM       MM
DAYS >= .50         6                MM      MM       MM
DAYS >= 1.00        3                MM      MM       MM
GREATEST
 24 HR. TOTAL    1.99   MM                          1.99

DEGREE_DAYS
HEATING TOTAL     697               857    -160     1135
 SINCE 7/1        697               858    -161     1135
COOLING TOTAL     228               204      24      145
 SINCE 1/1       1331              1387     -56     1218

FREEZE DATES
RECORD
 EARLIEST     MM
 LATEST       MM
EARLIEST                        MM
LATEST                          MM
..............................................................

WIND (MPH)
AVERAGE WIND SPEED              7.9
HIGHEST WIND SPEED/DIRECTION    37/140    DATE  11/18
HIGHEST GUST SPEED/DIRECTION    44/150    DATE  11/18

SKY COVER
POSSIBLE SUNSHINE (PERCENT)   MM
AVERAGE SKY COVER           0.30
NUMBER OF DAYS FAIR           56
NUMBER OF DAYS PC             22
NUMBER OF DAYS CLOUDY         13

AVERAGE RH (PERCENT)     68

WEATHER CONDITIONS. NUMBER OF DAYS WITH
THUNDERSTORM              3     MIXED PRECIP               0
HEAVY RAIN               12     RAIN                      12
LIGHT RAIN               33     FREEZING RAIN              0
LT FREEZING RAIN          0     HAIL                       0
HEAVY SNOW                0     SNOW                       0
LIGHT SNOW                1     SLEET                      0
FOG                      44     FOG W/VIS <= 1/4 MILE     13
HAZE                     19

-  INDICATES NEGATIVE NUMBERS.
R  INDICATES RECORD WAS SET OR TIED.
MM INDICATES DATA IS MISSING.
T  INDICATES TRACE AMOUNT.

$$
