000
CXUS53 KILX 011510
CLSLWV

CHICLMLWV 000
TTAA00 KILX 011507


CLIMATE REPORT
NATIONAL WEATHER SERVICE LINCOLN IL
1003 AM CDT FRI JUN 1 2012

...................................

...THE LAWRENCEVILLE IL AIRPORT CLIMATE SUMMARY FOR THE SEASON, FROM
3/1/2012 TO 5/31/2012...

CLIMATE NORMAL PERIOD 1981 TO 2010
CLIMATE RECORD PERIOD 9999 TO 9999

WEATHER         OBSERVED          NORMAL  DEPART  LAST YEAR`S
                 VALUE   DATE(S)  VALUE   FROM    VALUE
                                          NORMAL
.............................................................
TEMPERATURE (F)
RECORD
 HIGH              MM   MM
 LOW               MM   MM
HIGHEST            95   05/28        MM      MM       92
                        05/27
LOWEST             22   03/05        MM      MM       23
AVG. MAXIMUM     75.1              66.2     8.9     66.7
AVG. MINIMUM     50.8              45.2     5.6     47.1
MEAN             62.9              55.7     7.2     56.9
DAYS MAX >= 90     10               2.0     8.0        3
DAYS MAX <= 32      0               0.5    -0.5        0
DAYS MIN <= 32      6              14.5    -8.5       11
DAYS MIN <= 0       0               0.0     0.0        0

PRECIPITATION (INCHES)
RECORD
 MAXIMUM           MM   MM
 MINIMUM           MM   MM
TOTALS           7.14             13.17   -6.03    18.76
DAILY AVG.       0.08                               0.21
DAYS >= .01        27                MM      MM       40
DAYS >= .10        14                MM      MM       28
DAYS >= .50         7                MM      MM       15
DAYS >= 1.00        1                MM      MM        7
GREATEST
 24 HR. TOTAL    1.35   MM                          2.55

DEGREE_DAYS
HEATING TOTAL     473               998    -525      885
 SINCE 7/1       3581              4673   -1092     4643
COOLING TOTAL     309               139     170      167
 SINCE 1/1        309               139     170      167

FREEZE DATES
RECORD
 EARLIEST     MM
 LATEST       MM
EARLIEST                        MM
LATEST                          MM
..............................................................

WIND (MPH)
AVERAGE WIND SPEED              8.6
HIGHEST WIND SPEED/DIRECTION    41/350    DATE  04/28
HIGHEST GUST SPEED/DIRECTION    55/290    DATE  03/02

SKY COVER
POSSIBLE SUNSHINE (PERCENT)   MM
AVERAGE SKY COVER           0.30
NUMBER OF DAYS FAIR           63
NUMBER OF DAYS PC             27
NUMBER OF DAYS CLOUDY          2

AVERAGE RH (PERCENT)     61

WEATHER CONDITIONS. NUMBER OF DAYS WITH
THUNDERSTORM             21     MIXED PRECIP               0
HEAVY RAIN               12     RAIN                      18
LIGHT RAIN               32     FREEZING RAIN              0
LT FREEZING RAIN          0     HAIL                       0
HEAVY SNOW                0     SNOW                       1
LIGHT SNOW                2     SLEET                      0
FOG                      49     FOG W/VIS <= 1/4 MILE      6
HAZE                     58

-  INDICATES NEGATIVE NUMBERS.
R  INDICATES RECORD WAS SET OR TIED.
MM INDICATES DATA IS MISSING.
T  INDICATES TRACE AMOUNT.

$$
