000
CXUS53 KILX 011749
CLSLWV

CLIMATE REPORT
NATIONAL WEATHER SERVICE LINCOLN IL
1136 AM CST SUN MAR 1 2015

...................................

...THE LAWRENCEVILLE IL AIRPORT CLIMATE SUMMARY FOR THE SEASON, FROM
12/1/2014 TO 2/28/2015...

CLIMATE NORMAL PERIOD 1981 TO 2010
CLIMATE RECORD PERIOD 9999 TO 9999

WEATHER         OBSERVED          NORMAL  DEPART  LAST YEAR`S
                 VALUE   DATE(S)  VALUE   FROM    VALUE
                                          NORMAL
.............................................................
TEMPERATURE (F)
RECORD
 HIGH              MM   MM
 LOW               MM   MM
HIGHEST            61   02/08        MM      MM       68
                        02/07
LOWEST            -13   02/20        MM      MM       -8
AVG. MAXIMUM     38.0              41.8    -3.8     36.2
AVG. MINIMUM     21.3              25.5    -4.2     18.2
MEAN             29.6              33.7    -4.1     27.2
DAYS MAX >= 90      0               0.0     0.0       MM
DAYS MAX <= 32     28              16.8    11.2       MM
DAYS MIN <= 32     74              64.5     9.5       MM
DAYS MIN <= 0       8               2.2     5.8       MM

PRECIPITATION (INCHES)
RECORD
 MAXIMUM           MM   MM
 MINIMUM           MM   MM
TOTALS             MMR             7.78      MM     5.74
DAILY AVG.         MM                               0.10
DAYS >= .01        MM                MM      MM       MM
DAYS >= .10        MM                MM      MM       MM
DAYS >= .50        MM                MM      MM       MM
DAYS >= 1.00       MM                MM      MM       MM
GREATEST
 24 HR. TOTAL      MM                               3.49

DEGREE_DAYS
HEATING TOTAL    3139              2817     322     3378
 SINCE 7/1       4274              3675     599     4402
COOLING TOTAL       0                 0       0        0
 SINCE 1/1          0                 0       0        0

FREEZE DATES
RECORD
 EARLIEST     MM
 LATEST       MM
EARLIEST                        MM
LATEST                          MM
..............................................................

WIND (MPH)
AVERAGE WIND SPEED              9.3
HIGHEST WIND SPEED/DIRECTION    41/310    DATE  02/14
HIGHEST GUST SPEED/DIRECTION    48/310    DATE  02/14

SKY COVER
POSSIBLE SUNSHINE (PERCENT)   MM
AVERAGE SKY COVER           0.60
NUMBER OF DAYS FAIR           31
NUMBER OF DAYS PC             23
NUMBER OF DAYS CLOUDY         36

AVERAGE RH (PERCENT)     76

WEATHER CONDITIONS. NUMBER OF DAYS WITH
THUNDERSTORM              0     MIXED PRECIP               0
HEAVY RAIN                3     RAIN                       8
LIGHT RAIN               22     FREEZING RAIN              2
LT FREEZING RAIN          6     HAIL                       0
HEAVY SNOW                0     SNOW                       4
LIGHT SNOW               20     SLEET                      0
FOG                      61     FOG W/VIS <= 1/4 MILE      6
HAZE                     40

-  INDICATES NEGATIVE NUMBERS.
R  INDICATES RECORD WAS SET OR TIED.
MM INDICATES DATA IS MISSING.
T  INDICATES TRACE AMOUNT.

$$
