000
CXUS53 KILX 020145
CLSLWV

CLIMATE REPORT
NATIONAL WEATHER SERVICE LINCOLN IL
845 PM CDT MON JUN 1 2015

...................................

...THE LAWRENCEVILLE IL AIRPORT CLIMATE SUMMARY FOR THE SEASON, FROM
3/1/2015 TO 5/31/2015...

CLIMATE NORMAL PERIOD 1981 TO 2010
CLIMATE RECORD PERIOD 9999 TO 9999

WEATHER         OBSERVED          NORMAL  DEPART  LAST YEAR`S
                 VALUE   DATE(S)  VALUE   FROM    VALUE
                                          NORMAL
.............................................................
TEMPERATURE (F)
RECORD
 HIGH              MM   MM
 LOW               MM   MM
HIGHEST            89   05/08        MM      MM       89
LOWEST              1   03/06        MM      MM       12
AVG. MAXIMUM     65.5              66.2    -0.7     65.2
AVG. MINIMUM     44.6              45.2    -0.6     43.5
MEAN             55.1              55.7    -0.6     54.4
DAYS MAX >= 90      0               2.0    -2.0       MM
DAYS MAX <= 32      2               0.5     1.5       MM
DAYS MIN <= 32     14              14.5    -0.5       MM
DAYS MIN <= 0       0               0.0     0.0       MM

PRECIPITATION (INCHES)
RECORD
 MAXIMUM           MM   MM
 MINIMUM           MM   MM
TOTALS          14.46             13.17    1.29    12.85
DAILY AVG.       0.16                               0.14
DAYS >= .01        33                MM      MM       MM
DAYS >= .10        24                MM      MM       MM
DAYS >= .50         9                MM      MM       MM
DAYS >= 1.00        5                MM      MM       MM
GREATEST
 24 HR. TOTAL    3.17   04/02 TO 04/03              2.45

DEGREE_DAYS
HEATING TOTAL    1048               998      50     1147
 SINCE 7/1       5322              4673     649     5549
COOLING TOTAL     155               139      16      191
 SINCE 1/1        155               139      16      191

FREEZE DATES
RECORD
 EARLIEST     MM
 LATEST       MM
EARLIEST                        MM
LATEST                          MM
..............................................................

WIND (MPH)
AVERAGE WIND SPEED              9.1
HIGHEST WIND SPEED/DIRECTION    38/210    DATE  05/30
HIGHEST GUST SPEED/DIRECTION    47/210    DATE  04/02

SKY COVER
POSSIBLE SUNSHINE (PERCENT)   MM
AVERAGE SKY COVER           0.40
NUMBER OF DAYS FAIR           53
NUMBER OF DAYS PC             24
NUMBER OF DAYS CLOUDY         15

AVERAGE RH (PERCENT)     69

WEATHER CONDITIONS. NUMBER OF DAYS WITH
THUNDERSTORM             13     MIXED PRECIP               0
HEAVY RAIN               12     RAIN                      23
LIGHT RAIN               37     FREEZING RAIN              0
LT FREEZING RAIN          1     HAIL                       0
HEAVY SNOW                1     SNOW                       1
LIGHT SNOW                4     SLEET                      0
FOG                      44     FOG W/VIS <= 1/4 MILE      7
HAZE                     17

-  INDICATES NEGATIVE NUMBERS.
R  INDICATES RECORD WAS SET OR TIED.
MM INDICATES DATA IS MISSING.
T  INDICATES TRACE AMOUNT.

$$
GEELHART
