000
CXUS53 KGID 011654
CF6LXN
PRELIMINARY LOCAL CLIMATOLOGICAL DATA (WS FORM: F-6)
STATION: LEXINGTON NE
MONTH: JANUARY
YEAR: 2023
LATITUDE: 40 47 N
LONGITUDE: 99 46 W
TEMPERATURE IN F: :PCPN: SNOW: WIND :SUNSHINE: SKY :PK WND
================================================================================
1 2 3 4 5 6A 6B 7 8 9 10 11 12 13 14 15 16 17 18
12Z AVG MX 2MIN
DY MAX MIN AVG DEP HDD CDD WTR SNW DPTH SPD SPD DIR MIN PSBL S-S WX SPD DR
================================================================================
1 43 29 36 M 29 0 0.00 M M 4.9 10 50 M M 3 16 50
2 36 31 34 M 31 0 0.30 M M 11.8 17 70 M M 8 1 23 60
3 32 20 26 M 39 0 M M M 12.3 17 330 M M 6 1 21 350
4 30 17 24 M 41 0 0.00 M M 11.5 17 300 M M 2 23 300
5 29 12 21 M 44 0 0.00 M M 9.3 20 300 M M 0 M M
6 33 7 20 M 45 0 0.00 M M 4.5 8 40 M M 2 M M
7 36 15 26 M 39 0 0.00 M M 2.3 6 340 M M 7 12 M M
8 37 14 26 M 39 0 0.00 M M 3.8 10 290 M M 3 12 M M
9 44 16 30 M 35 0 0.00 M M 6.4 12 280 M M 0 18 M M
10 44 21 33 M 32 0 0.00 M M 3.4 8 300 M M 1 1 M M
11 39 24 32 M 33 0 0.00 M M 8.8 20 360 M M 6 23 10
12 35 20 28 M 37 0 0.00 M M 8.3 21 330 M M 3 27 330
13 39 16 28 M 37 0 0.00 M M 4.2 10 160 M M 2 1 M M
14 39 28 34 M 31 0 0.00 M M 4.8 10 190 M M 0 M M
15 35 22 29 M 36 0 T M M 3.5 8 350 M M 4 M M
16 44 31 38 M 27 0 T M M 7.9 15 300 M M 6 1 M M
17 38 31 35 M 30 0 0.00 M M 4.9 12 90 M M 10 M M
18 31 22 27 M 38 0 M M M 16.2 23 360 M M 10 1 30 360
19 34 6 20 M 45 0 M M M 12.9 22 340 M M 6 1 31 340
20 26 7 17 M 48 0 0.00 M M 9.4 14 290 M M 1 M M
21 30 14 22 M 43 0 T M M 8.0 12 300 M M 7 1 M M
22 24 -1 12 M 53 0 0.00 M M 6.5 13 300 M M 3 12 M M
23 35 -1 17 M 48 0 0.00 M M 5.2 9 290 M M 5 12 M M
24 35 15 25 M 40 0 0.00 M M 7.5 16 350 M M 6 1 M M
25 28 14 21 M 44 0 0.00 M M 13.1 20 330 M M 7 30 340
26 37 27 32 M 33 0 T M M 12.2 21 280 M M 8 28 250
27 40 30 35 M 30 0 0.00 M M 11.6 23 290 M M 4 31 290
28 34 2 18 M 47 0 M M M 15.8 23 40 M M 8 1 28 40
29 5 -4 1 M 64 0 M M M 10.2 15 10 M M 9 23 10
30 8 -4 2 M 63 0 M M M 3.9 9 360 M M 7 M M
31 18 -5 7 M 58 0 0.00 M M 5.4 9 270 M M 2 M M
================================================================================
SM 1018 476 1259 0 M M 250.5 M 146
================================================================================
AV 32.8 15.4 8.1 FASTST M M 5 MAX(MPH)
MISC ----> # 23 360 # M M
================================================================================
NOTES:
# LAST OF SEVERAL OCCURRENCES
COLUMN 17 PEAK WIND IN M.P.H.
PRELIMINARY LOCAL CLIMATOLOGICAL DATA (WS FORM: F-6) , PAGE 2
STATION: LEXINGTON NE
MONTH: JANUARY
YEAR: 2023
LATITUDE: 40 47 N
LONGITUDE: 99 46 W
[TEMPERATURE DATA] [PRECIPITATION DATA] SYMBOLS USED IN COLUMN 16
AVERAGE MONTHLY: 24.1 TOTAL FOR MONTH: M 1 = FOG OR MIST
DPTR FM NORMAL: M DPTR FM NORMAL: M 2 = FOG REDUCING VISIBILITY
HIGHEST: 44 ON 16,10 GRTST 24HR M ON M TO 1/4 MILE OR LESS
LOWEST: -5 ON 31 3 = THUNDER
SNOW, ICE PELLETS, HAIL 4 = ICE PELLETS
TOTAL MONTH: M 5 = HAIL
GRTST 24HR M ON M 6 = FREEZING RAIN OR DRIZZLE
GRTST DEPTH: M ON M 7 = DUSTSTORM OR SANDSTORM:
VSBY 1/2 MILE OR LESS
8 = SMOKE OR HAZE
[NO. OF DAYS WITH] [WEATHER - DAYS WITH] 9 = BLOWING SNOW
X = TORNADO
MAX 32 OR BELOW: 11 0.01 INCH OR MORE: M
MAX 90 OR ABOVE: 0 0.10 INCH OR MORE: M
MIN 32 OR BELOW: 31 0.50 INCH OR MORE: M
MIN 0 OR BELOW: 5 1.00 INCH OR MORE: M
[HDD (BASE 65) ]
TOTAL THIS MO. 1259 CLEAR (SCALE 0-3) 12
DPTR FM NORMAL M PTCLDY (SCALE 4-7) 15
TOTAL FM JUL 1 3760 CLOUDY (SCALE 8-10) 4
DPTR FM NORMAL M
[CDD (BASE 65) ]
TOTAL THIS MO. 0
DPTR FM NORMAL M [PRESSURE DATA]
TOTAL FM JAN 1 0 HIGHEST SLP M ON M
DPTR FM NORMAL M LOWEST SLP M ON M
[REMARKS]
#FINAL-01-23#