000
CXUS55 KPUB 011510
CF6LXV
PRELIMINARY LOCAL CLIMATOLOGICAL DATA (WS FORM: F-6)
STATION: LEADVILLE CO
MONTH: MARCH
YEAR: 2020
LATITUDE: 39 15 N
LONGITUDE: 106 18 W
TEMPERATURE IN F: :PCPN: SNOW: WIND :SUNSHINE: SKY :PK WND
================================================================================
1 2 3 4 5 6A 6B 7 8 9 10 11 12 13 14 15 16 17 18
12Z AVG MX 2MIN
DY MAX MIN AVG DEP HDD CDD WTR SNW DPTH SPD SPD DIR MIN PSBL S-S WX SPD DR
================================================================================
1 33 6 20 -1 45 0 0.04 M M 5.8 17 190 M M 6 1 25 190
2 28 2 15 -6 50 0 0.22 M M 8.0 25 310 M M 7 18 34 320
3 37 -1 18 -3 47 0 0.00 M M 8.2 18 10 M M 0 26 350
4 40 -2 19 -2 46 0 0.00 M M 6.7 24 310 M M 0 37 270
5 42 9 26 4 39 0 0.00 M M 4.9 16 300 M M 0 28 280
6 42 8 25 3 40 0 0.00 M M 3.5 15 200 M M 0 22 200
7 40 12 26 4 39 0 0.00 M M 5.6 15 180 M M 2 22 190
8 39 24 32 10 33 0 T M M 8.3 20 180 M M 8 1 28 200
9 39 19 29 7 36 0 T T M 8.6 18 270 M M 5 18 25 260
10 38 15 27 4 38 0 T T M 5.8 17 330 M M 6 25 330
11 43 16 30 7 35 0 0.02 M M 8.3 24 310 M M 4 1 35 310
12 42 23 33 10 32 0 0.06 M M 6.7 21 310 M M 5 12 31 310
13 30 10 20 -3 45 0 0.30 M M 6.8 16 170 M M 7 12 24 160
14 38 9 24 0 41 0 0.00 M M 6.0 17 230 M M 5 24 230
15 40 12 26 2 39 0 0.00 M M 7.1 18 200 M M 2 26 180
16 41 13 27 3 38 0 0.00 M M 5.3 17 190 M M 0 22 190
17 42 19 31 7 34 0 0.00 M M 5.1 18 200 M M 4 12 27 200
18 38 13 26 2 39 0 0.00 M M 7.5 24 200 M M 3 30 180
19 28 18 23 -2 42 0 0.40 M M 6.1 17 170 M M 10 128 25 190
20 32 13 23 -2 42 0 T M M 5.8 17 180 M M 8 1 22 190
21 33 5 19 -6 46 0 T M M 5.2 13 300 M M 4 20 270
22 33 10 22 -3 43 0 0.02 M M 9.5 26 290 M M 6 128 39 310
23 36 9 23 -3 42 0 T M M 6.1 16 210 M M 6 1 23 200
24 40 23 32 6 33 0 T M M 8.4 17 210 M M 5 26 290
25 39 24 32 6 33 0 0.00 M M 7.5 23 210 M M 3 34 240
26 41 26 34 8 31 0 0.00 M M 12.6 35 210 M M 1 52 210
27 30 15 23 -3 42 0 0.01 M M 10.8 24 190 M M 5 18 32 210
28 23 6 15 -11 50 0 T M M 10.2 22 310 M M 6 8 31 300
29 32 5 19 -8 46 0 T M M 4.8 14 180 M M 6 8 20 190
30 33 21 27 0 38 0 0.11 M M 4.4 18 360 M M 9 12 26 10
31 42 22 32 5 33 0 0.00 M M 8.3 21 290 M M 5 30 280
================================================================================
SM 1134 404 1237 0 1.18 T 217.9 M 138
================================================================================
AV 36.6 13.0 7.0 FASTST M M 4 MAX(MPH)
MISC ----> 35 210 52 210
================================================================================
NOTES:
# LAST OF SEVERAL OCCURRENCES
COLUMN 17 PEAK WIND IN M.P.H.
PRELIMINARY LOCAL CLIMATOLOGICAL DATA (WS FORM: F-6) , PAGE 2
STATION: LEADVILLE CO
MONTH: MARCH
YEAR: 2020
LATITUDE: 39 15 N
LONGITUDE: 106 18 W
[TEMPERATURE DATA] [PRECIPITATION DATA] SYMBOLS USED IN COLUMN 16
AVERAGE MONTHLY: 24.8 TOTAL FOR MONTH: 1.18 1 = FOG OR MIST
DPTR FM NORMAL: 0.9 DPTR FM NORMAL: 0.24 2 = FOG REDUCING VISIBILITY
HIGHEST: 43 ON 11 GRTST 24HR 0.40 ON 19-19 TO 1/4 MILE OR LESS
LOWEST: -2 ON 4 3 = THUNDER
SNOW, ICE PELLETS, HAIL 4 = ICE PELLETS
TOTAL MONTH: T 5 = HAIL
GRTST 24HR T ON 9- 9 6 = FREEZING RAIN OR DRIZZLE
GRTST DEPTH: M ON M 7 = DUSTSTORM OR SANDSTORM:
VSBY 1/2 MILE OR LESS
8 = SMOKE OR HAZE
[NO. OF DAYS WITH] [WEATHER - DAYS WITH] 9 = BLOWING SNOW
X = TORNADO
MAX 32 OR BELOW: 7 0.01 INCH OR MORE: 9
MAX 90 OR ABOVE: 0 0.10 INCH OR MORE: 4
MIN 32 OR BELOW: 31 0.50 INCH OR MORE: 0
MIN 0 OR BELOW: 2 1.00 INCH OR MORE: 0
[HDD (BASE 65) ]
TOTAL THIS MO. 1237 CLEAR (SCALE 0-3) 8
DPTR FM NORMAL -36 PTCLDY (SCALE 4-7) 19
TOTAL FM JUL 1 8861 CLOUDY (SCALE 8-10) 4
DPTR FM NORMAL -122
[CDD (BASE 65) ]
TOTAL THIS MO. 0
DPTR FM NORMAL 0 [PRESSURE DATA]
TOTAL FM JAN 1 0 HIGHEST SLP 30.46 ON 5
DPTR FM NORMAL 0 LOWEST SLP 29.34 ON 19
[REMARKS]
#FINAL-03-20#